000
CXUS53 KUNR 011601
CLMUNR


CLIMATE REPORT
NATIONAL WEATHER SERVICE RAPID CITY SD
901 AM MST SUN MAR 1 2020

...................................

...THE EAST RAPID CITY SD CLIMATE SUMMARY FOR THE MONTH OF FEBRUARY 2020...

CLIMATE NORMAL PERIOD 1981 TO 2010
CLIMATE RECORD PERIOD 1888 TO 2020

WEATHER         OBSERVED          NORMAL  DEPART  LAST YEAR`S
                 VALUE   DATE(S)  VALUE   FROM    VALUE  DATE(S)
                                          NORMAL
................................................................
TEMPERATURE (F)
RECORD
 HIGH              74   02/08/1954
                        02/10/1951
                        02/18/1930
 LOW              -34   02/11/1899
HIGHEST            68   02/01                         62  02/02
LOWEST                  02/13                        -14  02/08
                                                          02/07
AVG. MAXIMUM     39.2              38.6     0.6     17.9
AVG. MINIMUM     19.6              18.1     1.5      2.0
MEAN             29.4              28.4     1.0      9.9
DAYS MAX >= 90      0                                  0
DAYS MAX <= 32      8                                 23
DAYS MIN <= 32     26                                 26
DAYS MIN <= 0       1                                 16

PRECIPITATION (INCHES)
RECORD
 MAXIMUM         1.99   1953
 MINIMUM         0.02   1905
TOTALS           1.54              0.48    1.06     0.71
DAILY AVG.       0.05                MM      MM     0.03
DAYS >= .01        12                                 10
DAYS >= .10         5                                  2
DAYS >= .50         0                                  0
DAYS >= 1.00        0                                  0
GREATEST
 24 HR. TOTAL    0.49   02/24 TO 02/24              0.28

SNOWFALL (INCHES)
RECORDS
 TOTAL           22.0   2001
TOTALS           21.9               7.4    14.5     14.0
SINCE 7/1        60.7              26.7    34.0     45.2
SNOWDEPTH AVG.      2                MM      MM        3
DAYS >= 1.0         8               1.9     6.1        3
GREATEST
 SNOW DEPTH         9   02/26                          5  02/07
 24 HR TOTAL      5.8   02/24 TO 02/24               4.4

DEGREE_DAYS
HEATING TOTAL    1023              1026      -3     1534
 SINCE 7/1       4920              4988     -68     5446
COOLING TOTAL       0                 0       0        0
 SINCE 1/1          0                 0       0        0
.................................................................

WIND (MPH)
AVERAGE WIND SPEED              8.6
HIGHEST WIND SPEED/DIRECTION    37/360    DATE  02/12
HIGHEST GUST SPEED/DIRECTION    52/330    DATE  02/29

AVERAGE RH (PERCENT)     70

WEATHER CONDITIONS. NUMBER OF DAYS WITH
THUNDERSTORM              0     MIXED PRECIP               0
HEAVY RAIN                0     RAIN                       0
LIGHT RAIN                0     FREEZING RAIN              0
LT FREEZING RAIN          1     HAIL                       0
HEAVY SNOW                0     SNOW                       5
LIGHT SNOW               14     SLEET                      1
FOG                       0     FOG W/VIS <= 1/4 MILE      0
HAZE                      0

-  INDICATES NEGATIVE NUMBERS.
R  INDICATES RECORD WAS SET OR TIED.
MM INDICATES DATA IS MISSING.
T  INDICATES TRACE AMOUNT.

$$



USA.gov is the U.S. government's official web portal to all federal, state and local government web resources and services.
  • National Weather Service
  • WSO Pago Pago Weather Service Office
  • Pago Pago, AS
  • (684) 699-9130
  • Page Author: PPG Webmaster
  • Incorrect Region Format!
  • Web Master's E-mail:
  • Page last modified: Mar 10th, 2020 21:02 UTC