000
CXUS54 KCRP 011945
CLMVCT

SATCLMVCT 000
TTAA00 KCRP 011722


CLIMATE REPORT
NATIONAL WEATHER SERVICE CORPUS CHRISTI TX
1211 PM CDT WED APR 1 2020

...THE VICTORIA CLIMATE SUMMARY FOR THE MONTH OF MARCH 2020...

CLIMATE NORMAL PERIOD 1981 TO 2010
CLIMATE RECORD PERIOD 1893 TO 2020

WEATHER         OBSERVED          NORMAL  DEPART  LAST YEAR`S
                 VALUE   DATE(S)  VALUE   FROM    VALUE  DATE(S)
                                          NORMAL
................................................................
TEMPERATURE (F)
RECORD
 HIGH              99   03/26/1928
 LOW               21   03/04/2002
                        03/02/1980
HIGHEST            89   03/27        74      15       87  03/25
                        03/25
LOWEST             44   03/06        53      -9       30  03/05
AVG. MAXIMUM     81.0              74.2     6.8     72.6
AVG. MINIMUM     62.9              52.5    10.4     53.4
MEAN             72.0              63.4     8.6     63.0
DAYS MAX >= 90      0               0.2    -0.2        0
DAYS MAX <= 32      0               0.0     0.0        0
DAYS MIN <= 32      0               0.7    -0.7        2
DAYS MIN <= 0       0               0.0     0.0        0

PRECIPITATION (INCHES)
RECORD
 MAXIMUM        11.61   1997
 MINIMUM         0.00   1916
TOTALS           1.30              2.77   -1.47     0.45
DAILY AVG.       0.04              0.09   -0.05     0.01
DAYS >= .01         8               7.1     0.9        5
DAYS >= .10         3               3.8    -0.8        1
DAYS >= .50         1               1.6    -0.6        0
DAYS >= 1.00        0               0.9    -0.9        0
GREATEST
 24 HR. TOTAL    0.74   03/20 TO 03/20

SNOWFALL (INCHES)
RECORDS
 TOTAL            0.0   MM
 24 HR TOTAL      0.0   MM
TOTALS            0.0               0.0     0.0      0.0
SINCE 7/1         0.0               0.1    -0.1        T
SNOWDEPTH AVG.      0                MM      MM        0
DAYS >= 1.0         0               0.0     0.0        0
GREATEST
 SNOW DEPTH         0   MM                             0
 24 HR TOTAL      0.0   03/31 TO 03/31               0.0

DEGREE_DAYS
HEATING TOTAL      22               125    -103      157
 SINCE 7/1        900              1218    -318     1203
COOLING TOTAL     245                74     171      104
 SINCE 1/1        334               112     222      145
.................................................................

WIND (MPH)
AVERAGE WIND SPEED              11.1
HIGHEST WIND SPEED/DIRECTION    30/160    DATE  03/27
HIGHEST GUST SPEED/DIRECTION    39/150    DATE  03/27

SKY COVER
AVERAGE SKY COVER           0.70

AVERAGE RH (PERCENT)     72

WEATHER CONDITIONS. NUMBER OF DAYS WITH
THUNDERSTORM              2     MIXED PRECIP                0
HEAVY RAIN                2     RAIN                        3
LIGHT RAIN               12     FREEZING RAIN               0
LT FREEZING RAIN          0     HAIL                        0
HEAVY SNOW                0     SNOW                        0
LIGHT SNOW                0     SLEET                       0
FOG                      24     FOG W/VIS <= 1/4 MILE       9
HAZE                     18

-  INDICATES NEGATIVE NUMBERS.
R  INDICATES RECORD WAS SET OR TIED.
MM INDICATES DATA IS MISSING.
T  INDICATES TRACE AMOUNT.

$$



USA.gov is the U.S. government's official web portal to all federal, state and local government web resources and services.
  • National Weather Service
  • WSO Pago Pago Weather Service Office
  • Pago Pago, AS
  • (684) 699-9130
  • Page Author: PPG Webmaster
  • Incorrect Region Format!
  • Web Master's E-mail:
  • Page last modified: Mar 10th, 2020 21:02 UTC