000
CXUS53 KSGF 011127 CCA
CLMVIH

STLCLMVIH 000
TTAA00 KSGF 011052


CLIMATE REPORT
NATIONAL WEATHER SERVICE SPRINGFIELD MO
551 AM CDT THU AUG 1 2019

...................................

...THE VICHY-ROLLA CLIMATE SUMMARY FOR THE MONTH OF JULY 2019...

CLIMATE NORMAL PERIOD 1981 TO 2010
CLIMATE RECORD PERIOD 1888 TO 2019

WEATHER         OBSERVED          NORMAL  DEPART
                 VALUE   DATE(S)  VALUE   FROM
                                          NORMAL
................................................
TEMPERATURE (F)
RECORD
 HIGH             113   07/18/1954
 LOW               46   07/14/1898
HIGHEST            94   07/17        MM      MM
LOWEST             60   07/24        MM      MM
AVG. MAXIMUM     86.7              88.1    -1.4
AVG. MINIMUM     67.1              66.5     0.6
MEAN             76.9              77.3    -0.4
DAYS MAX >= 90      7              12.3    -5.3
DAYS MAX <= 32      0               0.0     0.0
DAYS MIN <= 32      0               0.0     0.0
DAYS MIN <= 0       0               0.0     0.0

PRECIPITATION (INCHES)
RECORD
 MAXIMUM        10.40   1981
 MINIMUM         0.11   2014
TOTALS           5.67              4.44    1.23
DAILY AVG.       0.19              0.14    0.05
DAYS >= .01        10               9.8     0.2
DAYS >= .10         6               5.8     0.2
DAYS >= .50         3               2.8     0.2
DAYS >= 1.00        2               1.4     0.6
GREATEST
 24 HR. TOTAL    2.52   07/22 TO 07/22

SNOWFALL (INCHES)
TOTALS          MM
SINCE 7/1       MM
DAYS >= TRACE   MM

DEGREE_DAYS
HEATING TOTAL       0                 1      -1
 SINCE 7/1          0                 1      -1
COOLING TOTAL     352               382     -30
 SINCE 1/1        714               724     -10
.................................................

WIND (MPH)
AVERAGE WIND SPEED              6.8
HIGHEST WIND SPEED/DIRECTION    32/320    DATE  07/10
HIGHEST GUST SPEED/DIRECTION    47/310    DATE  07/10

SKY COVER
POSSIBLE SUNSHINE (PERCENT)   MM
AVERAGE SKY COVER           0.20
NUMBER OF DAYS FAIR           24
NUMBER OF DAYS PC              5
NUMBER OF DAYS CLOUDY          1

AVERAGE RH (PERCENT)     73

WEATHER CONDITIONS. NUMBER OF DAYS WITH
  0
  6
  0
  0
  0
  0
  1
HAZE                      0

-  INDICATES NEGATIVE NUMBERS.
R  INDICATES RECORD WAS SET OR TIED.
MM INDICATES DATA IS MISSING.
T  INDICATES TRACE AMOUNT.

$$


USA.gov is the U.S. government's official web portal to all federal, state and local government web resources and services.
  • National Weather Service
  • WSO Pago Pago Weather Service Office
  • Pago Pago, AS
  • (684) 699-9130
  • Page Author: PPG Webmaster
  • Incorrect Region Format!
  • Web Master's E-mail:
  • Page last modified: Mar 10th, 2020 21:02 UTC