000
CXUS53 KLOT 011441
CLMVPZ


CLIMATE REPORT
NATIONAL WEATHER SERVICE CHICAGO IL
822 AM CST SUN MAR 1 2020

...................................

...THE VALPARAISO CLIMATE SUMMARY FOR THE MONTH OF FEBRUARY 2020...

CLIMATE NORMAL PERIOD 1981 TO 2010
CLIMATE RECORD PERIOD 1998 TO 2020

WEATHER         OBSERVED          NORMAL  DEPART  LAST YEAR`S
                 VALUE   DATE(S)  VALUE   FROM    VALUE
                                          NORMAL
.............................................................
TEMPERATURE (F)
RECORD
 HIGH              99   02/26/2018
 LOW              -14   02/20/2015
HIGHEST            60   02/02        MM      MM       55
LOWEST             -5   02/14        MM      MM        3
AVG. MAXIMUM     35.8              35.3     0.5     37.6
AVG. MINIMUM     20.6              19.9     0.7     22.5
MEAN             28.2              27.6     0.6     30.1

PRECIPITATION (INCHES)
RECORD
 MAXIMUM         5.33   2018
 MINIMUM         0.31   2003
TOTALS           1.06              1.42   -0.36     1.49

DEGREE_DAYS
HEATING TOTAL    1060              1047      13      967
 SINCE 7/1       4241              4765    -524     4417
COOLING TOTAL       0                 0       0        0
 SINCE 1/1          0                 0       0        0
..............................................................

WIND (MPH)
AVERAGE WIND SPEED              9.1
HIGHEST WIND SPEED/DIRECTION    29/270    DATE  02/02
HIGHEST GUST SPEED/DIRECTION    42/270    DATE  02/02

AVERAGE RH (PERCENT)     73


-  INDICATES NEGATIVE NUMBERS.
R  INDICATES RECORD WAS SET OR TIED.
MM INDICATES DATA IS MISSING.
T  INDICATES TRACE AMOUNT.

$$




USA.gov is the U.S. government's official web portal to all federal, state and local government web resources and services.
  • National Weather Service
  • WSO Pago Pago Weather Service Office
  • Pago Pago, AS
  • (684) 699-9130
  • Page Author: PPG Webmaster
  • Incorrect Region Format!
  • Web Master's E-mail:
  • Page last modified: Mar 10th, 2020 21:02 UTC