000
CXUS51 KBTV 011448
CLMVSF

CLIMATE REPORT
NATIONAL WEATHER SERVICE BURLINGTON VT
948 AM EST SUN MAR 01 2020

...................................

...THE SPRINGFIELD VT CLIMATE SUMMARY FOR THE MONTH OF FEBRUARY 2020...

CLIMATE NORMAL PERIOD: 1981 TO 2010
CLIMATE RECORD PERIOD: 9999 TO 9999

WEATHER         OBSERVED          NORMAL  DEPART   LAST YEAR`S
                VALUE   DATE(S)   VALUE   FROM     VALUE DATE(S)
                                          NORMAL
................................................................
TEMPERATURE (F)
RECORD
 HIGH             70
 LOW             -19
HIGHEST           55   02/24         MM      MM       55  02/05
LOWEST            -9   02/15         MM      MM      -13  02/02
                       02/21
AVG. MAXIMUM    35.3               33.1     2.2     32.1
AVG. MINIMUM    16.7               13.1     3.6     13.5
MEAN            26.0               23.1     2.9     22.8
DAYS MAX >= 90     0                0.0     0.0        0
DAYS MAX <= 32    10               12.1    -2.1       14
DAYS MIN <= 32    28               27.1     0.9       28
DAYS MIN <= 0      4                4.1    -0.1        3

PRECIPITATION (INCHES)
RECORD
 MAXIMUM          MM   MM
 MINIMUM          MM   MM
TOTALS          2.95               2.69    0.26     2.48
DAILY AVG.      0.10                NAN     NAN     0.09
DAYS >= .01       10                 MM      MM       15
DAYS >= .10        5                 MM      MM        7
DAYS >= .50        4                 MM      MM        1
DAYS >= 1.00       0                 MM      MM        0
GREATEST
 24 HR. TOTAL   0.92   02/06 TO 02/07               0.65  02/12 TO 02/12
 STORM TOTAL    0.87                                  MM
 (MM/DD(HH))            MM


DEGREE DAYS
HEATING TOTAL   1125               1173     -48     1175
 SINCE 7/1      5178               5522    -344     5463
COOLING TOTAL      0                  0       0        0
 SINCE 1/1         0                  0       0        0
................................................................

WIND (MPH)
AVERAGE WIND SPEED              3.8
HIGHEST WIND SPEED/DIRECTION    30/290    DATE  02/19
HIGHEST GUST SPEED/DIRECTION    47/280    DATE  02/19

SKY COVER
POSSIBLE SUNSHINE (PERCENT)   MM
AVERAGE SKY COVER           0.61
NUMBER OF DAYS FAIR            7
NUMBER OF DAYS PC              7
NUMBER OF DAYS CLOUDY         15

AVERAGE RH (PERCENT)     70

WEATHER CONDITIONS. NUMBER OF DAYS WITH
THUNDERSTORM              0     MIXED PRECIP               0
HEAVY RAIN                2     RAIN                       2
LIGHT RAIN                5     FREEZING RAIN              1
LT FREEZING RAIN          4     HAIL                       0
HEAVY SNOW                2     SNOW                       3
LIGHT SNOW               14     SLEET                      0
FOG                      14     FOG W/VIS <= 1/4 MILE      6
HAZE                      4

-  INDICATES NEGATIVE NUMBERS.
R  INDICATES RECORD WAS SET OR TIED.
MM INDICATES DATA IS MISSING.
T  INDICATES TRACE AMOUNT.

$$


USA.gov is the U.S. government's official web portal to all federal, state and local government web resources and services.
  • National Weather Service
  • WSO Pago Pago Weather Service Office
  • Pago Pago, AS
  • (684) 699-9130
  • Page Author: PPG Webmaster
  • Incorrect Region Format!
  • Web Master's E-mail:
  • Page last modified: Mar 10th, 2020 21:02 UTC