000
CXUS53 KLBF 010732
CLMVTN


CLIMATE REPORT
NATIONAL WEATHER SERVICE NORTH PLATTE
230 AM CDT WED APR 1 2020

...................................

...THE VALENTINE NE CLIMATE SUMMARY FOR THE MONTH OF MARCH 2020...

CLIMATE NORMAL PERIOD 1981 TO 2010
CLIMATE RECORD PERIOD 1885 TO 2020

WEATHER         OBSERVED          NORMAL  DEPART  LAST YEAR`S
                 VALUE   DATE(S)  VALUE   FROM    VALUE  DATE(S)
                                          NORMAL
................................................................
TEMPERATURE (F)
RECORD
 HIGH              87   03/26/2012
                        03/31/1946
                        03/29/1943
 LOW              -29   03/01/1980
HIGHEST            80   03/07        76       4       72  03/26
LOWEST              2   03/20        -2       4      -17  03/03
AVG. MAXIMUM     54.1              49.3     4.8     41.3
AVG. MINIMUM     27.3              23.1     4.2     18.6
MEAN             40.7              36.2     4.5     30.0
DAYS MAX >= 90      0               0.0     0.0        0
DAYS MAX <= 32      2               4.2    -2.2        8
DAYS MIN <= 32     23              25.3    -2.3       25
DAYS MIN <= 0       0               1.1    -1.1        5

PRECIPITATION (INCHES)
RECORD
 MAXIMUM         4.23   1977
 MINIMUM         0.01   1997
TOTALS           1.61              1.07    0.54     1.84
DAILY AVG.       0.05              0.03    0.02     0.06
DAYS >= .01         7               7.1    -0.1        8
DAYS >= .10         5               2.8     2.2        3
DAYS >= .50         1               0.6     0.4        1
DAYS >= 1.00        0               0.0     0.0        1
GREATEST
 24 HR. TOTAL    0.61   03/28 TO 03/28


SNOWFALL (INCHES)
RECORDS
 TOTAL           51.0   1977
TOTALS            5.5               6.5    -1.0      8.8
SINCE 7/1        33.3              28.6     4.7     37.4
SNOWDEPTH AVG.      0                 2      -2        4
DAYS >= 1.0         3               2.1     0.9        3
GREATEST
 SNOW DEPTH         3   03/20                         11  03/08
 24 HR TOTAL      2.8   03/19 TO 03/19

DEGREE_DAYS
HEATING TOTAL     745               893    -148     1078
 SINCE 7/1       5663              6129    -466     6409
COOLING TOTAL       0                 0       0        0
 SINCE 1/1          0                 0       0        0
.................................................................

WIND (MPH)
AVERAGE WIND SPEED              11.3
HIGHEST WIND SPEED/DIRECTION    35/320    DATE  03/05
HIGHEST GUST SPEED/DIRECTION    51/330    DATE  03/05

SKY COVER
POSSIBLE SUNSHINE (PERCENT)   MM
AVERAGE SKY COVER           0.50
NUMBER OF DAYS FAIR           12
NUMBER OF DAYS PC              6
NUMBER OF DAYS CLOUDY          7

AVERAGE RH (PERCENT)     63

WEATHER CONDITIONS. NUMBER OF DAYS WITH
  0
  1
  0
  0
  2
  0
  3
HAZE                      7

-  INDICATES NEGATIVE NUMBERS.
R  INDICATES RECORD WAS SET OR TIED.
MM INDICATES DATA IS MISSING.
T  INDICATES TRACE AMOUNT.

$$



USA.gov is the U.S. government's official web portal to all federal, state and local government web resources and services.
  • National Weather Service
  • WSO Pago Pago Weather Service Office
  • Pago Pago, AS
  • (684) 699-9130
  • Page Author: PPG Webmaster
  • Incorrect Region Format!
  • Web Master's E-mail:
  • Page last modified: Mar 10th, 2020 21:02 UTC