000
CXUS56 KPQR 011443 RRA
CLMVUO

CLIMATE REPORT
NATIONAL WEATHER SERVICE PORTLAND OREGON
736 AM PDT WED APR 1 2020

...................................

...THE VANCOUVER WA CLIMATE SUMMARY FOR THE MONTH OF MARCH 2020...

CLIMATE NORMAL PERIOD 1981 TO 2010
CLIMATE RECORD PERIOD 1891 TO 2020

WEATHER         OBSERVED          NORMAL  DEPART  LAST YEAR`S
                 VALUE   DATE(S)  VALUE   FROM    VALUE  DATE(S)
                                          NORMAL
................................................................
TEMPERATURE (F)
HIGHEST            68                                 73  03/20
LOWEST             28                                 20  03/05
AVG. MAXIMUM     54.7              56.9    -2.2     55.8
AVG. MINIMUM     37.0              39.1    -2.1     33.7
MEAN             45.8              48.0    -2.2     44.8
DAYS MAX >= 90      0               0.0     0.0        0
DAYS MAX <= 32      0               0.0     0.0        0
DAYS MIN <= 32      7               3.9     3.1       11
DAYS MIN <= 0       0               0.0     0.0        0

PRECIPITATION (INCHES)
TOTALS           2.55                               1.61
DAYS >= .01        14                                 12
DAYS >= .10         8                                  5
DAYS >= .50         1                                  0
DAYS >= 1.00        0                                  0
GREATEST
 24 HR. TOTAL    0.71   03/14 TO 03/14

DEGREE_DAYS
HEATING TOTAL     587                                600
 SINCE 7/1       3554                               3727
COOLING TOTAL       0                                  0
 SINCE 1/1          0                                  0
.................................................................

WIND (MPH)
AVERAGE WIND SPEED              6.5
RESULTANT WIND SPEED/DIRECTION   3/144
HIGHEST WIND SPEED/DIRECTION    28/090    DATE  03/15
HIGHEST GUST SPEED/DIRECTION    39/110    DATE  03/15

SKY COVER
POSSIBLE SUNSHINE (PERCENT)   MM
AVERAGE SKY COVER           0.50

AVERAGE RH (PERCENT)     66

WEATHER CONDITIONS. NUMBER OF DAYS WITH
THUNDERSTORMS             1     MIXED PRECIP                0
HEAVY RAIN                0     RAIN                        4
LIGHT RAIN               17     FREEZING RAIN               0
LT FREEZING RAIN          0     HAIL                        1
HEAVY SNOW                0     SNOW                        1
LIGHT SNOW                2     SLEET                       0
FOG                      15     FOG W/VIS <= 1/4 MILE       2
HAZE                      5

-  INDICATES NEGATIVE NUMBERS.
R  INDICATES RECORD WAS SET OR TIED.
MM INDICATES DATA IS MISSING.
T  INDICATES TRACE AMOUNT.

$$



USA.gov is the U.S. government's official web portal to all federal, state and local government web resources and services.
  • National Weather Service
  • WSO Pago Pago Weather Service Office
  • Pago Pago, AS
  • (684) 699-9130
  • Page Author: PPG Webmaster
  • Incorrect Region Format!
  • Web Master's E-mail:
  • Page last modified: Mar 10th, 2020 21:02 UTC