000
CXUS55 KLKN 022045
CLMWMC


CLIMATE REPORT
NATIONAL WEATHER SERVICE ELKO NV
1241 PM PDT THU APR 2 2020

...................................

...THE WINNEMUCCA AIRPORT NV CLIMATE SUMMARY FOR THE MONTH OF MARCH 2020...

CLIMATE NORMAL PERIOD 1981 TO 2010
CLIMATE RECORD PERIOD 1877 TO 2020

WEATHER         OBSERVED          NORMAL  DEPART  LAST YEAR`S
                 VALUE   DATE(S)  VALUE   FROM    VALUE  DATE(S)
                                          NORMAL
................................................................
TEMPERATURE (F)
RECORD
 HIGH              82   03/29/1879
 LOW               -3   03/02/1971
                        03/01/1971
                        03/12/1954
HIGHEST            72   03/05        71       1       68  03/19
LOWEST             10   03/27        12      -2       13  03/14
                        03/02
AVG. MAXIMUM     56.4              55.7     0.7     52.9
AVG. MINIMUM     23.2              26.6    -3.4     29.2
MEAN             39.8              41.1    -1.3     41.0
DAYS MAX >= 90      0               0.0     0.0        0
DAYS MAX <= 32      0               0.0     0.0        0
DAYS MIN <= 32     27              23.8     3.2       22
DAYS MIN <= 0       0               0.0     0.0        0

PRECIPITATION (INCHES)
RECORD
 MAXIMUM         3.04   1899
 MINIMUM         0.03   2004
TOTALS           0.63              0.83   -0.20     1.34
DAILY AVG.       0.02              0.03   -0.01     0.04
DAYS >= .01        11               8.2     2.8       12
DAYS >= .10         3               3.0     0.0        5
DAYS >= .50         0               0.1    -0.1        0
DAYS >= 1.00        0               0.0     0.0        0
GREATEST
 24 HR. TOTAL    0.16   02/29 TO 03/01              0.37
                        03/01 TO 03/01
                        03/01 TO 03/02

SNOWFALL (INCHES)
RECORDS
 TOTAL           23.4   1952
TOTALS            1.8               3.2    -1.4      5.9
SINCE 7/1        11.2              19.2    -8.0     38.8
SNOWDEPTH AVG.      0                                  0
DAYS >= TRACE       4               2.7     1.3        8
DAYS >= 1.0         1               1.1    -0.1        3
GREATEST
 SNOW DEPTH         1   03/01                          2
 24 HR TOTAL      1.5   03/01 TO 03/01               2.2

DEGREE_DAYS
HEATING TOTAL     773               739      34      735
 SINCE 7/1       5153              5328    -175     5220
COOLING TOTAL       0                 0       0        0
 SINCE 1/1          0                 0       0        0
.................................................................

WIND (MPH)
AVERAGE WIND SPEED              6.9
HIGHEST WIND SPEED/DIRECTION    39/240    DATE  03/13
HIGHEST GUST SPEED/DIRECTION    51/240    DATE  03/13

AVERAGE RH (PERCENT)     52

WEATHER CONDITIONS. NUMBER OF DAYS WITH
THUNDERSTORM              0     MIXED PRECIP               0
HEAVY RAIN                0     RAIN                       1
LIGHT RAIN                9     FREEZING RAIN              0
LT FREEZING RAIN          0     HAIL                       0
HEAVY SNOW                0     SNOW                       0
LIGHT SNOW                4     SLEET                      0
FOG                       8     FOG W/VIS <= 1/4 MILE      1
HAZE                      4

-  INDICATES NEGATIVE NUMBERS.
R  INDICATES RECORD WAS SET OR TIED.
MM INDICATES DATA IS MISSING.
T  INDICATES TRACE AMOUNT.

&&

=====================================================================
...MARCH IN WINNEMUCCA WAS COOLER AND DRIER THAN NORMAL...

THE AVERAGE TEMPERATURE IN WINNEMUCCA DURING MARCH 2020 WAS 39.8
DEGREES...WHICH IS 1.3 DEGREES BELOW THE 1981-2010 CLIMATOLOGICAL
NORMAL OF 41.1 DEGREES. THIS MAKES MARCH 2020 COOLER THAN USUAL USING
THE PERIOD OF RECORD FROM 1877. THE TOTAL PRECIPITATION WAS 0.63
INCHES...WHICH IS 0.20 INCHES BELOW THE 1981-2010 CLIMATOLOGICAL
NORMAL OF 0.83. THIS MADE MARCH 2020 DRIER THAN NORMAL. TOTAL
SNOWFALL OF 1.8 INCHES WAS RECORDED...WHICH IS 56 PERCENT OF NORMAL
AND 1.4 INCHES BELOW THE 1981-2010 CLIMATOLOGICAL NORMAL OF 3.2
INCHES. THE PERIOD OF RECORD FOR THE WINNEMUCCA AREA BEGAN IN 1877.

$$

DP




USA.gov is the U.S. government's official web portal to all federal, state and local government web resources and services.
  • National Weather Service
  • WSO Pago Pago Weather Service Office
  • Pago Pago, AS
  • (684) 699-9130
  • Page Author: PPG Webmaster
  • Incorrect Region Format!
  • Web Master's E-mail:
  • Page last modified: Mar 10th, 2020 21:02 UTC