000
CXUS55 KRIW 040951 RRA
CLMWRL

CLIMATE REPORT
NATIONAL WEATHER SERVICE RIVERTON WY
0350 AM MDT SAT APR 4 2020

...PRELIMINARY MONTHLY CLIMATE SUMMARY FOR WORLAND MUNICIPAL AIRPORT
FOR THE MONTH OF MARCH 2020...

...OFFICIAL CLIMATE DATA FOR THE MONTH OF MARCH 2020 WILL BE
AVAILABLE APPROXIMATELY IN 60 DAYS FROM THE NATIONAL CENTERS FOR
ENVIRONMENTAL INFORMATION (HTTP://WWW.NCDC.NOAA.GOV/CDO-
WEB/DATASETS). UNOFFICIAL ASOS DAILY SUMMARIES ARE AVAILABLE ON THE
INTERNET AT HTTP://WWW.WEATHER.GOV/CLIMATE/INDEX.PHP?WFO=RIW

...WORLAND WAS DRIER THAN NORMAL FOR MARCH...

THE AVERAGE TEMPERATURE FOR WORLAND IN MARCH WAS 36.8 DEGREES...
WHICH WAS 0.3 DEGREES ABOVE NORMAL. THE WARMEST READING FOR THE
MONTH WAS 63 DEGREES ON THE 7TH AND 24TH...AND COLDEST READING WAS
9 DEGREES ON THE 2ND. NO DAILY TEMPERATURE RECORDS WERE BROKEN.

TOTAL PRECIPITATION FOR THE MONTH WAS 0.06 INCHES...WHICH WAS JUST
13 PERCENT OF NORMAL...AND MAKES IT THE 6TH DRIEST MARCH ON RECORD.
THE WETTEST 24 HOUR PERIOD WAS ON THE 12TH...WITH 0.06 INCHES. NO
DAILY PRECIPITATION RECORDS WERE BROKEN. THE HIGHEST WIND GUST WAS
47 MPH ON THE 24TH.

...THE WORLAND WY CLIMATE SUMMARY FOR THE MONTH OF MARCH 2020...

CLIMATE NORMAL PERIOD 1981 TO 2010
CLIMATE RECORD PERIOD 1947 TO 2020

WEATHER         OBSERVED          NORMAL  DEPART
                 VALUE   DATE(S)  VALUE   FROM
                                          NORMAL
................................................
TEMPERATURE (F)
RECORD
 HIGH              81   03/28/1986
 LOW              -28   03/04/1989
HIGHEST            63   03/24
                        03/07
LOWEST              9   03/02
AVG. MAXIMUM     50.9              50.5     0.4
AVG. MINIMUM     22.6              22.4     0.2
MEAN             36.8              36.5     0.3
DAYS MAX >= 90      0
DAYS MAX <= 32      0
DAYS MIN <= 32     30
DAYS MIN <= 0       0

PRECIPITATION (INCHES)
RECORD
 MAXIMUM         2.19   MM
 MINIMUM         0.00   2004
TOTALS           0.06              0.46   -0.40
DAILY AVG.       0.00
DAYS >= .01         1
DAYS >= .10         0
DAYS >= .50         0
DAYS >= 1.00        0
GREATEST
 24 HR. TOTAL    0.06   03/12 TO 03/12

DEGREE_DAYS
HEATING TOTAL     866               885     -19
 SINCE 7/1       6979              6886      93
COOLING TOTAL       0                 0       0
 SINCE 1/1          0                 0       0
.................................................

WIND (MPH)
AVERAGE WIND SPEED              6.2
RESULTANT WIND SPEED/DIRECTION   0/106
HIGHEST WIND SPEED/DIRECTION    33/240    DATE  03/24
HIGHEST GUST SPEED/DIRECTION    47/250    DATE  03/24

SKY COVER
POSSIBLE SUNSHINE (PERCENT)   MM
AVERAGE SKY COVER           0.30
NUMBER OF DAYS FAIR           19
NUMBER OF DAYS PC              9
NUMBER OF DAYS CLOUDY          3

AVERAGE RH (PERCENT)     59

WEATHER CONDITIONS. NUMBER OF DAYS WITH
THUNDERSTORM              0     MIXED PRECIP                0
HEAVY RAIN                0     RAIN                        0
LIGHT RAIN                0     FREEZING RAIN               0
LT FREEZING RAIN          0     HAIL                        0
HEAVY SNOW                0     SNOW                        0
LIGHT SNOW                3     SLEET                       0
FOG                       2     FOG W/VIS <= 1/4 MILE       0
HAZE                      2

-  INDICATES NEGATIVE NUMBERS.
R  INDICATES RECORD WAS SET OR TIED.
MM INDICATES DATA IS MISSING.
T  INDICATES TRACE AMOUNT.

LOOKING AHEAD TO APRIL 2020...THE AVERAGE HIGH TEMPERATURE ON THE
FIRST OF THE MONTH IS 56 DEGREES...AND THE AVERAGE LOW TEMPERATURE
IS 27 DEGREES. THE AVERAGE HIGH BY THE END OF THE MONTH IS 65
DEGREES... AND THE AVERAGE LOW TEMPERATURE IS 36 DEGREES. THE
AVERAGE MONTHLY PRECIPITATION IS 0.86 INCHES.

$$


USA.gov is the U.S. government's official web portal to all federal, state and local government web resources and services.
  • National Weather Service
  • WSO Pago Pago Weather Service Office
  • Pago Pago, AS
  • (684) 699-9130
  • Page Author: PPG Webmaster
  • Incorrect Region Format!
  • Web Master's E-mail:
  • Page last modified: Mar 10th, 2020 21:02 UTC