000
CXUS51 KPBZ 011502
CLMZZV

CLIMATE REPORT
NATIONAL WEATHER SERVICE PITTSBURGH PA
1102 AM EDT WED APR 01 2020

...................................

...THE ZANESVILLE OH CLIMATE SUMMARY FOR THE MONTH OF MARCH 2020...

CLIMATE NORMAL PERIOD 1981 TO 2010
CLIMATE RECORD PERIOD 1895 TO 2020

WEATHER         OBSERVED          NORMAL  DEPART   LAST YEAR`S
                VALUE   DATE(S)   VALUE   FROM     VALUE DATE(S)
                                          NORMAL
................................................................
TEMPERATURE (F)
RECORD
 HIGH             87   03/25/1929
 LOW              -6   03/06/2015
                       03/04/1943
HIGHEST           79   03/28         74       5       79  03/14
LOWEST            16   03/01         12       4        8  03/05
AVG. MAXIMUM    56.7               51.4     5.3     48.4
AVG. MINIMUM    37.7               30.1     7.6     28.4
MEAN            47.2               40.8     6.4     38.4
DAYS MAX >= 90     0                0.0     0.0        0
DAYS MAX <= 32     0                2.0    -2.0        3
DAYS MIN <= 32     9               18.6    -9.6       23
DAYS MIN <= 0      0                0.1    -0.1        0

PRECIPITATION (INCHES)
RECORD
 MAXIMUM        9.89   1964
 MINIMUM        0.30   1910
TOTALS          5.41               3.00    2.41     3.30
DAILY AVG.      0.17               0.10    0.07     0.11
DAYS >= .01       21               12.2     8.8       11
DAYS >= .10       12                7.3     4.7        8
DAYS >= .50        4                1.8     2.2        3
DAYS >= 1.00       1                0.4     0.6        0
GREATEST
 24 HR. TOTAL   1.05   03/19 TO 03/20               0.84


DEGREE DAYS
HEATING TOTAL    544                753    -209      818
 SINCE 7/1      4220               4931    -711     4761
COOLING TOTAL      1                  1       0        1
 SINCE 1/1         1                  1       0        1
................................................................

WIND (MPH)
AVERAGE WIND SPEED              7.4
HIGHEST WIND SPEED/DIRECTION    31/300    DATE  03/03
HIGHEST GUST SPEED/DIRECTION    45/300    DATE  03/03

AVERAGE RH (PERCENT)     69

WEATHER CONDITIONS. NUMBER OF DAYS WITH
THUNDERSTORM              5     MIXED PRECIP               0
HEAVY RAIN                5     RAIN                       9
LIGHT RAIN               20     FREEZING RAIN              0
LT FREEZING RAIN          0     HAIL                       0
HEAVY SNOW                0     SNOW                       1
LIGHT SNOW                3     SLEET                      0
FOG                      20     FOG W/VIS <= 1/4 MILE      0
HAZE                      0

-  INDICATES NEGATIVE NUMBERS.
R  INDICATES RECORD WAS SET OR TIED.
MM INDICATES DATA IS MISSING.
T  INDICATES TRACE AMOUNT.

$$



USA.gov is the U.S. government's official web portal to all federal, state and local government web resources and services.
  • National Weather Service
  • WSO Pago Pago Weather Service Office
  • Pago Pago, AS
  • (684) 699-9130
  • Page Author: PPG Webmaster
  • Incorrect Region Format!
  • Web Master's E-mail:
  • Page last modified: Mar 10th, 2020 21:02 UTC