000
CDUS42 KRAH 232036
CLIGSO

CLIMATE REPORT
NATIONAL WEATHER SERVICE RALEIGH NC
436 PM EDT FRI OCT 23 2020

...................................

...THE PIEDMONT TRIAD INTL AIRPORT NC CLIMATE SUMMARY FOR OCTOBER 23 2020...
VALID TODAY AS OF 0436 PM LOCAL TIME.

CLIMATE NORMAL PERIOD 1981 TO 2010
CLIMATE RECORD PERIOD 1903 TO 2020


WEATHER ITEM   OBSERVED TIME   RECORD YEAR NORMAL DEPARTURE LAST
                VALUE   (LST)  VALUE       VALUE  FROM      YEAR
                                                  NORMAL
...................................................................
TEMPERATURE (F)
 TODAY
  MAXIMUM         79    206 PM  86    1927  68     11       68
                                      1941
  MINIMUM         59    708 AM  29    1930  46     13       45
                                      1987
  AVERAGE         69                        57     12       57

PRECIPITATION (IN)
  TODAY            0.00          1.76 2017   0.10  -0.10     0.00
  MONTH TO DATE    2.51                      2.31   0.20     3.57
  SINCE SEP 1      7.25                      6.50   0.75     4.13
  SINCE JAN 1     50.06                     35.29  14.77    42.22

DEGREE DAYS
 HEATING
  TODAY            0                         8     -8        8
  MONTH TO DATE   82                       127    -45       76
  SINCE SEP 1    131                       157    -26       76
  SINCE JUL 1    131                       158    -27       76

 COOLING
  TODAY            4                         1      3        0
  MONTH TO DATE   20                        32    -12       73
  SINCE SEP 1    176                       217    -41      421
  SINCE JAN 1   1492                      1479     13     1884
...................................................................


WIND (MPH)
  HIGHEST WIND SPEED    13   HIGHEST WIND DIRECTION     S (200)
  HIGHEST GUST SPEED    15   HIGHEST GUST DIRECTION    SW (220)
  AVERAGE WIND SPEED     3.0


SKY COVER
  POSSIBLE SUNSHINE  MM
  AVERAGE SKY COVER 0.7


WEATHER CONDITIONS
THE FOLLOWING WEATHER WAS RECORDED TODAY.
  NO SIGNIFICANT WEATHER WAS OBSERVED.


RELATIVE HUMIDITY (PERCENT)
 HIGHEST    96           600 AM
 LOWEST     60           200 PM
 AVERAGE    78

..........................................................


THE PIEDMONT TRIAD INTL AIRPORT NC CLIMATE NORMALS FOR TOMORROW
                         NORMAL    RECORD    YEAR
 MAXIMUM TEMPERATURE (F)   68        84      2001
 MINIMUM TEMPERATURE (F)   46        28      1969


SUNRISE AND SUNSET
OCTOBER 23 2020.......SUNRISE   734 AM EDT   SUNSET   633 PM EDT
OCTOBER 24 2020.......SUNRISE   735 AM EDT   SUNSET   632 PM EDT


-  INDICATES NEGATIVE NUMBERS.
R  INDICATES RECORD WAS SET OR TIED.
MM INDICATES DATA IS MISSING.
T  INDICATES TRACE AMOUNT.




$$
