000
CDUS42 KRAH 200614
CLIGSO

CLIMATE REPORT
NATIONAL WEATHER SERVICE RALEIGH NC
214 AM EDT FRI MAY 20 2022

...................................

...THE GREENSBORO NC CLIMATE SUMMARY FOR MAY 19 2022...

CLIMATE NORMAL PERIOD 1991 TO 2020
CLIMATE RECORD PERIOD 1903 TO 2022


WEATHER ITEM   OBSERVED TIME   RECORD YEAR NORMAL DEPARTURE LAST
                VALUE   (LST)  VALUE       VALUE  FROM      YEAR
                                                  NORMAL
...................................................................
TEMPERATURE (F)
 YESTERDAY
  MAXIMUM         90    146 PM  96    1911  79     11       79
  MINIMUM         67    616 AM  41    1976  58      9       53
                                      2002
  AVERAGE         79                        68     11       66

PRECIPITATION (IN)
  YESTERDAY        0.14          2.39 2020   0.11   0.03     0.00
  MONTH TO DATE    1.96                      2.10  -0.14     2.05
  SINCE MAR 1      8.44                      9.60  -1.16     8.64
  SINCE JAN 1     16.88                     15.80   1.08    18.19

DEGREE DAYS
 HEATING
  YESTERDAY        0                         2     -2        0
  MONTH TO DATE   31                        48    -17       81
  SINCE MAR 1    591                       714   -123      676
  SINCE JUL 1   3064                      3483   -419     3396

 COOLING
  YESTERDAY       14                         5      9        1
  MONTH TO DATE   75                        68      7       22
  SINCE MAR 1    116                       112      4       65
  SINCE JAN 1    121                       113      8       65
...................................................................


WIND (MPH)
  HIGHEST WIND SPEED    18   HIGHEST WIND DIRECTION     W (280)
  HIGHEST GUST SPEED    25   HIGHEST GUST DIRECTION    SW (240)
  AVERAGE WIND SPEED     8.3


SKY COVER
  POSSIBLE SUNSHINE  MM
  AVERAGE SKY COVER 0.8


WEATHER CONDITIONS
THE FOLLOWING WEATHER WAS RECORDED YESTERDAY.
  THUNDERSTORM
  HEAVY RAIN
  LIGHT RAIN
  FOG


RELATIVE HUMIDITY (PERCENT)
 HIGHEST    93          1000 PM
 LOWEST     43           200 PM
 AVERAGE    68

..........................................................


THE GREENSBORO NC CLIMATE NORMALS FOR TODAY
                         NORMAL    RECORD    YEAR
 MAXIMUM TEMPERATURE (F)   79        95      1917
 MINIMUM TEMPERATURE (F)   58        43      2002


SUNRISE AND SUNSET
MAY 20 2022...........SUNRISE   610 AM EDT   SUNSET   823 PM EDT
MAY 21 2022...........SUNRISE   610 AM EDT   SUNSET   824 PM EDT


-  INDICATES NEGATIVE NUMBERS.
R  INDICATES RECORD WAS SET OR TIED.
MM INDICATES DATA IS MISSING.
T  INDICATES TRACE AMOUNT.




$$
