000
CXUS54 KSJT 011000
CF6ABI
PRELIMINARY LOCAL CLIMATOLOGICAL DATA (WS FORM: F-6)
STATION: ABILENE
MONTH: SEPTEMBER
YEAR: 2022
LATITUDE: 32 25 N
LONGITUDE: 99 41 W
TEMPERATURE IN F: :PCPN: SNOW: WIND :SUNSHINE: SKY :PK WND
================================================================================
1 2 3 4 5 6A 6B 7 8 9 10 11 12 13 14 15 16 17 18
12Z AVG MX 2MIN
DY MAX MIN AVG DEP HDD CDD WTR SNW DPTH SPD SPD DIR MIN PSBL S-S WX SPD DR
================================================================================
1 84 71 78 -3 0 13 0.17 0.0 0 6.3 14 190 M M 5 1 18 150
2 87 73 80 -1 0 15 0.10 0.0 0 6.9 18 230 M M 5 3 26 230
3 95 70 83 3 0 18 0.35 0.0 0 4.7 22 140 M M 1 138 29 150
4 96 69 83 3 0 18 0.38 0.0 0 7.0 31 340 M M 1 3 39 350
5 93 71 82 2 0 17 T 0.0 0 8.1 29 120 M M 1 3 35 120
6 97 70 84 4 0 19 0.00 0.0 0 5.3 13 270 M M 2 19 280
7 95 68 82 3 0 17 0.00 0.0 0 8.2 17 80 M M 0 24 50
8 93 65 79 0 0 14 0.00 0.0 0 5.2 16 360 M M 0 21 360
9 94 70 82 3 0 17 0.00 0.0 M 9.3 16 110 M M 1 25 100
10 93 68 81 3 0 16 0.00 0.0 0 8.0 17 120 M M 1 23 130
11 83 64 74 -4 0 9 0.00 0.0 0 9.9 18 350 M M 3 23 360
12 89 63 76 -2 0 11 0.00 0.0 0 6.6 14 140 M M 3 19 140
13 95 71 83 5 0 18 0.00 0.0 0 8.9 17 150 M M 1 24 190
14 93 71 82 5 0 17 0.00 0.0 0 11.6 21 200 M M 1 28 140
15 90 70 80 3 0 15 0.00 0.0 0 11.7 18 140 M M 0 27 160
16 93 68 81 4 0 16 0.00 0.0 0 12.1 18 190 M M 1 29 210
17 94 72 83 7 0 18 0.00 0.0 0 12.2 22 190 M M 2 31 180
18 96 73 85 9 0 20 0.00 0.0 0 11.9 20 200 M M 0 27 190
19 94 70 82 6 0 17 0.00 0.0 0 8.8 14 200 M M 0 23 180
20 95 73 84 8 0 19 0.00 0.0 0 9.7 18 180 M M 1 24 150
21 95 72 84 9 0 19 0.00 0.0 0 8.5 15 170 M M 0 23 190
22 94 69 82 7 0 17 0.00 0.0 0 6.3 13 350 M M 2 19 350
23 95 61 78 3 0 13 0.00 0.0 0 6.2 20 190 M M 1 26 190
24 93 67 80 6 0 15 0.00 0.0 M 8.6 17 170 M M 0 26 210
25 95 71 83 9 0 18 0.03 0.0 0 6.7 25 10 M M 1 37 10
26 84 66 75 1 0 10 0.00 0.0 0 7.8 13 360 M M 1 21 80
27 91 57 74 0 0 9 0.00 0.0 0 6.5 14 160 M M 0 19 160
28 92 66 79 6 0 14 0.00 0.0 0 7.5 14 190 M M 1 20 190
29 94 64 79 6 0 14 0.00 0.0 0 6.5 14 120 M M 0 22 310
30 92 61 77 4 0 12 0.00 0.0 0 9.2 16 100 M M 0 22 110
================================================================================
SM 2774 2044 0 465 1.03 0.0 246.2 M 35
================================================================================
AV 92.5 68.1 8.2 FASTST M M 1 MAX(MPH)
MISC ----> 31 340 39 350
================================================================================
NOTES:
# LAST OF SEVERAL OCCURRENCES
COLUMN 17 PEAK WIND IN M.P.H.
PRELIMINARY LOCAL CLIMATOLOGICAL DATA (WS FORM: F-6) , PAGE 2
STATION: ABILENE
MONTH: SEPTEMBER
YEAR: 2022
LATITUDE: 32 25 N
LONGITUDE: 99 41 W
[TEMPERATURE DATA] [PRECIPITATION DATA] SYMBOLS USED IN COLUMN 16
AVERAGE MONTHLY: 80.3 TOTAL FOR MONTH: 1.03 1 = FOG OR MIST
DPTR FM NORMAL: 3.5 DPTR FM NORMAL: -1.64 2 = FOG REDUCING VISIBILITY
HIGHEST: 97 ON 6 GRTST 24HR 0.38 ON 4- 4 TO 1/4 MILE OR LESS
LOWEST: 57 ON 27 3 = THUNDER
SNOW, ICE PELLETS, HAIL 4 = ICE PELLETS
TOTAL MONTH: 0.0 INCH 5 = HAIL
GRTST 24HR 0.0 6 = FREEZING RAIN OR DRIZZLE
GRTST DEPTH: 0 7 = DUSTSTORM OR SANDSTORM:
VSBY 1/2 MILE OR LESS
8 = SMOKE OR HAZE
[NO. OF DAYS WITH] [WEATHER - DAYS WITH] 9 = BLOWING SNOW
X = TORNADO
MAX 32 OR BELOW: 0 0.01 INCH OR MORE: 5
MAX 90 OR ABOVE: 25 0.10 INCH OR MORE: 4
MIN 32 OR BELOW: 0 0.50 INCH OR MORE: 0
MIN 0 OR BELOW: 0 1.00 INCH OR MORE: 0
[HDD (BASE 65) ]
TOTAL THIS MO. 0 CLEAR (SCALE 0-3) 27
DPTR FM NORMAL -7 PTCLDY (SCALE 4-7) 3
TOTAL FM JUL 1 0 CLOUDY (SCALE 8-10) 0
DPTR FM NORMAL -1
[CDD (BASE 65) ]
TOTAL THIS MO. 465
DPTR FM NORMAL 103 [PRESSURE DATA]
TOTAL FM JAN 1 3327 HIGHEST SLP 30.25 ON 11
DPTR FM NORMAL 802 LOWEST SLP 29.67 ON 9
[REMARKS]
#FINAL-09-22#