000
CDUS45 KRIW 250739
CLIBPI


CLIMATE REPORT
NATIONAL WEATHER SERVICE RIVERTON WY
1237 AM MST TUE FEB 25 2020


...................................

...THE BIG PINEY WY CLIMATE SUMMARY FOR FEBRUARY 24 2020...

CLIMATE NORMAL PERIOD 1981 TO 2010
CLIMATE RECORD PERIOD 1976 TO 2020


WEATHER ITEM   OBSERVED TIME   RECORD YEAR NORMAL DEPARTURE LAST
                VALUE   (LST)  VALUE       VALUE  FROM      YEAR
                                                  NORMAL
..................................................................
TEMPERATURE (F)
 YESTERDAY
  MAXIMUM         26    121 AM  49    1981  32     -6       29
  MINIMUM          5   1154 PM -15    1997   4      1       -4
  AVERAGE         16                        18     -2       13

PRECIPITATION (IN)
  YESTERDAY        T             0.20 1998   0.01  -0.01     0.00
  MONTH TO DATE    0.05                      0.30  -0.25     0.04
  SINCE DEC 1      0.18                      0.91  -0.73     0.25
  SINCE JAN 1      0.18                      0.61  -0.43     0.15

DEGREE DAYS
 HEATING
  YESTERDAY       49                        47      2       52
  MONTH TO DATE 1408                      1226    182     1400
  SINCE DEC 1   4976                      4524    452     4762
  SINCE JUL 1   7842                      7339    503     7362

 COOLING
  YESTERDAY        0                         0      0        0
  MONTH TO DATE    0                         0      0        0
  SINCE DEC 1      0                         0      0        0
  SINCE JAN 1      0                         0      0        0
..................................................................


WIND (MPH)
  HIGHEST WIND SPEED    35   HIGHEST WIND DIRECTION    NW (310)
  HIGHEST GUST SPEED    46   HIGHEST GUST DIRECTION    NW (310)
  AVERAGE WIND SPEED    16.6


SKY COVER
  POSSIBLE SUNSHINE  MM
  AVERAGE SKY COVER 0.2


WEATHER CONDITIONS
 THE FOLLOWING WEATHER WAS RECORDED YESTERDAY.
  LIGHT SNOW
  FOG
  HAZE
  BLOWING SNOW


RELATIVE HUMIDITY (PERCENT)
 HIGHEST    92           100 AM
 LOWEST     59           100 PM
 AVERAGE    76

..........................................................


THE BIG PINEY WY CLIMATE NORMALS FOR TODAY
                         NORMAL    RECORD    YEAR
 MAXIMUM TEMPERATURE (F)   32        51      1981
 MINIMUM TEMPERATURE (F)    4       -12      2018
                                             1997


SUNRISE AND SUNSET
FEBRUARY 25 2020......SUNRISE   703 AM MST   SUNSET   605 PM MST
FEBRUARY 26 2020......SUNRISE   701 AM MST   SUNSET   606 PM MST


-  INDICATES NEGATIVE NUMBERS.
R  INDICATES RECORD WAS SET OR TIED.
MM INDICATES DATA IS MISSING.
T  INDICATES TRACE AMOUNT.




$$
