000
CDUS45 KRIW 200730
CLIBYG


CLIMATE REPORT
NATIONAL WEATHER SERVICE RIVERTON WY
1229 AM MST THU FEB 20 2020


...................................

...THE BUFFALO WY CLIMATE SUMMARY FOR FEBRUARY 19 2020...

CLIMATE NORMAL PERIOD 1981 TO 2010
CLIMATE RECORD PERIOD 1998 TO 2020


WEATHER ITEM   OBSERVED TIME   RECORD YEAR NORMAL DEPARTURE LAST
                VALUE   (LST)  VALUE       VALUE  FROM      YEAR
                                                  NORMAL
..................................................................
TEMPERATURE (F)
 YESTERDAY
  MAXIMUM         19    338 PM  64    2017  39    -20       23
  MINIMUM          2    747 AM -10    2018  18    -16       -2
  AVERAGE         11                        28    -17       11

PRECIPITATION (IN)
  YESTERDAY        0.00          0.14 2011   0.02  -0.02     0.00
  MONTH TO DATE    0.54                      0.24   0.30     0.02
  SINCE DEC 1      0.67                      1.06  -0.39     0.21
  SINCE JAN 1      0.66                      0.66   0.00     0.11

DEGREE DAYS
 HEATING
  YESTERDAY       54                        37     17       54
  MONTH TO DATE  792                       714     78      956
  SINCE DEC 1   2895                      3087   -192     3111
  SINCE JUL 1   4968                      4921     47     4861

 COOLING
  YESTERDAY        0                         0      0        0
  MONTH TO DATE    0                         0      0        0
  SINCE DEC 1      0                         0      0        0
  SINCE JAN 1      0                         0      0        0
..................................................................


WIND (MPH)
  HIGHEST WIND SPEED    12   HIGHEST WIND DIRECTION     S (190)
  HIGHEST GUST SPEED    13   HIGHEST GUST DIRECTION     S (190)
  AVERAGE WIND SPEED     4.6


SKY COVER
  POSSIBLE SUNSHINE  MM
  AVERAGE SKY COVER 0.3


WEATHER CONDITIONS
 THE FOLLOWING WEATHER WAS RECORDED YESTERDAY.
  FOG
  FOG W/VISIBILITY <= 1/4 MILE
  HAZE


RELATIVE HUMIDITY (PERCENT)
 HIGHEST    92           300 AM
 LOWEST     52          1100 PM
 AVERAGE    72

..........................................................


THE BUFFALO WY CLIMATE NORMALS FOR TODAY
                         NORMAL    RECORD    YEAR
 MAXIMUM TEMPERATURE (F)   39        62      2017
 MINIMUM TEMPERATURE (F)   18       -15      2018


SUNRISE AND SUNSET
FEBRUARY 20 2020......SUNRISE   700 AM MST   SUNSET   542 PM MST
FEBRUARY 21 2020......SUNRISE   658 AM MST   SUNSET   544 PM MST


-  INDICATES NEGATIVE NUMBERS.
R  INDICATES RECORD WAS SET OR TIED.
MM INDICATES DATA IS MISSING.
T  INDICATES TRACE AMOUNT.




$$
