000
CXUS55 KRIW 022006
CLMBYG

CLIMATE REPORT
NATIONAL WEATHER SERVICE RIVERTON WY
105 PM MST MON MAR 2 2020

...PRELIMINARY MONTHLY CLIMATE SUMMARY FOR THE JOHNSON COUNTY
AIRPORT NEAR BUFFALO FOR THE MONTH OF FEBRUARY 2020...

...OFFICIAL CLIMATE DATA FOR THE MONTH OF FEBRARY 2020 WILL BE
AVAILABLE APPROXIMATELY IN 60 DAYS FROM THE NATIONAL CENTERS FOR
ENVIRONMENTAL INFORMATION (HTTP://WWW.NCDC.NOAA.GOV/CDO-
WEB/DATASETS). UNOFFICIAL ASOS DAILY SUMMARIES ARE AVAILABLE ON THE
INTERNET AT HTTP://WWW.WEATHER.GOV/CLIMATE/INDEX.PHP?WFO=RIW

...THE BUFFALO WY CLIMATE SUMMARY FOR THE MONTH OF FEBRUARY 2020...

CLIMATE NORMAL PERIOD 1981 TO 2010
CLIMATE RECORD PERIOD 1998 TO 2020

WEATHER         OBSERVED          NORMAL  DEPART
                 VALUE   DATE(S)  VALUE   FROM
                                          NORMAL
................................................
TEMPERATURE (F)
RECORD
 HIGH              69   02/06/2015
 LOW              -22   02/06/2014
HIGHEST            64   02/01
LOWEST                  02/04
AVG. MAXIMUM     34.6              38.2    -3.6
AVG. MINIMUM     15.6              18.0    -2.4
MEAN             25.1              28.1    -3.0
DAYS MAX >= 90      0
DAYS MAX <= 32     13
DAYS MIN <= 32     28
DAYS MIN <= 0       1

PRECIPITATION (INCHES)
RECORD
 MAXIMUM         0.73   2004
 MINIMUM         0.01   1999
TOTALS           0.56              0.35    0.21
DAILY AVG.       0.02
DAYS >= .01         7
DAYS >= .10         2
DAYS >= .50         0
DAYS >= 1.00        0
GREATEST
 24 HR. TOTAL    0.25   02/02 TO 02/02

DEGREE_DAYS
HEATING TOTAL    1152              1033     119
 SINCE 7/1       5328              5275      53
COOLING TOTAL       0                 0       0
 SINCE 1/1          0                 0       0
.................................................

WIND (MPH)
AVERAGE WIND SPEED              9.8
HIGHEST WIND SPEED/DIRECTION    43/320    DATE  02/25
HIGHEST GUST SPEED/DIRECTION    60/320    DATE  02/24

SKY COVER
POSSIBLE SUNSHINE (PERCENT)   MM
AVERAGE SKY COVER           0.40
NUMBER OF DAYS FAIR           13
NUMBER OF DAYS PC             11
NUMBER OF DAYS CLOUDY          5

AVERAGE RH (PERCENT)     60

-  INDICATES NEGATIVE NUMBERS.
R  INDICATES RECORD WAS SET OR TIED.
MM INDICATES DATA IS MISSING.
T  INDICATES TRACE AMOUNT.

LOOKING AHEAD TO MARCH 2020...THE AVERAGE HIGH TEMPERATURE ON THE
FIRST OF THE MONTH IS 41 DEGREES...AND THE AVERAGE LOW TEMPERATURE
IS 20 DEGREES. THE AVERAGE HIGH BY THE END OF THE MONTH IS 50
DEGREES...AND THE AVERAGE LOW TEMPERATURE IS 27 DEGREES. THE AVERAGE
MONTHLY PRECIPITATION IS 0.92 INCHES.

$$
