000
CDUS45 KRIW 240751
CLICPR


CLIMATE REPORT
NATIONAL WEATHER SERVICE RIVERTON WY
1249 AM MST MON FEB 24 2020


...................................

...THE CASPER WY CLIMATE SUMMARY FOR FEBRUARY 23 2020...

CLIMATE NORMAL PERIOD 1981 TO 2010
CLIMATE RECORD PERIOD 1939 TO 2020


WEATHER ITEM   OBSERVED TIME   RECORD YEAR NORMAL DEPARTURE LAST
                VALUE   (LST)  VALUE       VALUE  FROM      YEAR
                                                  NORMAL
..................................................................
TEMPERATURE (F)
 YESTERDAY
  MAXIMUM         40    105 PM  62    1958  40      0       25
  MINIMUM         11    642 AM -21    2003  17     -6        6
  AVERAGE         26                        29     -3       16

PRECIPITATION (IN)
  YESTERDAY        0.00          0.40 2017   0.02  -0.02     0.00
  MONTH TO DATE    0.67                      0.46   0.21     0.48
  SINCE DEC 1      1.75                      1.46   0.29     1.16
  SINCE JAN 1      1.15                      0.97   0.18     0.76

SNOWFALL (IN)
  YESTERDAY        0.0                       0.4   -0.4      0.0
  MONTH TO DATE   24.3                       8.1   16.2      9.0
  SINCE DEC 1     40.1                      28.2   11.9     20.8
  SINCE JUL 1     72.8                      47.7   25.1     39.2
  SNOW DEPTH       2

DEGREE DAYS
 HEATING
  YESTERDAY       39                        36      3       49
  MONTH TO DATE 1019                       893    126     1044
  SINCE DEC 1   3350                      3416    -66     3445
  SINCE JUL 1   5399                      5270    129     5275

 COOLING
  YESTERDAY        0                         0      0        0
  MONTH TO DATE    0                         0      0        0
  SINCE DEC 1      0                         0      0        0
  SINCE JAN 1      0                         0      0        0
..................................................................


WIND (MPH)
  HIGHEST WIND SPEED    32   HIGHEST WIND DIRECTION    SW (210)
  HIGHEST GUST SPEED    40   HIGHEST GUST DIRECTION    SW (210)
  AVERAGE WIND SPEED    12.2


SKY COVER
  POSSIBLE SUNSHINE  MM
  AVERAGE SKY COVER 0.0


WEATHER CONDITIONS
 THE FOLLOWING WEATHER WAS RECORDED YESTERDAY.
  NO SIGNIFICANT WEATHER WAS OBSERVED.


RELATIVE HUMIDITY (PERCENT)
 HIGHEST    80           600 AM
 LOWEST     48           100 PM
 AVERAGE    64

..........................................................


THE CASPER WY CLIMATE NORMALS FOR TODAY
                         NORMAL    RECORD    YEAR
 MAXIMUM TEMPERATURE (F)   41        63      1981
 MINIMUM TEMPERATURE (F)   17       -30      2003


SUNRISE AND SUNSET
FEBRUARY 24 2020......SUNRISE   650 AM MST   SUNSET   548 PM MST
FEBRUARY 25 2020......SUNRISE   649 AM MST   SUNSET   550 PM MST


-  INDICATES NEGATIVE NUMBERS.
R  INDICATES RECORD WAS SET OR TIED.
MM INDICATES DATA IS MISSING.
T  INDICATES TRACE AMOUNT.




$$
