000
CXUS52 KJAX 061606
CF6CRG
PRELIMINARY LOCAL CLIMATOLOGICAL DATA (WS FORM: F-6)
STATION: CRAIG EXEC ARPT
MONTH: JANUARY
YEAR: 2024
LATITUDE: 30 19 N
LONGITUDE: 81 31 W
TEMPERATURE IN F: :PCPN: SNOW: WIND :SUNSHINE: SKY :PK WND
================================================================================
1 2 3 4 5 6A 6B 7 8 9 10 11 12 13 14 15 16 17 18
12Z AVG MX 2MIN
DY MAX MIN AVG DEP HDD CDD WTR SNW DPTH SPD SPD DIR MIN PSBL S-S WX SPD DR
================================================================================
1 69 39 54 -1 11 0 0.00 0.0 0 7.0 18 260 M M 1 1 28 280
2 55 38 47 -8 18 0 0.00 0.0 0 7.1 16 340 M M 1 22 350
3 63 36 50 -5 15 0 0.06 0.0 0 3.0 12 40 M M 3 1 16 60
4 62 44 53 -2 12 0 0.13 0.0 0 7.3 15 330 M M 3 1 21 340
5 65 45 55 0 10 0 0.00 0.0 0 8.2 16 150 M M 1 23 150
6 77 58 68 13 0 3 0.35 0.0 0 13.2 24 210 M M 5 1 40 210
7 58 46 52 -3 13 0 0.00 0.0 0 7.6 15 330 M M 1 22 320
8 67 45 56 1 9 0 T 0.0 0 8.0 17 140 M M 4 3 29 140
9 75 56 66 12 0 1 1.22 0.0 0 15.5 29 280 M M 9 13 42 280
10 59 45 52 -2 13 0 0.00 0.0 0 8.8 26 250 M M 0 38 260
11 59 40 50 -4 15 0 0.00 0.0 0 2.8 9 320 M M 1 13 270
12 74 46 60 6 5 0 0.08 0.0 0 6.0 18 230 M M 8 1 25 220
13 74 43 59 5 6 0 0.00 0.0 0 10.5 21 320 M M 1 30 300
14 58 42 50 -4 15 0 0.00 0.0 0 4.1 12 340 M M 0 15 320
15 67 42 55 1 10 0 0.00 0.0 0 1.8 8 90 M M 4 11 50
16 65 43 54 0 11 0 0.77 0.0 0 6.9 26 320 M M 9 13 33 310
17 49 31 40 -14 25 0 0.00 0.0 0 8.6 20 340 M M 0 27 310
18 62 35 49 -6 16 0 0.05 0.0 0 4.1 12 300 M M 4 1 15 310
19 69 48 59 4 6 0 0.02 0.0 0 7.3 20 330 M M 3 1 25 330
20 52 35 44 -11 21 0 0.00 0.0 0 10.8 17 350 M M 0 26 10
21 45 32 39 -16 26 0 0.00 0.0 0 11.4 20 20 M M 3 29 40
22 67 45 56 1 9 0 T 0.0 0 6.9 15 100 M M 5 22 120
23 68 55 62 7 3 0 0.03 0.0 0 4.7 13 120 M M 7 1 18 140
24 77 61 69 14 0 4 T 0.0 0 8.7 18 140 M M 3 28 140
25 81 61 71 16 0 6 0.00 0.0 0 7.1 16 170 M M 4 1 21 160
26 78 67 73 18 0 8 0.24 0.0 0 6.2 14 220 M M 7 1 21 220
27 82 62 72 17 0 7 0.05 0.0 0 6.3 16 170 M M 5 12 22 160
28 71 54 63 8 2 0 T 0.0 0 12.8 20 300 M M 4 31 300
29 63 45 54 -2 11 0 0.00 0.0 0 9.3 22 320 M M 1 31 330
30 65 40 53 -3 12 0 0.00 0.0 0 3.7 14 240 M M 0 19 240
31 65 49 57 1 8 0 0.00 0.0 0 10.4 23 310 M M 0 35 310
================================================================================
SM 2041 1428 302 29 3.00 0.0 236.1 M 97
================================================================================
AV 65.8 46.1 7.6 FASTST M M 3 MAX(MPH)
MISC ----> 29 280 42 280
================================================================================
NOTES:
# LAST OF SEVERAL OCCURRENCES
COLUMN 17 PEAK WIND IN M.P.H.
PRELIMINARY LOCAL CLIMATOLOGICAL DATA (WS FORM: F-6) , PAGE 2
STATION: CRAIG EXEC ARPT
MONTH: JANUARY
YEAR: 2024
LATITUDE: 30 19 N
LONGITUDE: 81 31 W
[TEMPERATURE DATA] [PRECIPITATION DATA] SYMBOLS USED IN COLUMN 16
AVERAGE MONTHLY: 56.0 TOTAL FOR MONTH: 3.00 1 = FOG OR MIST
DPTR FM NORMAL: 1.1 DPTR FM NORMAL: 0.01 2 = FOG REDUCING VISIBILITY
HIGHEST: 82 ON 27 GRTST 24HR 1.54 ON 8- 9 TO 1/4 MILE OR LESS
LOWEST: 31 ON 17 3 = THUNDER
SNOW, ICE PELLETS, HAIL 4 = ICE PELLETS
TOTAL MONTH: 0.0 INCH 5 = HAIL
GRTST 24HR 0.0 6 = FREEZING RAIN OR DRIZZLE
GRTST DEPTH: 0 7 = DUSTSTORM OR SANDSTORM:
VSBY 1/2 MILE OR LESS
8 = SMOKE OR HAZE
[NO. OF DAYS WITH] [WEATHER - DAYS WITH] 9 = BLOWING SNOW
X = TORNADO
MAX 32 OR BELOW: 0 0.01 INCH OR MORE: 11
MAX 90 OR ABOVE: 0 0.10 INCH OR MORE: 5
MIN 32 OR BELOW: 2 0.50 INCH OR MORE: 2
MIN 0 OR BELOW: 0 1.00 INCH OR MORE: 1
[HDD (BASE 65) ]
TOTAL THIS MO. 302 CLEAR (SCALE 0-3) 16
DPTR FM NORMAL -29 PTCLDY (SCALE 4-7) 13
TOTAL FM JUL 1 597 CLOUDY (SCALE 8-10) 2
DPTR FM NORMAL -127
[CDD (BASE 65) ]
TOTAL THIS MO. 29
DPTR FM NORMAL 13 [PRESSURE DATA]
TOTAL FM JAN 1 29 HIGHEST SLP 30.57 ON 21
DPTR FM NORMAL 13 LOWEST SLP 29.57 ON 9
[REMARKS]
#FINAL-01-24#