000
CXUS54 KMAF 011210
CF6E38
PRELIMINARY LOCAL CLIMATOLOGICAL DATA (WS FORM: F-6)
STATION: ALPINE-CASPARIS MUNICIPAL
MONTH: JANUARY
YEAR: 2024
LATITUDE: 30 23 N
LONGITUDE: 103 41 W
TEMPERATURE IN F: :PCPN: SNOW: WIND :SUNSHINE: SKY :PK WND
================================================================================
1 2 3 4 5 6A 6B 7 8 9 10 11 12 13 14 15 16 17 18
12Z AVG MX 2MIN
DY MAX MIN AVG DEP HDD CDD WTR SNW DPTH SPD SPD DIR MIN PSBL S-S WX SPD DR
================================================================================
1 62 24 43 M 22 0 M M M 3.4 10 60 M M 0 20 60
2 59 30 45 M 20 0 M M M 8.0 22 280 M M 2 30 280
3 59 28 44 M 21 0 M M M 4.9 9 220 M M 0 M M
4 59 37 48 M 17 0 M M M 14.3 29 290 M M 2 37 280
5 52 35 44 M 21 0 M M M 11.6 26 250 M M 0 35 250
6 53 34 44 M 21 0 M M M 14.0 25 260 M M 0 36 260
7 60 31 46 M 19 0 M M M 14.7 24 180 M M 0 32 190
8 55 32 44 M 21 0 M M M 20.0 36 270 M M 3 51 290
9 50 28 39 M 26 0 M M M 18.0 30 280 M M 0 37 280
10 65 37 51 M 14 0 M M M 15.2 31 260 M M 0 39 260
11 67 44 56 M 9 0 M M M 19.3 30 240 M M 1 47 280
12 55 29 42 M 23 0 M M M 14.6 28 290 M M 0 53 300
13 64 38 51 M 14 0 M M M 10.3 23 280 M M 0 31 260
14 71 27 49 M 16 0 M M M 6.6 25 260 M M 0 31 260
15 67 17 42 M 23 0 M M M 9.7 25 260 M M 0 32 260
16 45 8 27 M 38 0 M M M 3.8 17 50 M M 0 23 50
17 68 35 52 M 13 0 M M M 8.2 22 230 M M 0 26 230
18 71 45 58 M 7 0 M M M 8.7 25 260 M M 0 32 260
19 47 25 36 M 29 0 M M M 3.5 14 50 M M 1 24 40
20 46 20 33 M 32 0 M M M 0.7 8 60 M M 0 M M
21 65 35 50 M 15 0 M M M 4.3 17 210 M M 6 31 0
22 67 42 55 M 10 0 M M M 6.0 13 270 M M 1 21 240
23 62 43 53 M 12 0 0.28 M M 7.3 15 220 M M 6 3 40 0
24 59 40 50 M 15 0 M M M 6.7 15 270 M M 3 21 260
25 62 38 50 M 15 0 M M M 5.4 18 260 M M 0 24 250
26 58 37 48 M 17 0 M M M 8.7 26 280 M M 1 35 280
27 55 33 44 M 21 0 M M M 4.2 13 20 M M 2 17 10
28 62 29 46 M 19 0 M M M 0.3 8 190 M M 0 M M
29 69 33 51 M 14 0 M M M 0.1 3 200 M M 0 M M
30 68 37 53 M 12 0 M M M 1.0 10 80 M M 0 M M
31 64 39 52 M 13 0 0.05 M M 3.7 16 220 M M 4 23 220
================================================================================
SM 1866 1010 569 0 0.33 M 257.1 M 32
================================================================================
AV 60.2 32.6 8.3 FASTST M M 1 MAX(MPH)
MISC ----> 36 270 53 300
================================================================================
NOTES:
# LAST OF SEVERAL OCCURRENCES
COLUMN 17 PEAK WIND IN M.P.H.
PRELIMINARY LOCAL CLIMATOLOGICAL DATA (WS FORM: F-6) , PAGE 2
STATION: ALPINE-CASPARIS MUNICIPAL
MONTH: JANUARY
YEAR: 2024
LATITUDE: 30 23 N
LONGITUDE: 103 41 W
[TEMPERATURE DATA] [PRECIPITATION DATA] SYMBOLS USED IN COLUMN 16
AVERAGE MONTHLY: 46.4 TOTAL FOR MONTH: 0.33 1 = FOG OR MIST
DPTR FM NORMAL: 0.0 DPTR FM NORMAL: M 2 = FOG REDUCING VISIBILITY
HIGHEST: 71 ON 18,14 GRTST 24HR 0.28 ON 23-23 TO 1/4 MILE OR LESS
LOWEST: 8 ON 16 3 = THUNDER
SNOW, ICE PELLETS, HAIL 4 = ICE PELLETS
TOTAL MONTH: M 5 = HAIL
GRTST 24HR M ON M 6 = FREEZING RAIN OR DRIZZLE
GRTST DEPTH: M ON M 7 = DUSTSTORM OR SANDSTORM:
VSBY 1/2 MILE OR LESS
8 = SMOKE OR HAZE
[NO. OF DAYS WITH] [WEATHER - DAYS WITH] 9 = BLOWING SNOW
X = TORNADO
MAX 32 OR BELOW: 0 0.01 INCH OR MORE: 2
MAX 90 OR ABOVE: 0 0.10 INCH OR MORE: 1
MIN 32 OR BELOW: 13 0.50 INCH OR MORE: 0
MIN 0 OR BELOW: 0 1.00 INCH OR MORE: 0
[HDD (BASE 65) ]
TOTAL THIS MO. 569 CLEAR (SCALE 0-3) 27
DPTR FM NORMAL M PTCLDY (SCALE 4-7) 4
TOTAL FM JUL 1 1446 CLOUDY (SCALE 8-10) 0
DPTR FM NORMAL M
[CDD (BASE 65) ]
TOTAL THIS MO. 0
DPTR FM NORMAL M [PRESSURE DATA]
TOTAL FM JAN 1 0 HIGHEST SLP M ON M
DPTR FM NORMAL M LOWEST SLP M ON M
[REMARKS]
#FINAL-01-24#