000
CXGM50 PGUM 022344
CF6GUM
PRELIMINARY LOCAL CLIMATOLOGICAL DATA (WS FORM: F-6)
STATION: GUAM INTERNATIONAL AIRPORT
MONTH: AUGUST
YEAR: 2022
LATITUDE: 13 29 N
LONGITUDE: 144-48 E
TEMPERATURE IN F: :PCPN: SNOW: WIND :SUNSHINE: SKY :PK WND
================================================================================
1 2 3 4 5 6A 6B 7 8 9 10 11 12 13 14 15 16 17 18
12Z AVG MX 2MIN
DY MAX MIN AVG DEP HDD CDD WTR SNW DPTH SPD SPD DIR MIN PSBL S-S WX SPD DR
================================================================================
1 87 77 82 0 0 17 0.01 0.0 0 10.4 18 60 M M 3 22 60
2 86 76 81 -1 0 16 0.25 0.0 0 7.1 22 40 M M 3 26 50
3 87 78 83 1 0 18 0.20 0.0 0 6.8 17 80 M M 3 21 80
4 88 77 83 1 0 18 0.04 0.0 0 4.7 16 300 M M 2 18 230
5 87 78 83 1 0 18 T 0.0 0 7.6 16 70 M M 3 20 70
6 87 77 82 0 0 17 0.01 0.0 0 7.5 17 110 M M 2 22 110
7 87 78 83 1 0 18 0.00 0.0 0 7.1 14 90 M M 1 18 120
8 88 76 82 0 0 17 0.01 0.0 0 4.9 10 110 M M 4 14 130
9 88 77 83 1 0 18 0.00 0.0 0 6.0 16 70 M M 2 20 120
10 86 74 80 -2 0 15 0.36 0.0 0 8.7 21 110 M M 4 3 29 120
11 88 77 83 1 0 18 0.04 0.0 0 5.9 13 140 M M 3 19 100
12 85 77 81 -1 0 16 0.21 0.0 0 5.6 16 110 M M 4 24 90
13 86 75 81 -1 0 16 0.02 0.0 0 5.4 13 110 M M 2 16 110
14 87 75 81 -1 0 16 0.03 0.0 0 10.1 21 110 M M 5 28 100
15 87 79 83 1 0 18 0.02 0.0 0 7.4 15 60 M M 3 19 70
16 88 73 81 -1 0 16 1.19 0.0 0 12.0 28 90 M M 3 3 36 90
17 82 74 78 -4 0 13 0.79 0.0 0 7.7 23 110 M M 4 3 31 110
18 88 76 82 0 0 17 0.01 0.0 0 6.9 14 80 M M 2 3 19 90
19 86 77 82 0 0 17 0.04 0.0 0 6.5 15 20 M M 4 3 19 10
20 85 74 80 -2 0 15 0.12 0.0 0 6.3 13 80 M M 3 16 70
21 84 75 80 -2 0 15 T 0.0 0 5.7 17 110 M M 3 23 120
22 84 73 79 -3 0 14 2.31 0.0 0 5.0 14 110 M M 4 3 18 120
23 86 73 80 -2 0 15 1.13 0.0 0 6.9 18 220 M M 4 24 220
24 87 73 80 -2 0 15 0.10 0.0 0 3.4 12 240 M M 3 15 320
25 88 73 81 -1 0 16 0.00 0.0 0 3.9 12 110 M M 2 15 110
26 82 73 78 -4 0 13 0.33 0.0 0 3.0 16 40 M M 4 20 110
27 86 75 81 -1 0 16 0.06 0.0 0 4.2 12 290 M M 3 16 10
28 87 76 82 0 0 17 0.15 0.0 0 5.3 14 110 M M 3 18 170
29 87 76 82 0 0 17 T 0.0 0 5.8 13 40 M M 3 16 30
30 87 77 82 0 0 17 0.47 0.0 0 6.0 17 80 M M 3 21 90
31 80 73 77 -5 0 12 1.25 0.0 0 6.5 20 160 M M 4 23 170
================================================================================
SM 2671 2342 0 501 9.15 0.0 200.3 M 96
================================================================================
AV 86.2 75.5 6.5 FASTST M M 3 MAX(MPH)
MISC ----> 28 90 36 90
================================================================================
NOTES:
# LAST OF SEVERAL OCCURRENCES
COLUMN 17 PEAK WIND IN M.P.H.
PRELIMINARY LOCAL CLIMATOLOGICAL DATA (WS FORM: F-6) , PAGE 2
STATION: GUAM INTERNATIONAL AIRPORT
MONTH: AUGUST
YEAR: 2022
LATITUDE: 13 29 N
LONGITUDE: 144-48 E
[TEMPERATURE DATA] [PRECIPITATION DATA] SYMBOLS USED IN COLUMN 16
AVERAGE MONTHLY: 80.9 TOTAL FOR MONTH: 9.15 1 = FOG OR MIST
DPTR FM NORMAL: -0.6 DPTR FM NORMAL: -8.51 2 = FOG REDUCING VISIBILITY
HIGHEST: 88 ON 25,18 GRTST 24HR 3.36 ON 22-23 TO 1/4 MILE OR LESS
LOWEST: 73 ON 31,26 3 = THUNDER
SNOW, ICE PELLETS, HAIL 4 = ICE PELLETS
TOTAL MONTH: 0.0 INCH 5 = HAIL
GRTST 24HR 0.0 6 = FREEZING RAIN OR DRIZZLE
GRTST DEPTH: 0 7 = DUSTSTORM OR SANDSTORM:
VSBY 1/2 MILE OR LESS
8 = SMOKE OR HAZE
[NO. OF DAYS WITH] [WEATHER - DAYS WITH] 9 = BLOWING SNOW
X = TORNADO
MAX 32 OR BELOW: 0 0.01 INCH OR MORE: 25
MAX 90 OR ABOVE: 0 0.10 INCH OR MORE: 14
MIN 32 OR BELOW: 0 0.50 INCH OR MORE: 5
MIN 0 OR BELOW: 0 1.00 INCH OR MORE: 4
[HDD (BASE 65) ]
TOTAL THIS MO. 0 CLEAR (SCALE 0-3) 17
DPTR FM NORMAL 0 PTCLDY (SCALE 4-7) 14
TOTAL FM JUL 1 0 CLOUDY (SCALE 8-10) 0
DPTR FM NORMAL 0
[CDD (BASE 65) ]
TOTAL THIS MO. 501
DPTR FM NORMAL -12 [PRESSURE DATA]
TOTAL FM JAN 1 4012 HIGHEST SLP 29.89 ON 1
DPTR FM NORMAL -54 LOWEST SLP 29.80 ON 1
[REMARKS]
#FINAL-08-22#