000
CXUS51 KRLX 011148
CF6HTS
PRELIMINARY LOCAL CLIMATOLOGICAL DATA (WS FORM: F-6)
STATION: HUNTINGTON WV
MONTH: MARCH
YEAR: 2022
LATITUDE: 38 22 N
LONGITUDE: 82 33 W
TEMPERATURE IN F: :PCPN: SNOW: WIND :SUNSHINE: SKY :PK WND
================================================================================
1 2 3 4 5 6A 6B 7 8 9 10 11 12 13 14 15 16 17 18
12Z AVG MX 2MIN
DY MAX MIN AVG DEP HDD CDD WTR SNW DPTH SPD SPD DIR MIN PSBL S-S WX SPD DR
================================================================================
1 66 34 50 8 15 0 0.00 0.0 0 7.6 17 220 M M 1 8 24 230
2 68 40 54 12 11 0 T 0.0 0 5.7 15 310 M M 4 20 300
3 60 37 49 7 16 0 0.00 0.0 0 7.7 14 350 M M 6 19 320
4 58 29 44 1 21 0 0.00 0.0 0 6.1 13 50 M M 0 16 40
5 79 40 60 17 5 0 0.00 0.0 0 8.0 22 210 M M 0 32 240
6 70 58 64 21 1 0 1.31 0.0 0 10.0 23 190 M M 9 13 34 200
7 69 40 55 11 10 0 0.82 0.0 0 10.9 28 290 M M 6 1 40 300
8 45 37 41 -3 24 0 T 0.0 0 5.0 13 330 M M 7 17 320
9 46 35 41 -3 24 0 0.32 0.0 0 4.3 12 330 M M 9 1 16 330
10 54 29 42 -2 23 0 0.00 0.0 0 3.1 13 70 M M 3 12 16 60
11 65 31 48 3 17 0 0.03 M 0 7.0 28 330 M M 4 1 36 330
12 30 20 25 -20 40 0 0.45 4.0 3 11.9 23 320 M M 8 18 34 320
13 48 16 32 -13 33 0 0.00 0.0 3 8.9 22 180 M M 3 31 190
14 64 36 50 4 15 0 0.00 0.0 0 6.6 14 190 M M 0 19 190
15 68 38 53 7 12 0 0.00 0.0 0 4.5 14 200 M M 1 18 230
16 67 37 52 6 13 0 T 0.0 0 3.0 10 140 M M 2 17 200
17 73 48 61 14 4 0 0.00 0.0 0 2.9 10 320 M M 4 13 330
18 70 46 58 11 7 0 T 0.0 0 4.8 17 110 M M 5 23 210
19 63 43 53 6 12 0 0.02 0.0 0 12.1 25 250 M M 8 34 260
20 61 42 52 4 13 0 0.00 0.0 0 8.7 16 310 M M 6 24 280
21 73 36 55 7 10 0 0.00 0.0 0 3.6 12 310 M M 0 17 300
22 73 46 60 12 5 0 0.00 0.0 0 5.2 15 80 M M 0 20 150
23 78 54 66 17 0 1 0.23 0.0 0 10.4 26 190 M M 7 3 37 180
24 63 48 56 7 9 0 0.00 0.0 0 8.7 20 250 M M 7 28 270
25 49 40 45 -4 20 0 0.01 0.0 0 9.1 22 280 M M 8 35 290
26 42 31 37 -13 28 0 0.03 T 0 10.4 21 250 M M 8 33 270
27 44 30 37 -13 28 0 T T 0 8.8 16 300 M M 5 25 290
28 44 24 34 -16 31 0 0.00 0.0 0 7.6 16 300 M M 0 24 300
29 48 28 38 -13 27 0 0.00 0.0 0 6.2 13 60 M M 5 17 80
30 85 40 63 12 2 0 0.00 0.0 0 11.7 26 190 M M 2 39 220
31 75 45 60 8 5 0 0.03 0.0 0 14.4 30 200 M M 8 41 190
================================================================================
SM 1898 1158 481 1 3.25 4.0 234.9 M 136
================================================================================
AV 61.2 37.4 7.6 FASTST M M 4 MAX(MPH)
MISC ----> 30 200 41 190
================================================================================
NOTES:
# LAST OF SEVERAL OCCURRENCES
COLUMN 17 PEAK WIND IN M.P.H.
PRELIMINARY LOCAL CLIMATOLOGICAL DATA (WS FORM: F-6) , PAGE 2
STATION: HUNTINGTON WV
MONTH: MARCH
YEAR: 2022
LATITUDE: 38 22 N
LONGITUDE: 82 33 W
[TEMPERATURE DATA] [PRECIPITATION DATA] SYMBOLS USED IN COLUMN 16
AVERAGE MONTHLY: 49.3 TOTAL FOR MONTH: 3.25 1 = FOG OR MIST
DPTR FM NORMAL: 2.9 DPTR FM NORMAL: -0.91 2 = FOG REDUCING VISIBILITY
HIGHEST: 85 ON 30 GRTST 24HR 1.98 ON 6- 7 TO 1/4 MILE OR LESS
LOWEST: 16 ON 13 3 = THUNDER
SNOW, ICE PELLETS, HAIL 4 = ICE PELLETS
TOTAL MONTH: 4.0 INCHES 5 = HAIL
GRTST 24HR 4.0 ON 12-12 6 = FREEZING RAIN OR DRIZZLE
GRTST DEPTH: 3 ON 13,12 7 = DUSTSTORM OR SANDSTORM:
VSBY 1/2 MILE OR LESS
8 = SMOKE OR HAZE
[NO. OF DAYS WITH] [WEATHER - DAYS WITH] 9 = BLOWING SNOW
X = TORNADO
MAX 32 OR BELOW: 1 0.01 INCH OR MORE: 10
MAX 90 OR ABOVE: 0 0.10 INCH OR MORE: 5
MIN 32 OR BELOW: 9 0.50 INCH OR MORE: 2
MIN 0 OR BELOW: 0 1.00 INCH OR MORE: 1
[HDD (BASE 65) ]
TOTAL THIS MO. 481 CLEAR (SCALE 0-3) 11
DPTR FM NORMAL -100 PTCLDY (SCALE 4-7) 18
TOTAL FM JUL 1 3541 CLOUDY (SCALE 8-10) 2
DPTR FM NORMAL -408
[CDD (BASE 65) ]
TOTAL THIS MO. 1
DPTR FM NORMAL -5 [PRESSURE DATA]
TOTAL FM JAN 1 1 HIGHEST SLP 30.45 ON 4
DPTR FM NORMAL -5 LOWEST SLP 29.42 ON 31
[REMARKS]
#FINAL-03-22#