000
CXHW53 PHFO 011250
CF6KOA
PRELIMINARY LOCAL CLIMATOLOGICAL DATA (WS FORM: F-6)
STATION: KONA HI
MONTH: MARCH
YEAR: 2023
LATITUDE: 19 38 N
LONGITUDE: 156 0 W
TEMPERATURE IN F: :PCPN: SNOW: WIND :SUNSHINE: SKY :PK WND
================================================================================
1 2 3 4 5 6A 6B 7 8 9 10 11 12 13 14 15 16 17 18
12Z AVG MX 2MIN
DY MAX MIN AVG DEP HDD CDD WTR SNW DPTH SPD SPD DIR MIN PSBL S-S WX SPD DR
================================================================================
1 82 67 75 0 0 10 0.00 M M 7.6 15 360 M M 2 20 170
2 82 66 74 -1 0 9 0.10 M M 10.2 32 20 M M 5 38 30
3 80 68 74 -1 0 9 0.03 M M 6.9 15 150 M M 4 18 150
4 80 67 74 -1 0 9 0.00 M M 6.3 10 140 M M 1 14 270
5 82 70 76 1 0 11 T M M 9.6 17 210 M M 2 20 200
6 83 70 77 2 0 12 0.09 M M 14.1 22 180 M M 3 1 27 180
7 84 71 78 2 0 13 0.07 M M 16.0 33 220 M M 6 1 44 220
8 85 71 78 2 0 13 0.39 M M 20.1 33 160 M M 6 41 160
9 81 68 75 -1 0 10 T M M 9.0 17 250 M M 3 20 260
10 80 67 74 -2 0 9 0.00 M M 6.0 12 290 M M 6 15 300
11 81 66 74 -2 0 9 0.00 M M 8.1 14 160 M M 5 16 160
12 84 75 80 4 0 15 0.00 M M 11.8 18 180 M M 6 22 160
13 84 73 79 3 0 14 T M M 6.6 15 200 M M 5 18 200
14 83 73 78 2 0 13 0.16 M M 11.4 20 150 M M 6 1 24 140
15 84 72 78 2 0 13 0.00 M M 10.2 18 200 M M 3 23 190
16 84 73 79 3 0 14 0.00 M M 7.1 16 190 M M 5 20 180
17 83 75 79 3 0 14 T M M 9.3 23 20 M M 8 26 20
18 84 73 79 3 0 14 0.00 M M 9.2 15 320 M M 6 18 310
19 84 73 79 3 0 14 0.00 M M 7.0 13 310 M M 6 16 320
20 85 73 79 3 0 14 0.00 M M 8.8 16 170 M M 4 20 150
21 85 73 79 3 0 14 0.00 M M 8.4 16 270 M M 3 19 270
22 84 74 79 3 0 14 0.00 M M 6.2 17 180 M M 6 18 22 170
23 84 74 79 3 0 14 0.00 M M 8.2 17 160 M M 3 21 160
24 86 74 80 4 0 15 0.00 M M 8.3 18 320 M M 5 22 310
25 84 72 78 2 0 13 T M M 8.1 17 170 M M 3 21 170
26 85 73 79 3 0 14 0.00 M M 5.9 13 200 M M 4 16 200
27 83 72 78 2 0 13 0.00 M M 6.8 12 140 M M 3 16 220
28 85 73 79 2 0 14 0.00 M M 9.5 15 290 M M 5 17 310
29 85 72 79 2 0 14 0.00 M M 7.5 18 160 M M 5 22 130
30 84 73 79 2 0 14 0.00 M M 8.2 18 320 M M 3 21 320
31 83 73 78 1 0 13 0.00 M M 7.2 16 250 M M 7 19 240
================================================================================
SM 2583 2214 0 391 0.84 M 279.6 M 139
================================================================================
AV 83.3 71.4 9.0 FASTST M M 4 MAX(MPH)
MISC ----> # 33 220 44 220
================================================================================
NOTES:
# LAST OF SEVERAL OCCURRENCES
COLUMN 17 PEAK WIND IN M.P.H.
PRELIMINARY LOCAL CLIMATOLOGICAL DATA (WS FORM: F-6) , PAGE 2
STATION: KONA HI
MONTH: MARCH
YEAR: 2023
LATITUDE: 19 38 N
LONGITUDE: 156 0 W
[TEMPERATURE DATA] [PRECIPITATION DATA] SYMBOLS USED IN COLUMN 16
AVERAGE MONTHLY: 77.4 TOTAL FOR MONTH: 0.84 1 = FOG OR MIST
DPTR FM NORMAL: 1.5 DPTR FM NORMAL: -0.13 2 = FOG REDUCING VISIBILITY
HIGHEST: 86 ON 24 GRTST 24HR 0.40 ON 7- 8 TO 1/4 MILE OR LESS
LOWEST: 66 ON 11, 2 3 = THUNDER
SNOW, ICE PELLETS, HAIL 4 = ICE PELLETS
TOTAL MONTH: M 5 = HAIL
GRTST 24HR M ON M 6 = FREEZING RAIN OR DRIZZLE
GRTST DEPTH: M ON M 7 = DUSTSTORM OR SANDSTORM:
VSBY 1/2 MILE OR LESS
8 = SMOKE OR HAZE
[NO. OF DAYS WITH] [WEATHER - DAYS WITH] 9 = BLOWING SNOW
X = TORNADO
MAX 32 OR BELOW: 0 0.01 INCH OR MORE: 6
MAX 90 OR ABOVE: 0 0.10 INCH OR MORE: 3
MIN 32 OR BELOW: 0 0.50 INCH OR MORE: 0
MIN 0 OR BELOW: 0 1.00 INCH OR MORE: 0
[HDD (BASE 65) ]
TOTAL THIS MO. 0 CLEAR (SCALE 0-3) 7
DPTR FM NORMAL 0 PTCLDY (SCALE 4-7) 24
TOTAL FM JUL 1 0 CLOUDY (SCALE 8-10) 0
DPTR FM NORMAL 0
[CDD (BASE 65) ]
TOTAL THIS MO. 391
DPTR FM NORMAL 51 [PRESSURE DATA]
TOTAL FM JAN 1 1056 HIGHEST SLP 30.12 ON 21
DPTR FM NORMAL 127 LOWEST SLP 29.78 ON 7
[REMARKS]
#FINAL-03-23#