000
CXHW53 PHFO 011250
CF6KOA
PRELIMINARY LOCAL CLIMATOLOGICAL DATA (WS FORM: F-6)
STATION: KONA HI
MONTH: JULY
YEAR: 2022
LATITUDE: 19 38 N
LONGITUDE: 156 0 W
TEMPERATURE IN F: :PCPN: SNOW: WIND :SUNSHINE: SKY :PK WND
================================================================================
1 2 3 4 5 6A 6B 7 8 9 10 11 12 13 14 15 16 17 18
12Z AVG MX 2MIN
DY MAX MIN AVG DEP HDD CDD WTR SNW DPTH SPD SPD DIR MIN PSBL S-S WX SPD DR
================================================================================
1 86 75 81 1 0 16 0.00 M M 9.6 17 40 M M 3 20 190
2 87 73 80 0 0 15 0.00 M M 8.4 20 50 M M 3 23 70
3 86 76 81 1 0 16 0.00 M M 8.5 15 190 M M 6 18 210
4 86 75 81 1 0 16 0.07 M M 9.1 16 150 M M 6 20 140
5 85 74 80 0 0 15 0.00 M M 8.9 17 80 M M 2 22 90
6 86 73 80 0 0 15 0.00 M M 10.3 25 50 M M 4 31 50
7 87 74 81 1 0 16 0.00 M M 7.8 16 180 M M 2 20 170
8 87 75 81 1 0 16 0.00 M M 8.9 21 190 M M 4 24 180
9 86 74 80 0 0 15 0.00 M M 7.3 14 230 M M 3 18 240
10 85 74 80 0 0 15 0.00 M M 6.9 12 150 M M 4 15 240
11 85 77 81 1 0 16 0.00 M M 8.4 14 120 M M 5 18 200
12 85 75 80 0 0 15 0.00 M M 8.0 16 120 M M 3 19 120
13 86 75 81 1 0 16 0.00 M M 7.7 13 230 M M 3 16 230
14 87 76 82 2 0 17 0.00 M M 7.1 14 230 M M 4 16 230
15 87 76 82 2 0 17 0.03 M M 6.9 14 200 M M 5 19 180
16 87 78 83 3 0 18 T M M 7.9 16 180 M M 8 19 170
17 88 77 83 3 0 18 0.00 M M 6.9 13 240 M M 8 17 200
18 86 75 81 0 0 16 0.00 M M 8.2 18 100 M M 4 25 100
19 87 75 81 0 0 16 0.00 M M 8.4 28 50 M M 4 32 50
20 86 72 79 -2 0 14 0.00 M M 6.9 15 200 M M 4 20 200
21 87 72 80 -1 0 15 0.00 M M 7.0 21 50 M M 1 24 50
22 87 75 81 0 0 16 0.00 M M 8.4 14 70 M M 2 17 230
23 87 73 80 -1 0 15 0.00 M M 8.9 16 50 M M 1 23 60
24 87 74 81 0 0 16 T M M 11.9 22 50 M M 3 27 50
25 87 72 80 -1 0 15 0.00 M M 8.2 20 50 M M 3 25 50
26 85 76 81 0 0 16 0.00 M M 8.0 16 50 M M 6 22 50
27 87 74 81 0 0 16 0.00 M M 7.0 10 180 M M 3 M M
28 87 77 82 1 0 17 0.00 M M 7.8 14 230 M M 4 17 220
29 86 72 79 -2 0 14 0.00 M M 6.8 12 240 M M 2 16 250
30 87 77 82 1 0 17 0.00 M M 6.9 14 20 M M 4 17 30
31 92 74 83 2 0 18 0.00 M M 9.4 25 20 M M 2 33 350
================================================================================
SM 2684 2315 0 493 0.10 M 252.4 M 116
================================================================================
AV 86.6 74.7 8.1 FASTST M M 4 MAX(MPH)
MISC ----> 28 50 33 350
================================================================================
NOTES:
# LAST OF SEVERAL OCCURRENCES
COLUMN 17 PEAK WIND IN M.P.H.
PRELIMINARY LOCAL CLIMATOLOGICAL DATA (WS FORM: F-6) , PAGE 2
STATION: KONA HI
MONTH: JULY
YEAR: 2022
LATITUDE: 19 38 N
LONGITUDE: 156 0 W
[TEMPERATURE DATA] [PRECIPITATION DATA] SYMBOLS USED IN COLUMN 16
AVERAGE MONTHLY: 80.6 TOTAL FOR MONTH: 0.10 1 = FOG OR MIST
DPTR FM NORMAL: 0.1 DPTR FM NORMAL: -0.39 2 = FOG REDUCING VISIBILITY
HIGHEST: 92 ON 31 GRTST 24HR 0.07 ON 4- 4 TO 1/4 MILE OR LESS
LOWEST: 72 ON 29,25 3 = THUNDER
SNOW, ICE PELLETS, HAIL 4 = ICE PELLETS
TOTAL MONTH: M 5 = HAIL
GRTST 24HR M ON M 6 = FREEZING RAIN OR DRIZZLE
GRTST DEPTH: M ON M 7 = DUSTSTORM OR SANDSTORM:
VSBY 1/2 MILE OR LESS
8 = SMOKE OR HAZE
[NO. OF DAYS WITH] [WEATHER - DAYS WITH] 9 = BLOWING SNOW
X = TORNADO
MAX 32 OR BELOW: 0 0.01 INCH OR MORE: 2
MAX 90 OR ABOVE: 1 0.10 INCH OR MORE: 0
MIN 32 OR BELOW: 0 0.50 INCH OR MORE: 0
MIN 0 OR BELOW: 0 1.00 INCH OR MORE: 0
[HDD (BASE 65) ]
TOTAL THIS MO. 0 CLEAR (SCALE 0-3) 10
DPTR FM NORMAL 0 PTCLDY (SCALE 4-7) 20
TOTAL FM JUL 1 0 CLOUDY (SCALE 8-10) 1
DPTR FM NORMAL 0
[CDD (BASE 65) ]
TOTAL THIS MO. 493
DPTR FM NORMAL 13 [PRESSURE DATA]
TOTAL FM JAN 1 2867 HIGHEST SLP 30.10 ON 10
DPTR FM NORMAL 244 LOWEST SLP 29.93 ON 26
[REMARKS]
#FINAL-07-22#