000
CDUS45 KRIW 280731
CLILND


CLIMATE REPORT
NATIONAL WEATHER SERVICE RIVERTON WY
1230 AM MST FRI FEB 28 2020


...................................

...THE LANDER WY CLIMATE SUMMARY FOR FEBRUARY 27 2020...

CLIMATE NORMAL PERIOD 1981 TO 2010
CLIMATE RECORD PERIOD 1891 TO 2020


WEATHER ITEM   OBSERVED TIME   RECORD YEAR NORMAL DEPARTURE LAST
                VALUE   (LST)  VALUE       VALUE  FROM      YEAR
                                                  NORMAL
..................................................................
TEMPERATURE (F)
 YESTERDAY
  MAXIMUM         42    235 PM  68    1932  41      1       28
  MINIMUM         20    659 AM -16    1960  18      2       10
  AVERAGE         31                        29      2       19

PRECIPITATION (IN)
  YESTERDAY        0.00          0.45 1927   0.02  -0.02     0.00
  MONTH TO DATE    1.45                      0.55   0.90     0.33
  SINCE DEC 1      1.78                      1.54   0.24     1.71
  SINCE JAN 1      1.69                      0.96   0.73     1.13

SNOWFALL (IN)
  YESTERDAY        0.0                       0.4   -0.4      0.0
  MONTH TO DATE   20.7                       9.9   10.8      4.0
  SINCE DEC 1     25.6                      27.6   -2.0     23.6
  SINCE JUL 1     57.7                      53.2    4.5     42.1
  SNOW DEPTH      11

DEGREE DAYS
 HEATING
  YESTERDAY       34                        36     -2       46
  MONTH TO DATE 1262                      1079    183     1243
  SINCE DEC 1   3963                      3796    167     4015
  SINCE JUL 1   6055                      5669    386     5861

 COOLING
  YESTERDAY        0                         0      0        0
  MONTH TO DATE    0                         0      0        0
  SINCE DEC 1      0                         0      0        0
  SINCE JAN 1      0                         0      0        0
..................................................................


WIND (MPH)
  HIGHEST WIND SPEED    22   HIGHEST WIND DIRECTION    NW (310)
  HIGHEST GUST SPEED    30   HIGHEST GUST DIRECTION    NW (300)
  AVERAGE WIND SPEED     6.7


SKY COVER
  POSSIBLE SUNSHINE  MM
  AVERAGE SKY COVER 0.0


WEATHER CONDITIONS
 THE FOLLOWING WEATHER WAS RECORDED YESTERDAY.
  NO SIGNIFICANT WEATHER WAS OBSERVED.


RELATIVE HUMIDITY (PERCENT)
 HIGHEST    62          1200 AM
 LOWEST     37           100 PM
 AVERAGE    50

..........................................................


THE LANDER WY CLIMATE NORMALS FOR TODAY
                         NORMAL    RECORD    YEAR
 MAXIMUM TEMPERATURE (F)   41        61      1992
                                             1974
 MINIMUM TEMPERATURE (F)   18       -19      1893


SUNRISE AND SUNSET
FEBRUARY 28 2020......SUNRISE   653 AM MST   SUNSET   603 PM MST
FEBRUARY 29 2020......SUNRISE   651 AM MST   SUNSET   604 PM MST


-  INDICATES NEGATIVE NUMBERS.
R  INDICATES RECORD WAS SET OR TIED.
MM INDICATES DATA IS MISSING.
T  INDICATES TRACE AMOUNT.




$$
