000
CXUS53 KTOP 010810
CF6LWC
PRELIMINARY LOCAL CLIMATOLOGICAL DATA (WS FORM: F-6)
STATION: LAWRENCE KS
MONTH: APRIL
YEAR: 2022
LATITUDE: 39 0 N
LONGITUDE: 95 13 W
TEMPERATURE IN F: :PCPN: SNOW: WIND :SUNSHINE: SKY :PK WND
================================================================================
1 2 3 4 5 6A 6B 7 8 9 10 11 12 13 14 15 16 17 18
12Z AVG MX 2MIN
DY MAX MIN AVG DEP HDD CDD WTR SNW DPTH SPD SPD DIR MIN PSBL S-S WX SPD DR
================================================================================
1 63 25 44 -6 21 0 0.00 M M 8.4 20 140 M M 1 31 140
2 65 36 51 0 14 0 T M M 9.2 24 350 M M 2 32 350
3 71 36 54 3 11 0 0.01 M M 9.1 20 210 M M 4 1 27 210
4 64 37 51 0 14 0 0.00 M M 6.2 21 360 M M 0 12 27 360
5 72 41 57 5 8 0 0.18 M M 10.9 32 340 M M 9 1 45 340
6 65 40 53 1 12 0 T M M 15.6 33 330 M M 4 45 330
7 51 37 44 -8 21 0 0.02 M M 22.2 37 310 M M 6 50 310
8 56 27 42 -10 23 0 0.01 M M 16.0 32 330 M M 7 18 43 330
9 67 22 45 -8 20 0 0.00 M M 9.5 20 150 M M 0 26 170
10 79 48 64 11 1 0 0.00 M M 13.3 30 220 M M 0 44 220
11 69 45 57 4 8 0 T M M 7.6 15 50 M M 3 8 19 330
12 86 48 67 13 0 2 0.15 M M 20.8 41 170 M M 5 13 59 170
13 61 28 45 -9 20 0 0.08 M M 12.6 26 330 M M 6 13 34 320
14 64 27 46 -8 19 0 0.00 M M 11.0 25 260 M M 0 36 240
15 64 41 53 -1 12 0 0.00 M M 9.1 17 10 M M 1 25 20
16 58 33 46 -9 19 0 0.00 M M 9.8 18 360 M M 1 28 350
17 49 39 44 -11 21 0 0.06 M M 9.8 17 60 M M 10 24 80
18 59 30 45 -10 20 0 0.00 M M 10.4 23 320 M M 3 33 310
19 60 24 42 -14 23 0 T M M 11.3 25 130 M M 5 33 140
20 64 44 54 -2 11 0 T M M 10.4 25 150 M M 9 12 35 150
21 81 42 62 6 3 0 0.07 M M 10.0 22 110 M M 7 1238 32 130
22 82 69 76 19 0 11 0.00 M M 19.7 32 190 M M 9 44 180
23 77 55 66 9 0 1 0.75 M M 21.8 40 190 M M 5 13 60 200
24 69 46 58 1 7 0 0.00 M M 9.1 20 330 M M 3 28 290
25 63 37 50 -8 15 0 0.00 M M 11.0 21 340 M M 1 32 320
26 69 29 49 -9 16 0 0.00 M M 6.2 16 170 M M 0 8 20 130
27 79 46 63 5 2 0 0.00 M M 12.3 28 190 M M 2 35 200
28 78 60 69 11 0 4 0.00 M M 13.7 25 150 M M 3 32 140
29 78 57 68 9 0 3 0.34 M M 15.9 40 300 M M 8 13 54 300
30 63 53 58 -1 7 0 0.00 M M 15.3 30 290 M M 6 40 260
================================================================================
SM 2026 1202 348 21 1.67 M 368.2 M 120
================================================================================
AV 67.5 40.1 12.3 FASTST M M 4 MAX(MPH)
MISC ----> 41 170 60 200
================================================================================
NOTES:
# LAST OF SEVERAL OCCURRENCES
COLUMN 17 PEAK WIND IN M.P.H.
PRELIMINARY LOCAL CLIMATOLOGICAL DATA (WS FORM: F-6) , PAGE 2
STATION: LAWRENCE KS
MONTH: APRIL
YEAR: 2022
LATITUDE: 39 0 N
LONGITUDE: 95 13 W
[TEMPERATURE DATA] [PRECIPITATION DATA] SYMBOLS USED IN COLUMN 16
AVERAGE MONTHLY: 53.8 TOTAL FOR MONTH: 1.67 1 = FOG OR MIST
DPTR FM NORMAL: -1.0 DPTR FM NORMAL: -2.36 2 = FOG REDUCING VISIBILITY
HIGHEST: 86 ON 12 GRTST 24HR 0.75 ON 23-23 TO 1/4 MILE OR LESS
LOWEST: 22 ON 9 3 = THUNDER
SNOW, ICE PELLETS, HAIL 4 = ICE PELLETS
TOTAL MONTH: M 5 = HAIL
GRTST 24HR M ON M 6 = FREEZING RAIN OR DRIZZLE
GRTST DEPTH: M ON M 7 = DUSTSTORM OR SANDSTORM:
VSBY 1/2 MILE OR LESS
8 = SMOKE OR HAZE
[NO. OF DAYS WITH] [WEATHER - DAYS WITH] 9 = BLOWING SNOW
X = TORNADO
MAX 32 OR BELOW: 0 0.01 INCH OR MORE: 10
MAX 90 OR ABOVE: 0 0.10 INCH OR MORE: 4
MIN 32 OR BELOW: 8 0.50 INCH OR MORE: 1
MIN 0 OR BELOW: 0 1.00 INCH OR MORE: 0
[HDD (BASE 65) ]
TOTAL THIS MO. 348 CLEAR (SCALE 0-3) 13
DPTR FM NORMAL 21 PTCLDY (SCALE 4-7) 13
TOTAL FM JUL 1 4488 CLOUDY (SCALE 8-10) 4
DPTR FM NORMAL -404
[CDD (BASE 65) ]
TOTAL THIS MO. 21
DPTR FM NORMAL 1 [PRESSURE DATA]
TOTAL FM JAN 1 21 HIGHEST SLP M ON M
DPTR FM NORMAL -3 LOWEST SLP 29.29 ON 12
[REMARKS]
#FINAL-04-22#