894
CXUS52 KTAE 010900
CF6MAI
PRELIMINARY LOCAL CLIMATOLOGICAL DATA (WS FORM: F-6)
STATION: MARIANNA
MONTH: JANUARY
YEAR: 2021
LATITUDE: 30 50 N
LONGITUDE: 85 11 W
TEMPERATURE IN F: :PCPN: SNOW: WIND :SUNSHINE: SKY :PK WND
================================================================================
1 2 3 4 5 6A 6B 7 8 9 10 11 12 13 14 15 16 17 18
12Z AVG MX 2MIN
DY MAX MIN AVG DEP HDD CDD WTR SNW DPTH SPD SPD DIR MIN PSBL S-S WX SPD DR
================================================================================
1 72 66 69 19 0 4 0.28 0.0 M 10.2 20 280 M M 9 1 27 170
2 67 54 61 11 4 0 M 0.0 M 3.9 12 250 M M 8 1 15 250
3 59 38 49 -1 16 0 M 0.0 0 6.6 18 300 M M 3 23 310
4 63 35 49 -1 16 0 0.00 0.0 0 2.2 8 300 M M 0 11 310
5 66 41 54 4 11 0 0.00 0.0 M 5.9 18 340 M M 1 24 350
6 60 33 47 -3 18 0 0.00 0.0 M 2.5 13 80 M M 0 1 15 60
7 53 42 48 -2 17 0 M 0.0 M 6.9 17 60 M M 5 12 20 90
8 50 42 46 -4 19 0 T 0.0 M 11.1 21 300 M M 10 28 320
9 42 38 40 -10 25 0 0.00 0.0 M 10.0 18 320 M M 10 22 320
10 44 36 40 -10 25 0 0.00 0.0 M 4.2 12 50 M M 5 15 30
11 52 40 46 -4 19 0 0.26 0.0 M 7.2 14 340 M M 9 1 17 340
12 52 44 48 -2 17 0 0.00 0.0 0 8.2 16 320 M M 10 21 330
13 52 36 44 -6 21 0 0.00 0.0 0 3.4 9 10 M M 6 12 330
14 63 30 47 -3 18 0 0.00 0.0 M 5.4 16 250 M M 1 1 20 250
15 63 41 52 2 13 0 0.06 0.0 M 9.9 18 270 M M 3 1 24 270
16 53 33 43 -7 22 0 0.00 0.0 M 7.5 21 290 M M 0 26 280
17 59 29 44 -6 21 0 0.00 M M 5.0 14 230 M M 0 19 250
18 61 31 46 -4 19 0 0.00 0.0 M 4.2 17 280 M M 0 8 27 280
19 68 31 50 0 15 0 0.00 0.0 0 2.7 12 200 M M 0 18 14 190
20 70 38 54 4 11 0 0.00 0.0 0 2.7 13 290 M M 1 17 280
21 69 47 58 8 7 0 0.03 0.0 0 7.6 18 230 M M 6 1 22 220
22 64 56 60 10 5 0 1.24 0.0 0 5.4 16 270 M M 10 1 21 250
23 62 50 56 5 9 0 0.00 0.0 0 5.5 14 40 M M 5 15 30
24 67 47 57 6 8 0 0.00 M M 5.2 10 110 M M 7 13 120
25 79 57 68 17 0 3 T M M 10.5 25 220 M M 5 33 210
26 71 67 69 18 0 4 0.98 0.0 M 7.2 16 230 M M 10 13 20 200
27 72 50 61 10 4 0 0.03 0.0 M 7.8 25 330 M M 8 13 36 320
28 57 40 49 -2 16 0 0.00 0.0 M 11.6 23 360 M M 0 29 340
29 60 31 46 -6 19 0 0.00 0.0 M 3.3 10 20 M M 0 13 20
30 66 34 50 -2 15 0 0.00 0.0 M 5.0 14 160 M M 2 18 170
31 71 56 64 12 1 0 T 0.0 M 12.8 24 320 M M 7 1 31 220
================================================================================
SM 1907 1313 411 11 2.88 0.0 201.6 M 141
================================================================================
AV 61.5 42.4 6.5 FASTST M M 5 MAX(MPH)
MISC ----> # 25 220 36 320
================================================================================
NOTES:
# LAST OF SEVERAL OCCURRENCES
COLUMN 17 PEAK WIND IN M.P.H.
PRELIMINARY LOCAL CLIMATOLOGICAL DATA (WS FORM: F-6) , PAGE 2
STATION: MARIANNA
MONTH: JANUARY
YEAR: 2021
LATITUDE: 30 50 N
LONGITUDE: 85 11 W
[TEMPERATURE DATA] [PRECIPITATION DATA] SYMBOLS USED IN COLUMN 16
AVERAGE MONTHLY: 51.9 TOTAL FOR MONTH: 2.88 1 = FOG OR MIST
DPTR FM NORMAL: 1.6 DPTR FM NORMAL: -2.16 2 = FOG REDUCING VISIBILITY
HIGHEST: 79 ON 25 GRTST 24HR 2.97 ON 26-27 TO 1/4 MILE OR LESS
LOWEST: 29 ON 17 3 = THUNDER
SNOW, ICE PELLETS, HAIL 4 = ICE PELLETS
TOTAL MONTH: 0.0 INCH 5 = HAIL
GRTST 24HR 0.0 6 = FREEZING RAIN OR DRIZZLE
GRTST DEPTH: 0 7 = DUSTSTORM OR SANDSTORM:
VSBY 1/2 MILE OR LESS
8 = SMOKE OR HAZE
[NO. OF DAYS WITH] [WEATHER - DAYS WITH] 9 = BLOWING SNOW
X = TORNADO
MAX 32 OR BELOW: 0 0.01 INCH OR MORE: 7
MAX 90 OR ABOVE: 0 0.10 INCH OR MORE: 4
MIN 32 OR BELOW: 5 0.50 INCH OR MORE: 2
MIN 0 OR BELOW: 0 1.00 INCH OR MORE: 1
[HDD (BASE 65) ]
TOTAL THIS MO. 411 CLEAR (SCALE 0-3) 14
DPTR FM NORMAL -50 PTCLDY (SCALE 4-7) 9
TOTAL FM JUL 1 957 CLOUDY (SCALE 8-10) 8
DPTR FM NORMAL -142
[CDD (BASE 65) ]
TOTAL THIS MO. 11
DPTR FM NORMAL 7 [PRESSURE DATA]
TOTAL FM JAN 1 11 HIGHEST SLP 30.43 ON 28
DPTR FM NORMAL 7 LOWEST SLP 29.74 ON 15
[REMARKS]
#FINAL-01-21#