000
CXUS52 KTAE 010900
CF6MAI
PRELIMINARY LOCAL CLIMATOLOGICAL DATA (WS FORM: F-6)
STATION: MARIANNA
MONTH: NOVEMBER
YEAR: 2023
LATITUDE: 30 50 N
LONGITUDE: 85 11 W
TEMPERATURE IN F: :PCPN: SNOW: WIND :SUNSHINE: SKY :PK WND
================================================================================
1 2 3 4 5 6A 6B 7 8 9 10 11 12 13 14 15 16 17 18
12Z AVG MX 2MIN
DY MAX MIN AVG DEP HDD CDD WTR SNW DPTH SPD SPD DIR MIN PSBL S-S WX SPD DR
================================================================================
1 61 35 48 -16 17 0 0.00 0.0 0 10.3 21 50 M M 0 31 30
2 68 32 50 -13 15 0 0.00 M M 7.5 16 60 M M 0 21 70
3 76 43 60 -3 5 0 0.00 0.0 M 7.5 15 50 M M 1 19 50
4 79 44 62 -1 3 0 0.00 0.0 M 3.6 13 20 M M 0 18 30
5 81 41 61 -1 4 0 0.00 0.0 M 3.6 15 350 M M 0 23 10
6 83 43 63 1 2 0 0.00 0.0 M 1.5 9 210 M M 0 16 290
7 83 46 65 3 0 0 0.00 0.0 0 3.3 12 250 M M 0 14 260
8 82 49 66 5 0 1 0.00 0.0 0 3.3 10 220 M M 2 12 14 220
9 81 51 66 5 0 1 0.00 0.0 0 1.7 13 210 M M 4 12 18 210
10 79 56 68 7 0 3 0.00 M M 4.5 15 350 M M 7 12 18 10
11 74 56 65 5 0 0 0.01 0.0 M 9.7 17 70 M M 9 23 70
12 68 54 61 1 4 0 0.00 0.0 0 9.9 15 50 M M 9 20 50
13 69 56 63 3 2 0 0.01 0.0 0 10.1 17 40 M M 6 22 30
14 66 54 60 0 5 0 0.09 0.0 0 10.2 21 70 M M 10 27 60
15 62 52 57 -3 8 0 1.08 0.0 0 14.4 23 60 M M 10 1 31 50
16 72 56 64 5 1 0 0.02 0.0 0 12.1 22 60 M M 9 1 29 50
17 71 59 65 6 0 0 0.00 0.0 0 5.7 13 50 M M 8 1 15 60
18 78 52 65 6 0 0 0.00 0.0 0 5.8 16 340 M M 1 1 22 340
19 75 44 60 2 5 0 0.00 0.0 0 2.2 10 200 M M 0 15 210
20 77 46 62 4 3 0 0.00 0.0 0 3.9 12 110 M M 1 19 100
21 75 63 69 11 0 4 0.62 0.0 0 9.5 20 170 M M 7 1 28 170
22 63 44 54 -4 11 0 0.00 0.0 0 9.6 20 320 M M 4 27 330
23 58 38 48 -10 17 0 0.01 0.0 0 1.5 8 270 M M 2 12 30
24 68 46 57 0 8 0 0.02 0.0 0 2.6 13 280 M M 4 16 280
25 72 42 57 0 8 0 0.00 0.0 0 1.8 8 120 M M 0 12 350
26 57 54 56 -1 9 0 0.94 0.0 M 6.8 15 50 M M 9 1 18 60
27 58 45 52 -5 13 0 0.00 M M 8.0 16 330 M M 1 20 330
28 59 37 48 -9 17 0 0.00 0.0 M 6.7 17 340 M M 0 29 330
29 57 28 43 -13 22 0 0.00 0.0 M 1.9 12 30 M M 0 19 360
30 64 29 47 -9 18 0 0.00 0.0 M 2.3 12 120 M M 0 16 140
================================================================================
SM 2116 1395 197 9 2.80 0.0 181.5 M 104
================================================================================
AV 70.5 46.5 6.1 FASTST M M 3 MAX(MPH)
MISC ----> 23 60 # 31 30
================================================================================
NOTES:
# LAST OF SEVERAL OCCURRENCES
COLUMN 17 PEAK WIND IN M.P.H.
PRELIMINARY LOCAL CLIMATOLOGICAL DATA (WS FORM: F-6) , PAGE 2
STATION: MARIANNA
MONTH: NOVEMBER
YEAR: 2023
LATITUDE: 30 50 N
LONGITUDE: 85 11 W
[TEMPERATURE DATA] [PRECIPITATION DATA] SYMBOLS USED IN COLUMN 16
AVERAGE MONTHLY: 58.5 TOTAL FOR MONTH: 2.80 1 = FOG OR MIST
DPTR FM NORMAL: -1.1 DPTR FM NORMAL: -0.87 2 = FOG REDUCING VISIBILITY
HIGHEST: 83 ON 7, 6 GRTST 24HR 1.08 ON 14-15 TO 1/4 MILE OR LESS
LOWEST: 28 ON 29 3 = THUNDER
SNOW, ICE PELLETS, HAIL 4 = ICE PELLETS
TOTAL MONTH: 0.0 INCH 5 = HAIL
GRTST 24HR 0.0 6 = FREEZING RAIN OR DRIZZLE
GRTST DEPTH: 0 7 = DUSTSTORM OR SANDSTORM:
VSBY 1/2 MILE OR LESS
8 = SMOKE OR HAZE
[NO. OF DAYS WITH] [WEATHER - DAYS WITH] 9 = BLOWING SNOW
X = TORNADO
MAX 32 OR BELOW: 0 0.01 INCH OR MORE: 9
MAX 90 OR ABOVE: 0 0.10 INCH OR MORE: 3
MIN 32 OR BELOW: 3 0.50 INCH OR MORE: 3
MIN 0 OR BELOW: 0 1.00 INCH OR MORE: 1
[HDD (BASE 65) ]
TOTAL THIS MO. 197 CLEAR (SCALE 0-3) 17
DPTR FM NORMAL -4 PTCLDY (SCALE 4-7) 7
TOTAL FM JUL 1 228 CLOUDY (SCALE 8-10) 6
DPTR FM NORMAL -13
[CDD (BASE 65) ]
TOTAL THIS MO. 9
DPTR FM NORMAL -29 [PRESSURE DATA]
TOTAL FM JAN 1 2858 HIGHEST SLP 30.42 ON 2
DPTR FM NORMAL 121 LOWEST SLP 29.81 ON 18
[REMARKS]
#FINAL-11-23#