000
CXUS53 KDMX 030246
CF6MIW
PRELIMINARY LOCAL CLIMATOLOGICAL DATA (WS FORM: F-6)
STATION: MARSHALLTOWN IA
MONTH: JUNE
YEAR: 2021
LATITUDE: 42 6 N
LONGITUDE: 92 55 W
TEMPERATURE IN F: :PCPN: SNOW: WIND :SUNSHINE: SKY :PK WND
================================================================================
1 2 3 4 5 6A 6B 7 8 9 10 11 12 13 14 15 16 17 18
12Z AVG MX 2MIN
DY MAX MIN AVG DEP HDD CDD WTR SNW DPTH SPD SPD DIR MIN PSBL S-S WX SPD DR
================================================================================
1 76 52 64 -2 1 0 0.00 0.0 0 7.3 14 150 M M 2 8 23 150
2 80 50 65 -1 0 0 0.00 0.0 0 4.9 12 130 M M 1 16 130
3 86 55 71 4 0 6 0.00 0.0 0 10.3 20 250 M M 0 26 250
4 88 59 74 7 0 9 0.00 0.0 0 11.1 20 240 M M 0 27 230
5 91 66 79 12 0 14 0.00 0.0 0 13.4 23 190 M M 0 33 220
6 86 65 76 8 0 11 0.00 0.0 0 12.9 28 200 M M 1 34 190
7 89 66 78 10 0 13 0.00 0.0 0 8.3 17 170 M M 1 23 160
8 89 63 76 8 0 11 T 0.0 0 6.9 20 110 M M 1 1 24 120
9 91 65 78 9 0 13 0.00 0.0 0 4.6 13 100 M M 1 19 120
10 94 67 81 12 0 16 0.00 0.0 0 5.8 13 200 M M 1 17 210
11 90 68 79 10 0 14 0.00 0.0 0 8.1 35 310 M M 0 45 310
12 88 63 76 7 0 11 0.00 0.0 0 12.3 22 340 M M 1 31 20
13 92 52 72 2 0 7 0.00 0.0 0 5.6 13 270 M M 0 18 290
14 87 62 75 5 0 10 0.00 0.0 0 7.9 15 340 M M 0 19 360
15 88 52 70 0 0 5 0.00 0.0 0 7.2 17 10 M M 0 24 360
16 87 57 72 2 0 7 0.00 0.0 0 10.8 17 150 M M 0 27 130
17 99 67 83 13 0 18 T 0.0 0 12.4 21 180 M M 1 3 30 190
18 91 66 79 8 0 14 0.00 0.0 0 6.0 15 220 M M 0 24 220
19 87 63 75 4 0 10 0.00 0.0 0 7.7 17 350 M M 0 23 360
20 81 61 71 0 0 6 0.85 0.0 0 11.4 29 330 M M 5 13 42 340
21 70 49 60 -11 5 0 0.00 0.0 0 14.4 26 330 M M 2 43 320
22 81 45 63 -8 2 0 0.34 0.0 0 8.7 25 240 M M 4 13 32 240
23 84 60 72 1 0 7 0.02 0.0 0 14.0 21 200 M M 5 1 28 190
24 85 69 77 5 0 12 0.14 0.0 0 10.1 23 200 M M 3 33 220
25 84 68 76 4 0 11 0.22 0.0 0 5.8 25 30 M M 6 1 32 30
26 79 66 73 1 0 8 0.21 0.0 0 11.0 18 290 M M 8 18 27 210
27 80 62 71 -1 0 6 T 0.0 0 5.4 13 310 M M 4 1 17 290
28 82 65 74 2 0 9 0.00 0.0 0 5.8 12 190 M M 2 16 170
29 80 70 75 3 0 10 0.05 0.0 0 6.6 15 320 M M 5 1 21 330
30 86 65 76 4 0 11 0.00 0.0 0 4.1 10 350 M M 3 12 14 320
================================================================================
SM 2571 1838 8 269 1.83 0.0 260.8 M 57
================================================================================
AV 85.7 61.3 8.7 FASTST M M 2 MAX(MPH)
MISC ----> 35 310 45 310
================================================================================
NOTES:
# LAST OF SEVERAL OCCURRENCES
COLUMN 17 PEAK WIND IN M.P.H.
PRELIMINARY LOCAL CLIMATOLOGICAL DATA (WS FORM: F-6) , PAGE 2
STATION: MARSHALLTOWN IA
MONTH: JUNE
YEAR: 2021
LATITUDE: 42 6 N
LONGITUDE: 92 55 W
[TEMPERATURE DATA] [PRECIPITATION DATA] SYMBOLS USED IN COLUMN 16
AVERAGE MONTHLY: 73.5 TOTAL FOR MONTH: 1.83 1 = FOG OR MIST
DPTR FM NORMAL: 3.8 DPTR FM NORMAL: -3.49 2 = FOG REDUCING VISIBILITY
HIGHEST: 99 ON 17 GRTST 24HR 0.85 ON 20-20 TO 1/4 MILE OR LESS
LOWEST: 45 ON 22 3 = THUNDER
SNOW, ICE PELLETS, HAIL 4 = ICE PELLETS
TOTAL MONTH: 0.0 INCH 5 = HAIL
GRTST 24HR 0.0 6 = FREEZING RAIN OR DRIZZLE
GRTST DEPTH: 0 7 = DUSTSTORM OR SANDSTORM:
VSBY 1/2 MILE OR LESS
8 = SMOKE OR HAZE
[NO. OF DAYS WITH] [WEATHER - DAYS WITH] 9 = BLOWING SNOW
X = TORNADO
MAX 32 OR BELOW: 0 0.01 INCH OR MORE: 7
MAX 90 OR ABOVE: 7 0.10 INCH OR MORE: 5
MIN 32 OR BELOW: 0 0.50 INCH OR MORE: 1
MIN 0 OR BELOW: 0 1.00 INCH OR MORE: 0
[HDD (BASE 65) ]
TOTAL THIS MO. 8 CLEAR (SCALE 0-3) 23
DPTR FM NORMAL -18 PTCLDY (SCALE 4-7) 7
TOTAL FM JUL 1 7059 CLOUDY (SCALE 8-10) 0
DPTR FM NORMAL 69
[CDD (BASE 65) ]
TOTAL THIS MO. 269
DPTR FM NORMAL 100 [PRESSURE DATA]
TOTAL FM JAN 1 345 HIGHEST SLP 30.18 ON 1
DPTR FM NORMAL 122 LOWEST SLP 29.49 ON 20
[REMARKS]
#FINAL-06-21#