000
CXUS56 KPQR 011201
CF6MMV
PRELIMINARY LOCAL CLIMATOLOGICAL DATA (WS FORM: F-6)
STATION: MCMINNVILLE OR
MONTH: SEPTEMBER
YEAR: 2023
LATITUDE: 45 11 N
LONGITUDE: 123 8 W
TEMPERATURE IN F: :PCPN: SNOW: WIND :SUNSHINE: SKY :PK WND
================================================================================
1 2 3 4 5 6A 6B 7 8 9 10 11 12 13 14 15 16 17 18
12Z AVG MX 2MIN
DY MAX MIN AVG DEP HDD CDD WTR SNW DPTH SPD SPD DIR MIN PSBL S-S WX SPD DR
================================================================================
1 81 60 71 5 0 6 0.00 M M 7.8 16 40 M M 5 1 21 70
2 89 56 73 7 0 8 0.24 M M 5.0 21 160 M M 2 13 27 170
3 74 56 65 0 0 0 0.00 M M 7.8 17 270 M M 6 22 280
4 67 53 60 -5 5 0 0.01 M M 3.0 10 250 M M 9 1 12 250
5 74 51 63 -2 2 0 0.00 M M 3.4 12 20 M M 3 14 80
6 79 45 62 -3 3 0 0.00 M M 3.3 16 260 M M 4 1 20 260
7 76 54 65 0 0 0 0.00 M M 4.1 9 330 M M 6 12 320
8 80 46 63 -1 2 0 0.00 M M 2.5 10 80 M M 0 13 80
9 86 47 67 3 0 2 0.00 M M 3.5 13 230 M M 0 15 220
10 82 51 67 3 0 2 0.00 M M 4.3 15 250 M M 0 18 250
11 77 53 65 1 0 0 0.00 M M 4.8 14 260 M M 5 17 260
12 79 49 64 0 1 0 0.00 M M 4.0 15 250 M M 3 19 250
13 82 52 67 3 0 2 0.00 M M 4.4 15 20 M M 2 8 20 30
14 90 48 69 6 0 4 0.00 M M 3.1 10 360 M M 0 1 12 360
15 94 49 72 9 0 7 0.00 M M 3.3 8 280 M M 0 12 60
16 83 51 67 4 0 2 0.00 M M 4.6 17 220 M M 0 21 230
17 76 46 61 -1 4 0 0.00 M M 2.8 9 10 M M 0 13 10
18 74 47 61 -1 4 0 T M M 4.8 14 360 M M 4 8 20 20
19 73 43 58 -4 7 0 0.00 M M 3.1 14 220 M M 1 16 220
20 70 48 59 -3 6 0 0.00 M M 5.0 13 320 M M 6 17 320
21 76 40 58 -3 7 0 0.00 M M 2.5 9 360 M M 0 12 13 20
22 77 40 59 -2 6 0 0.00 M M 3.1 12 240 M M 0 15 240
23 67 52 60 -1 5 0 0.09 M M 4.0 12 210 M M 6 1 16 210
24 60 50 55 -5 10 0 0.27 M M 3.3 13 160 M M 10 128 17 160
25 64 54 59 -1 6 0 1.00 M M 7.8 22 180 M M 10 1 31 180
26 66 51 59 -1 6 0 0.11 M M 8.7 25 180 M M 8 1 34 170
27 63 47 55 -5 10 0 0.42 M M 10.1 22 200 M M 7 18 32 170
28 65 47 56 -3 9 0 0.06 M M 4.6 12 210 M M 9 18 17 200
29 67 53 60 1 5 0 0.10 M M 6.5 14 10 M M 9 18 19 20
30 69 43 56 -2 9 0 0.00 M M 6.0 18 10 M M 1 1 26 350
================================================================================
SM 2260 1482 107 33 2.30 M 141.2 M 116
================================================================================
AV 75.3 49.4 4.7 FASTST M M 4 MAX(MPH)
MISC ----> 25 180 34 170
================================================================================
NOTES:
# LAST OF SEVERAL OCCURRENCES
COLUMN 17 PEAK WIND IN M.P.H.
PRELIMINARY LOCAL CLIMATOLOGICAL DATA (WS FORM: F-6) , PAGE 2
STATION: MCMINNVILLE OR
MONTH: SEPTEMBER
YEAR: 2023
LATITUDE: 45 11 N
LONGITUDE: 123 8 W
[TEMPERATURE DATA] [PRECIPITATION DATA] SYMBOLS USED IN COLUMN 16
AVERAGE MONTHLY: 62.4 TOTAL FOR MONTH: 2.30 1 = FOG OR MIST
DPTR FM NORMAL: -0.2 DPTR FM NORMAL: 1.00 2 = FOG REDUCING VISIBILITY
HIGHEST: 94 ON 15 GRTST 24HR 1.10 ON 24-25 TO 1/4 MILE OR LESS
LOWEST: 40 ON 22,21 3 = THUNDER
SNOW, ICE PELLETS, HAIL 4 = ICE PELLETS
TOTAL MONTH: M 5 = HAIL
GRTST 24HR M ON M 6 = FREEZING RAIN OR DRIZZLE
GRTST DEPTH: M ON M 7 = DUSTSTORM OR SANDSTORM:
VSBY 1/2 MILE OR LESS
8 = SMOKE OR HAZE
[NO. OF DAYS WITH] [WEATHER - DAYS WITH] 9 = BLOWING SNOW
X = TORNADO
MAX 32 OR BELOW: 0 0.01 INCH OR MORE: 9
MAX 90 OR ABOVE: 2 0.10 INCH OR MORE: 6
MIN 32 OR BELOW: 0 0.50 INCH OR MORE: 1
MIN 0 OR BELOW: 0 1.00 INCH OR MORE: 1
[HDD (BASE 65) ]
TOTAL THIS MO. 107 CLEAR (SCALE 0-3) 13
DPTR FM NORMAL -5 PTCLDY (SCALE 4-7) 12
TOTAL FM JUL 1 118 CLOUDY (SCALE 8-10) 5
DPTR FM NORMAL -53
[CDD (BASE 65) ]
TOTAL THIS MO. 33
DPTR FM NORMAL -7 [PRESSURE DATA]
TOTAL FM JAN 1 473 HIGHEST SLP 30.16 ON 27
DPTR FM NORMAL 191 LOWEST SLP 29.76 ON 25
[REMARKS]
#FINAL-09-23#