000
CXUS54 KFWD 010730
CF6MWL
PRELIMINARY LOCAL CLIMATOLOGICAL DATA (WS FORM: F-6)
STATION: MINERAL WELLS
MONTH: MAY
YEAR: 2022
LATITUDE: 32 46 N
LONGITUDE: 98 4 W
TEMPERATURE IN F: :PCPN: SNOW: WIND :SUNSHINE: SKY :PK WND
================================================================================
1 2 3 4 5 6A 6B 7 8 9 10 11 12 13 14 15 16 17 18
12Z AVG MX 2MIN
DY MAX MIN AVG DEP HDD CDD WTR SNW DPTH SPD SPD DIR MIN PSBL S-S WX SPD DR
================================================================================
1 85 49 67 -1 0 2 0.26 M M 8.7 23 110 M M 3 3 30 130
2 88 65 77 8 0 12 1.05 M M 12.8 25 40 M M 5 13 33 30
3 74 52 63 -6 2 0 0.12 M M 9.1 20 20 M M 10 13 28 20
4 85 60 73 4 0 8 T M M 10.4 22 150 M M 7 128 29 150
5 80 58 69 0 0 4 T M M 8.9 31 320 M M 3 41 290
6 88 52 70 0 0 5 0.00 M M 6.6 17 110 M M 0 1 21 120
7 92 69 81 11 0 16 0.00 M M 14.2 25 130 M M 4 34 120
8 102 73 88 18 0 23 0.00 M M 14.1 22 160 M M 0 18 33 160
9 98 74 86 15 0 21 0.00 M M 15.5 25 160 M M 1 8 35 200
10 93 75 84 13 0 19 0.00 M M 14.2 22 130 M M 2 30 150
11 94 71 83 12 0 18 0.00 M M 12.5 22 120 M M 0 29 140
12 97 67 82 10 0 17 0.00 M M 12.7 22 120 M M 0 30 140
13 98 69 84 12 0 19 T M M 10.3 38 160 M M 0 3 54 170
14 94 61 78 6 0 13 0.00 M M 6.7 17 200 M M 0 25 210
15 101 68 85 13 0 20 T M M 11.1 24 80 M M 0 34 90
16 93 65 79 6 0 14 0.00 M M 9.1 22 120 M M 0 30 120
17 98 72 85 12 0 20 0.00 M M 13.4 24 150 M M 0 37 160
18 101 69 85 12 0 20 0.00 M M 13.1 23 180 M M 0 32 170
19 101 71 86 12 0 21 0.00 M M 15.0 25 150 M M 0 36 160
20 99 74 87 13 0 22 0.00 M M 15.4 24 140 M M 0 34 140
21 84 64 74 0 0 9 0.00 M M 13.6 24 350 M M 6 33 340
22 74 59 67 -8 0 2 0.00 M M 11.1 23 20 M M 7 34 10
23 77 60 69 -6 0 4 0.07 M M 8.0 17 110 M M 9 24 120
24 70 60 65 -10 0 0 2.63 M M 9.5 23 80 M M 10 138 44 70
25 74 56 65 -11 0 0 0.00 M M 11.5 26 300 M M 7 41 310
26 90 51 71 -5 0 6 0.00 M M 6.9 21 310 M M 0 1 30 270
27 93 55 74 -2 0 9 0.00 M M 5.7 14 130 M M 0 20 100
28 97 66 82 6 0 17 0.00 M M 15.1 25 160 M M 0 38 180
29 96 70 83 6 0 18 0.00 M M 16.1 28 150 M M 0 44 160
30 94 74 84 7 0 19 0.00 M M 17.2 24 190 M M 4 37 170
31 95 75 85 8 0 20 0.00 M M 15.4 22 150 M M 4 33 200
================================================================================
SM 2805 2004 2 398 4.13 M 363.9 M 82
================================================================================
AV 90.5 64.6 11.7 FASTST M M 3 MAX(MPH)
MISC ----> 38 160 54 170
================================================================================
NOTES:
# LAST OF SEVERAL OCCURRENCES
COLUMN 17 PEAK WIND IN M.P.H.
PRELIMINARY LOCAL CLIMATOLOGICAL DATA (WS FORM: F-6) , PAGE 2
STATION: MINERAL WELLS
MONTH: MAY
YEAR: 2022
LATITUDE: 32 46 N
LONGITUDE: 98 4 W
[TEMPERATURE DATA] [PRECIPITATION DATA] SYMBOLS USED IN COLUMN 16
AVERAGE MONTHLY: 77.6 TOTAL FOR MONTH: 4.13 1 = FOG OR MIST
DPTR FM NORMAL: 4.8 DPTR FM NORMAL: 0.13 2 = FOG REDUCING VISIBILITY
HIGHEST: 102 ON 8 GRTST 24HR 2.65 ON 23-24 TO 1/4 MILE OR LESS
LOWEST: 49 ON 1 3 = THUNDER
SNOW, ICE PELLETS, HAIL 4 = ICE PELLETS
TOTAL MONTH: M 5 = HAIL
GRTST 24HR M ON M 6 = FREEZING RAIN OR DRIZZLE
GRTST DEPTH: M ON M 7 = DUSTSTORM OR SANDSTORM:
VSBY 1/2 MILE OR LESS
8 = SMOKE OR HAZE
[NO. OF DAYS WITH] [WEATHER - DAYS WITH] 9 = BLOWING SNOW
X = TORNADO
MAX 32 OR BELOW: 0 0.01 INCH OR MORE: 5
MAX 90 OR ABOVE: 20 0.10 INCH OR MORE: 4
MIN 32 OR BELOW: 0 0.50 INCH OR MORE: 2
MIN 0 OR BELOW: 0 1.00 INCH OR MORE: 2
[HDD (BASE 65) ]
TOTAL THIS MO. 2 CLEAR (SCALE 0-3) 20
DPTR FM NORMAL -14 PTCLDY (SCALE 4-7) 8
TOTAL FM JUL 1 2083 CLOUDY (SCALE 8-10) 3
DPTR FM NORMAL -322
[CDD (BASE 65) ]
TOTAL THIS MO. 398
DPTR FM NORMAL 142 [PRESSURE DATA]
TOTAL FM JAN 1 598 HIGHEST SLP M ON M
DPTR FM NORMAL 204 LOWEST SLP 29.45 ON 19
[REMARKS]
#FINAL-05-22#