000
CXUS54 KLZK 011231
CF6MWT
PRELIMINARY LOCAL CLIMATOLOGICAL DATA (WS FORM: F-6)
STATION: MOUNT IDA
MONTH: DECEMBER
YEAR: 2021
LATITUDE: 34 32 N
LONGITUDE: 93 35 W
TEMPERATURE IN F: :PCPN: SNOW: WIND :SUNSHINE: SKY :PK WND
================================================================================
1 2 3 4 5 6A 6B 7 8 9 10 11 12 13 14 15 16 17 18
12Z AVG MX 2MIN
DY MAX MIN AVG DEP HDD CDD WTR SNW DPTH SPD SPD DIR MIN PSBL S-S WX SPD DR
================================================================================
1 72 45 59 12 6 0 0.00 0.0 0 2.2 10 240 M M 1 1 20 280
2 80 37 59 13 6 0 0.00 0.0 0 0.8 9 220 M M 0 1 12 220
3 69 41 55 9 10 0 0.00 0.0 0 1.6 10 260 M M 6 1 18 240
4 72 57 65 19 0 0 0.00 0.0 0 2.1 12 140 M M 9 12 13 130
5 72 57 65 19 0 0 0.01 0.0 M 3.5 12 230 M M 10 1 20 240
6 69 29 49 4 16 0 0.17 0.0 0 4.0 14 320 M M 2 1 24 310
7 50 25 38 -7 27 0 0.00 0.0 0 2.7 13 130 M M 3 18 140
8 61 30 46 1 19 0 0.00 0.0 0 1.8 10 140 M M 0 18 150
9 66 49 58 13 7 0 0.00 0.0 0 2.4 13 150 M M 8 12 18 170
10 77 55 66 22 0 1 0.22 0.0 0 6.1 14 250 M M 5 1 26 220
11 70 27 49 5 16 0 0.00 0.0 M 5.4 15 310 M M 0 30 340
12 55 22 39 -5 26 0 0.00 0.0 0 1.7 10 140 M M 0 17 140
13 65 26 46 2 19 0 0.00 0.0 0 0.0 M M M M 0 M M
14 70 48 59 15 6 0 0.12 0.0 0 2.6 10 200 M M 10 1 17 190
15 74 69 72 28 0 7 T 0.0 M 7.8 15 200 M M 9 27 200
16 73 55 64 21 1 0 0.25 0.0 0 3.1 13 220 M M 9 1 24 210
17 70 51 61 18 4 0 0.37 0.0 M 1.0 7 99 M M 10 1 M M
18 68 36 52 9 13 0 1.27 0.0 0 4.1 15 340 M M 5 1 22 180
19 47 27 37 -6 28 0 0.00 0.0 0 0.8 8 50 M M 1 1 14 50
20 40 25 33 -10 32 0 0.02 T 0 0.4 5 310 M M 7 124 6 310
21 62 27 45 2 20 0 0.00 0.0 0 0.6 10 320 M M 0 1 13 240
22 59 29 44 2 21 0 0.00 0.0 0 1.5 10 150 M M 0 14 160
23 65 30 48 6 17 0 0.00 0.0 0 4.0 12 210 M M 5 25 200
24 72 62 67 25 0 2 0.00 0.0 0 7.2 18 240 M M 6 30 220
25 78 54 66 24 0 1 0.00 0.0 0 3.8 13 240 M M 2 24 240
26 70 50 60 18 5 0 0.00 0.0 0 3.7 12 200 M M 5 1 22 220
27 74 57 66 24 0 1 0.00 0.0 0 2.9 10 240 M M 3 1 18 220
28 76 53 65 23 0 0 T 0.0 0 4.6 14 220 M M 7 1 26 240
29 59 44 52 10 13 0 0.80 0.0 0 1.0 7 320 M M 8 1 14 80
30 69 53 61 19 4 0 0.00 0.0 M 0.7 8 220 M M 6 1 13 210
31 70 51 61 19 4 0 T 0.0 0 2.1 10 210 M M 6 18 19 250
================================================================================
SM 2074 1321 320 12 3.23 T 86.2 M 143
================================================================================
AV 66.9 42.6 2.8 FASTST M M 5 MAX(MPH)
MISC ----> 18 240 # 30 340
================================================================================
NOTES:
# LAST OF SEVERAL OCCURRENCES
COLUMN 17 PEAK WIND IN M.P.H.
PRELIMINARY LOCAL CLIMATOLOGICAL DATA (WS FORM: F-6) , PAGE 2
STATION: MOUNT IDA
MONTH: DECEMBER
YEAR: 2021
LATITUDE: 34 32 N
LONGITUDE: 93 35 W
[TEMPERATURE DATA] [PRECIPITATION DATA] SYMBOLS USED IN COLUMN 16
AVERAGE MONTHLY: 54.8 TOTAL FOR MONTH: 3.23 1 = FOG OR MIST
DPTR FM NORMAL: 11.2 DPTR FM NORMAL: -1.59 2 = FOG REDUCING VISIBILITY
HIGHEST: 80 ON 2 GRTST 24HR 1.36 ON 17-18 TO 1/4 MILE OR LESS
LOWEST: 22 ON 12 3 = THUNDER
SNOW, ICE PELLETS, HAIL 4 = ICE PELLETS
TOTAL MONTH: T 5 = HAIL
GRTST 24HR T ON 20-20 6 = FREEZING RAIN OR DRIZZLE
GRTST DEPTH: 0 7 = DUSTSTORM OR SANDSTORM:
VSBY 1/2 MILE OR LESS
8 = SMOKE OR HAZE
[NO. OF DAYS WITH] [WEATHER - DAYS WITH] 9 = BLOWING SNOW
X = TORNADO
MAX 32 OR BELOW: 0 0.01 INCH OR MORE: 9
MAX 90 OR ABOVE: 0 0.10 INCH OR MORE: 7
MIN 32 OR BELOW: 11 0.50 INCH OR MORE: 2
MIN 0 OR BELOW: 0 1.00 INCH OR MORE: 1
[HDD (BASE 65) ]
TOTAL THIS MO. 320 CLEAR (SCALE 0-3) 12
DPTR FM NORMAL -345 PTCLDY (SCALE 4-7) 13
TOTAL FM JUL 1 842 CLOUDY (SCALE 8-10) 6
DPTR FM NORMAL -403
[CDD (BASE 65) ]
TOTAL THIS MO. 12
DPTR FM NORMAL 10 [PRESSURE DATA]
TOTAL FM JAN 1 2006 HIGHEST SLP 30.40 ON 19
DPTR FM NORMAL 77 LOWEST SLP 29.52 ON 28
[REMARKS]
#FINAL-12-21#