000
CDUS45 KRIW 080745
CLIP60


CLIMATE REPORT
NATIONAL WEATHER SERVICE RIVERTON WY
145 AM MDT WED APR 8 2020


...................................

...THE LAKE YELLOWSTONE WY CLIMATE SUMMARY FOR APRIL 7 2020...

CLIMATE NORMAL PERIOD 1981 TO 2010
CLIMATE RECORD PERIOD 1998 TO 2020


WEATHER ITEM   OBSERVED TIME   RECORD YEAR NORMAL DEPARTURE LAST
                VALUE   (LST)  VALUE       VALUE  FROM      YEAR
                                                  NORMAL
..................................................................
TEMPERATURE (F)
 YESTERDAY
  MAXIMUM         42    424 PM  54    2016  42      0       38
                                      2005
  MINIMUM         29    125 AM  -4    2010  16     13       30
                                      2009
  AVERAGE         36                        29      7       34

PRECIPITATION (IN)
  YESTERDAY        0.02          0.50 2013   0.08  -0.06     0.03
  MONTH TO DATE    0.95                      0.45   0.50     0.60
  SINCE MAR 1      4.56                      1.66   2.90     1.73
  SINCE JAN 1     10.20                      5.18   5.02     6.33

DEGREE DAYS
 HEATING
  YESTERDAY       29                        36     -7       31
  MONTH TO DATE  303                       258     45      226
  SINCE MAR 1   1649                      1560     89     1663
  SINCE JUL 1  10038                      9497    541     9800

 COOLING
  YESTERDAY        0                         0      0        0
  MONTH TO DATE    0                         0      0        0
  SINCE MAR 1      0                         0      0        0
  SINCE JAN 1      0                         0      0        0
..................................................................


WIND (MPH)
  HIGHEST WIND SPEED    15   HIGHEST WIND DIRECTION     W (270)
  HIGHEST GUST SPEED    32   HIGHEST GUST DIRECTION     W (270)
  AVERAGE WIND SPEED     6.1


SKY COVER
  POSSIBLE SUNSHINE  MM
  AVERAGE SKY COVER 0.0


WEATHER CONDITIONS
 THE FOLLOWING WEATHER WAS RECORDED YESTERDAY.
  NO SIGNIFICANT WEATHER WAS OBSERVED.


RELATIVE HUMIDITY (PERCENT)
 HIGHEST    92          1200 AM
 LOWEST     53           300 PM
 AVERAGE    73

..........................................................


THE LAKE YELLOWSTONE WY CLIMATE NORMALS FOR TODAY
                         NORMAL    RECORD    YEAR
 MAXIMUM TEMPERATURE (F)   42        54      2016
 MINIMUM TEMPERATURE (F)   16         4      2003


SUNRISE AND SUNSET
APRIL  8 2020.........SUNRISE   649 AM MDT   SUNSET   759 PM MDT
APRIL  9 2020.........SUNRISE   647 AM MDT   SUNSET   800 PM MDT


-  INDICATES NEGATIVE NUMBERS.
R  INDICATES RECORD WAS SET OR TIED.
MM INDICATES DATA IS MISSING.
T  INDICATES TRACE AMOUNT.




$$
