273
CXUS56 KLKN 041314
CF6P68
PRELIMINARY LOCAL CLIMATOLOGICAL DATA (WS FORM: F-6)
STATION: EUREKA AIRPORT NV
MONTH: MARCH
YEAR: 2020
LATITUDE: 39 30 N
LONGITUDE: 115 58 W
TEMPERATURE IN F: :PCPN: SNOW: WIND :SUNSHINE: SKY :PK WND
================================================================================
1 2 3 4 5 6A 6B 7 8 9 10 11 12 13 14 15 16 17 18
12Z AVG MX 2MIN
DY MAX MIN AVG DEP HDD CDD WTR SNW DPTH SPD SPD DIR MIN PSBL S-S WX SPD DR
================================================================================
1 33 15 24 -9 41 0 0.17 M M 11.7 23 10 M M M 28 360
2 41 5 23 -11 42 0 0.00 M M 4.4 18 360 M M M 22 350
3 52 18 35 1 30 0 0.00 M M 5.2 17 360 M M M 23 10
4 62 21 42 8 23 0 0.00 M M 6.7 13 200 M M M 17 280
5 66 26 46 12 19 0 0.00 M M 9.5 22 180 M M M 28 170
6 63 31 47 12 18 0 0.00 M M 9.3 25 170 M M M 33 180
7 55 33 44 9 21 0 0.01 M M 12.4 29 170 M M M 36 170
8 51 26 39 4 26 0 0.01 M M 3.8 12 170 M M M 16 170
9 50 25 38 2 27 0 0.00 M M 3.9 15 360 M M M 20 20
10 57 17 37 1 28 0 0.00 M M 6.7 17 160 M M M 23 160
11 61 24 43 7 22 0 0.00 M M 5.1 17 10 M M M 23 20
12 59 21 40 4 25 0 0.00 M M 7.4 17 360 M M M 22 360
13 61 15 38 2 27 0 0.00 M M 7.9 23 160 M M M 29 260
14 53 40 47 10 18 0 0.00 M M 21.9 36 170 M M M 45 170
15 55 36 46 9 19 0 0.00 M M 17.8 30 170 M M M 39 190
16 55 33 44 7 21 0 0.05 M M 15.0 36 160 M M M 42 160
17 44 29 37 0 28 0 0.13 M M 11.1 30 180 M M M 37 180
18 42 17 30 -8 35 0 0.00 M M 5.4 22 230 M M M 26 230
19 44 17 31 -7 34 0 0.00 M M 4.3 24 190 M M M 29 180
20 47 17 32 -6 33 0 0.00 M M 4.4 18 190 M M M 22 190
21 50 19 35 -3 30 0 0.00 M M 3.8 14 10 M M M 16 20
22 53 20 37 -1 28 0 0.00 M M 6.3 14 230 M M M 19 230
23 52 20 36 -2 29 0 0.00 M M 7.2 23 280 M M M 30 290
24 58 18 38 -1 27 0 0.00 M M 10.1 28 270 M M M 35 270
25 43 16 30 -9 35 0 0.25 M M 5.7 17 10 M M M 21 20
26 39 14 27 -12 38 0 0.00 M M 6.8 18 320 M M M 25 300
27 44 12 28 -11 37 0 0.00 M M 7.2 21 290 M M M 27 290
28 44 30 37 -2 28 0 0.00 M M 4.0 16 200 M M M 22 200
29 48 24 36 -4 29 0 0.07 M M 4.4 18 260 M M M 23 270
30 57 21 39 -1 26 0 0.00 M M 7.8 22 260 M M M 31 270
31 65 30 48 8 17 0 0.00 M M 12.3 29 270 M M M 39 250
================================================================================
SM 1604 690 861 0 0.69 M 249.5 M M
================================================================================
AV 51.7 22.3 8.0 FASTST M M 4 MAX(MPH)
MISC ----> # 36 170 # 45 170
================================================================================
NOTES:
# LAST OF SEVERAL OCCURRENCES
COLUMN 17 PEAK WIND IN M.P.H.
PRELIMINARY LOCAL CLIMATOLOGICAL DATA (WS FORM: F-6) , PAGE 2
STATION: EUREKA AIRPORT NV
MONTH: MARCH
YEAR: 2020
LATITUDE: 39 30 N
LONGITUDE: 115 58 W
[TEMPERATURE DATA] [PRECIPITATION DATA] SYMBOLS USED IN COLUMN 16
AVERAGE MONTHLY: 37.0 TOTAL FOR MONTH: 0.69 1 = FOG OR MIST
DPTR FM NORMAL: 0.1 DPTR FM NORMAL: -0.24 2 = FOG REDUCING VISIBILITY
HIGHEST: 66 ON 5 GRTST 24HR 0.25 ON 25-25 TO 1/4 MILE OR LESS
LOWEST: 5 ON 2 3 = THUNDER
SNOW, ICE PELLETS, HAIL 4 = ICE PELLETS
TOTAL MONTH: M 5 = HAIL
GRTST 24HR M ON M 6 = FREEZING RAIN OR DRIZZLE
GRTST DEPTH: M ON M 7 = DUSTSTORM OR SANDSTORM:
VSBY 1/2 MILE OR LESS
8 = SMOKE OR HAZE
[NO. OF DAYS WITH] [WEATHER - DAYS WITH] 9 = BLOWING SNOW
X = TORNADO
MAX 32 OR BELOW: 0 0.01 INCH OR MORE: 7
MAX 90 OR ABOVE: 0 0.10 INCH OR MORE: 3
MIN 32 OR BELOW: 27 0.50 INCH OR MORE: 0
MIN 0 OR BELOW: 0 1.00 INCH OR MORE: 0
[HDD (BASE 65) ]
TOTAL THIS MO. 861 CLEAR (SCALE 0-3) 0
DPTR FM NORMAL -10 PTCLDY (SCALE 4-7) 0
TOTAL FM JUL 1 5951 CLOUDY (SCALE 8-10) 0
DPTR FM NORMAL -205
[CDD (BASE 65) ]
TOTAL THIS MO. 0
DPTR FM NORMAL 0 [PRESSURE DATA]
TOTAL FM JAN 1 0 HIGHEST SLP 30.29 ON 5
DPTR FM NORMAL 0 LOWEST SLP 29.50 ON 13
[REMARKS]
#FINAL-03-20#