000
CXUS54 KEWX 011010
CF6PEZ
PRELIMINARY LOCAL CLIMATOLOGICAL DATA (WS FORM: F-6)
STATION: PLEASANTON MUNICIPAL AIRPORT
MONTH: JULY
YEAR: 2021
LATITUDE: 28 57 N
LONGITUDE: 98 31 W
TEMPERATURE IN F: :PCPN: SNOW: WIND :SUNSHINE: SKY :PK WND
================================================================================
1 2 3 4 5 6A 6B 7 8 9 10 11 12 13 14 15 16 17 18
12Z AVG MX 2MIN
DY MAX MIN AVG DEP HDD CDD WTR SNW DPTH SPD SPD DIR MIN PSBL S-S WX SPD DR
================================================================================
1 94 73 84 M 0 19 0.00 M M 2.7 9 140 M M 3 24 130
2 95 73 84 M 0 19 0.00 M M 2.9 8 110 M M 1 20 150
3 96 74 85 M 0 20 0.00 M M 4.6 12 80 M M 1 20 90
4 94 77 86 M 0 21 0.03 M M 4.5 10 150 M M 3 33 100
5 93 76 85 M 0 20 0.28 M M 4.4 14 110 M M 7 3 25 110
6 86 73 80 M 0 15 1.64 M M 6.8 13 90 M M 7 1 21 100
7 84 73 79 M 0 14 0.15 M M 9.1 18 70 M M 9 28 70
8 85 74 80 M 0 15 0.54 M M 8.4 17 60 M M 9 22 60
9 83 74 79 M 0 14 1.74 M M 5.2 13 150 M M 8 3 28 150
10 90 74 82 M 0 17 0.06 M M 5.5 14 170 M M 6 1 25 150
11 92 75 84 M 0 19 0.00 M M 5.0 13 160 M M 5 1 23 150
12 94 76 85 M 0 20 0.00 M M 7.2 17 160 M M 4 22 170
13 88 74 81 M 0 16 0.00 M M 4.9 15 70 M M 3 13 18 80
14 92 73 83 M 0 18 0.07 M M 4.0 13 80 M M 3 13 20 110
15 93 74 84 M 0 19 0.00 M M 6.6 14 150 M M 4 1 25 160
16 93 76 85 M 0 20 0.00 M M 10.5 17 160 M M 4 28 160
17 94 75 85 M 0 20 0.00 M M 7.0 15 140 M M 4 23 150
18 95 73 84 M 0 19 0.00 M M 3.5 9 150 M M 2 1 17 200
19 95 75 85 M 0 20 0.00 M M 2.5 15 30 M M 3 1 28 110
20 94 75 85 M 0 20 0.00 M M 4.2 13 70 M M 3 21 70
21 93 73 83 M 0 18 0.53 M M 4.2 14 120 M M 3 20 0
22 91 71 81 M 0 16 0.62 M M 3.9 27 150 M M 3 13 33 150
23 94 77 86 M 0 21 0.00 M M 9.1 14 170 M M 3 1 21 160
24 96 77 87 M 0 22 0.00 M M 7.3 13 150 M M 4 22 150
25 96 73 85 M 0 20 0.00 M M 4.3 10 140 M M 1 1 16 160
26 95 75 85 M 0 20 0.00 M M 3.0 6 160 M M 1 1 M M
27 96 72 84 M 0 19 0.00 M M 2.5 7 290 M M 1 1 M M
28 95 73 84 M 0 19 0.00 M M 2.3 7 120 M M 1 M M
29 95 74 85 M 0 20 0.00 M M 2.5 9 120 M M 2 M M
30 83 72 78 M 0 13 0.00 M M 1.8 8 150 M M 2 M M
31 M M M M M M 0.00 M M 3.7 13 160 M M 1 1 20 160
================================================================================
SM 2764 2224 0 553 5.66 M 154.1 M 111
================================================================================
AV 92.1 74.1 5.0 FASTST M M 4 MAX(MPH)
MISC ----> 27 150 33 150
================================================================================
NOTES:
# LAST OF SEVERAL OCCURRENCES
COLUMN 17 PEAK WIND IN M.P.H.
PRELIMINARY LOCAL CLIMATOLOGICAL DATA (WS FORM: F-6) , PAGE 2
STATION: PLEASANTON MUNICIPAL AIRPORT
MONTH: JULY
YEAR: 2021
LATITUDE: 28 57 N
LONGITUDE: 98 31 W
[TEMPERATURE DATA] [PRECIPITATION DATA] SYMBOLS USED IN COLUMN 16
AVERAGE MONTHLY: 83.1 TOTAL FOR MONTH: 5.66 1 = FOG OR MIST
DPTR FM NORMAL: 0.0 DPTR FM NORMAL: M 2 = FOG REDUCING VISIBILITY
HIGHEST: 96 ON 27,25 GRTST 24HR 1.74 ON 9- 9 TO 1/4 MILE OR LESS
LOWEST: 71 ON 22 3 = THUNDER
SNOW, ICE PELLETS, HAIL 4 = ICE PELLETS
TOTAL MONTH: 0.0 INCH 5 = HAIL
GRTST 24HR M ON M 6 = FREEZING RAIN OR DRIZZLE
GRTST DEPTH: 0 7 = DUSTSTORM OR SANDSTORM:
VSBY 1/2 MILE OR LESS
8 = SMOKE OR HAZE
[NO. OF DAYS WITH] [WEATHER - DAYS WITH] 9 = BLOWING SNOW
X = TORNADO
MAX 32 OR BELOW: 0 0.01 INCH OR MORE: 10
MAX 90 OR ABOVE: 24 0.10 INCH OR MORE: 7
MIN 32 OR BELOW: 0 0.50 INCH OR MORE: 5
MIN 0 OR BELOW: 0 1.00 INCH OR MORE: 2
[HDD (BASE 65) ]
TOTAL THIS MO. 0 CLEAR (SCALE 0-3) 16
DPTR FM NORMAL M PTCLDY (SCALE 4-7) 13
TOTAL FM JUL 1 0 CLOUDY (SCALE 8-10) 2
DPTR FM NORMAL M
[CDD (BASE 65) ]
TOTAL THIS MO. 553
DPTR FM NORMAL M [PRESSURE DATA]
TOTAL FM JAN 1 1919 HIGHEST SLP M ON M
DPTR FM NORMAL M LOWEST SLP M ON M
[REMARKS]
#FINAL-07-21#