000
CXUS51 KRLX 011148
CF6PKB
PRELIMINARY LOCAL CLIMATOLOGICAL DATA (WS FORM: F-6)
STATION: PARKERSBURG WV
MONTH: MARCH
YEAR: 2022
LATITUDE: 39 20 N
LONGITUDE: 81 26 W
TEMPERATURE IN F: :PCPN: SNOW: WIND :SUNSHINE: SKY :PK WND
================================================================================
1 2 3 4 5 6A 6B 7 8 9 10 11 12 13 14 15 16 17 18
12Z AVG MX 2MIN
DY MAX MIN AVG DEP HDD CDD WTR SNW DPTH SPD SPD DIR MIN PSBL S-S WX SPD DR
================================================================================
1 64 27 46 7 19 0 0.00 M M 6.2 16 200 M M 4 22 260
2 63 35 49 10 16 0 T M M 4.8 18 290 M M 5 26 280
3 54 28 41 2 24 0 0.03 M M 8.0 15 320 M M 5 1 22 330
4 53 22 38 -2 27 0 0.00 M M 4.0 8 50 M M 1 13 30
5 78 37 58 18 7 0 0.00 M M 6.7 23 200 M M 0 29 210
6 70 58 64 24 1 0 0.22 M M 10.3 20 190 M M 9 1 27 190
7 67 38 53 13 12 0 1.16 M M 11.5 32 290 M M 8 1 44 280
8 44 34 39 -2 26 0 0.02 M M 4.0 18 310 M M 6 1 26 310
9 42 29 36 -5 29 0 0.28 M M 3.3 9 310 M M 8 1 13 330
10 52 25 39 -3 26 0 0.00 M M 1.2 10 90 M M 5 12 14 50
11 62 28 45 3 20 0 0.21 M M 5.8 23 310 M M 4 128 34 320
12 30 18 24 -18 41 0 0.42 M M 12.0 26 290 M M 9 128 37 290
13 41 10 26 -16 39 0 0.00 M M 8.0 21 180 M M 2 8 30 210
14 61 30 46 3 19 0 0.00 M M 7.2 17 200 M M 0 23 200
15 67 31 49 6 16 0 0.00 M M 3.5 14 220 M M 2 8 18 210
16 70 35 53 10 12 0 0.00 M M 3.6 12 170 M M 2 16 170
17 72 47 60 16 5 0 0.00 M M 2.5 12 310 M M 4 16 310
18 73 41 57 13 8 0 0.01 M M 4.1 18 200 M M 4 1 23 190
19 63 42 53 9 12 0 0.02 M M 10.8 24 260 M M 9 39 270
20 58 37 48 3 17 0 T M M 9.0 21 310 M M 7 1 28 290
21 73 31 52 7 13 0 0.00 M M 3.1 14 310 M M 1 8 21 310
22 69 44 57 11 8 0 0.00 M M 4.4 14 70 M M 0 20 80
23 76 53 65 19 0 0 0.53 M M 8.1 23 150 M M 8 13 34 150
24 62 45 54 8 11 0 0.00 M M 8.0 21 270 M M 5 27 290
25 48 34 41 -6 24 0 T M M 8.3 18 240 M M 8 3 29 280
26 42 32 37 -10 28 0 0.22 M M 11.5 23 290 M M 10 13 37 290
27 36 29 33 -14 32 0 T M M 12.4 22 310 M M 10 8 30 320
28 40 22 31 -17 34 0 0.00 M M 10.0 25 300 M M 2 34 270
29 46 18 32 -16 33 0 0.05 M M 2.6 8 100 M M 3 11 40
30 83 36 60 12 5 0 0.01 M M 10.7 23 220 M M 3 32 160
31 74 43 59 10 6 0 0.04 M M 13.8 28 210 M M 7 1 41 200
================================================================================
SM 1833 1039 570 0 3.22 M 219.4 M 151
================================================================================
AV 59.1 33.5 7.1 FASTST M M 5 MAX(MPH)
MISC ----> 32 290 44 280
================================================================================
NOTES:
# LAST OF SEVERAL OCCURRENCES
COLUMN 17 PEAK WIND IN M.P.H.
PRELIMINARY LOCAL CLIMATOLOGICAL DATA (WS FORM: F-6) , PAGE 2
STATION: PARKERSBURG WV
MONTH: MARCH
YEAR: 2022
LATITUDE: 39 20 N
LONGITUDE: 81 26 W
[TEMPERATURE DATA] [PRECIPITATION DATA] SYMBOLS USED IN COLUMN 16
AVERAGE MONTHLY: 46.3 TOTAL FOR MONTH: 3.22 1 = FOG OR MIST
DPTR FM NORMAL: 2.7 DPTR FM NORMAL: -0.45 2 = FOG REDUCING VISIBILITY
HIGHEST: 83 ON 30 GRTST 24HR 1.19 ON 6- 7 TO 1/4 MILE OR LESS
LOWEST: 10 ON 13 3 = THUNDER
SNOW, ICE PELLETS, HAIL 4 = ICE PELLETS
TOTAL MONTH: M 5 = HAIL
GRTST 24HR M ON M 6 = FREEZING RAIN OR DRIZZLE
GRTST DEPTH: M ON M 7 = DUSTSTORM OR SANDSTORM:
VSBY 1/2 MILE OR LESS
8 = SMOKE OR HAZE
[NO. OF DAYS WITH] [WEATHER - DAYS WITH] 9 = BLOWING SNOW
X = TORNADO
MAX 32 OR BELOW: 1 0.01 INCH OR MORE: 14
MAX 90 OR ABOVE: 0 0.10 INCH OR MORE: 7
MIN 32 OR BELOW: 15 0.50 INCH OR MORE: 2
MIN 0 OR BELOW: 0 1.00 INCH OR MORE: 1
[HDD (BASE 65) ]
TOTAL THIS MO. 570 CLEAR (SCALE 0-3) 10
DPTR FM NORMAL -97 PTCLDY (SCALE 4-7) 15
TOTAL FM JUL 1 4024 CLOUDY (SCALE 8-10) 6
DPTR FM NORMAL -387
[CDD (BASE 65) ]
TOTAL THIS MO. 0
DPTR FM NORMAL -2 [PRESSURE DATA]
TOTAL FM JAN 1 0 HIGHEST SLP 30.50 ON 4
DPTR FM NORMAL -2 LOWEST SLP 29.40 ON 31
[REMARKS]
#FINAL-03-22#