000
CDUS45 KRIW 260747
CLIRIW


CLIMATE REPORT
NATIONAL WEATHER SERVICE RIVERTON WY
1237 AM MST WED FEB 26 2020


...................................

...THE RIVERTON WY CLIMATE SUMMARY FOR FEBRUARY 25 2020...

CLIMATE NORMAL PERIOD 1981 TO 2010
CLIMATE RECORD PERIOD 1995 TO 2020


WEATHER ITEM   OBSERVED TIME   RECORD YEAR NORMAL DEPARTURE LAST
                VALUE   (LST)  VALUE       VALUE  FROM      YEAR
                                                  NORMAL
..................................................................
TEMPERATURE (F)
 YESTERDAY
  MAXIMUM         24   1122 AM  58    2009  40    -16       34
  MINIMUM          6   1156 PM -12    2002  16    -10       12
  AVERAGE         15                        28    -13       23

PRECIPITATION (IN)
  YESTERDAY        0.00          0.33 2000   0.01  -0.01     0.00
  MONTH TO DATE    0.78                      0.23   0.55     0.22
  SINCE DEC 1      1.09                      0.79   0.30     0.58
  SINCE JAN 1      1.05                      0.47   0.58     0.41

SNOWFALL (IN)
  YESTERDAY        0.0                                       0.0
  MONTH TO DATE   13.7                                       3.7
  SINCE DEC 1     18.7                                      10.1
  SINCE JUL 1     33.0                                      23.2
  SNOW DEPTH       9

DEGREE DAYS
 HEATING
  YESTERDAY       50                        37     13       42
  MONTH TO DATE 1274                      1032    242     1202
  SINCE DEC 1   4177                      3831    346     4157
  SINCE JUL 1   6366                      5747    619     6106

 COOLING
  YESTERDAY        0                         0      0        0
  MONTH TO DATE    0                         0      0        0
  SINCE DEC 1      0                         0      0        0
  SINCE JAN 1      0                         0      0        0
..................................................................


WIND (MPH)
  HIGHEST WIND SPEED    30   HIGHEST WIND DIRECTION     N (10)
  HIGHEST GUST SPEED    42   HIGHEST GUST DIRECTION     N (10)
  AVERAGE WIND SPEED     9.1


SKY COVER
  POSSIBLE SUNSHINE  MM
  AVERAGE SKY COVER 0.3


WEATHER CONDITIONS
 THE FOLLOWING WEATHER WAS RECORDED YESTERDAY.
  NO SIGNIFICANT WEATHER WAS OBSERVED.


RELATIVE HUMIDITY (PERCENT)
 HIGHEST    84          1200 AM
 LOWEST     54          1100 AM
 AVERAGE    69

..........................................................


THE RIVERTON WY CLIMATE NORMALS FOR TODAY
                         NORMAL    RECORD    YEAR
 MAXIMUM TEMPERATURE (F)   40        55      2016
 MINIMUM TEMPERATURE (F)   17       -12      2002


SUNRISE AND SUNSET
FEBRUARY 26 2020......SUNRISE   655 AM MST   SUNSET   559 PM MST
FEBRUARY 27 2020......SUNRISE   654 AM MST   SUNSET   600 PM MST


-  INDICATES NEGATIVE NUMBERS.
R  INDICATES RECORD WAS SET OR TIED.
MM INDICATES DATA IS MISSING.
T  INDICATES TRACE AMOUNT.




$$
