000
CDUS45 KRIW 240049
CLIRKS


CLIMATE REPORT
NATIONAL WEATHER SERVICE RIVERTON WY
548 PM MST SUN FEB 23 2020


...................................

...THE ROCK SPRINGS WY CLIMATE SUMMARY FOR FEBRUARY 23 2020...
VALID TODAY AS OF 0500 PM LOCAL TIME.

CLIMATE NORMAL PERIOD 1981 TO 2010
CLIMATE RECORD PERIOD 1948 TO 2020


WEATHER ITEM   OBSERVED TIME   RECORD YEAR NORMAL DEPARTURE LAST
                VALUE   (LST)  VALUE       VALUE  FROM      YEAR
                                                  NORMAL
..................................................................
TEMPERATURE (F)
 TODAY
  MAXIMUM         35        MM  54    2002  36     -1       20
  MINIMUM         11        MM  -5    1969  17     -6        1
  AVERAGE         23                        26     -3       11

PRECIPITATION (IN)
  TODAY            0.00                      0.02  -0.02      T
  MONTH TO DATE    0.03                      0.40  -0.37     0.13
  SINCE DEC 1      0.18                      1.35  -1.17     0.49
  SINCE JAN 1      0.04                      0.85  -0.81     0.37

DEGREE DAYS
 HEATING
  TODAY           42                        39      3       54
  MONTH TO DATE 1038                       958     80     1136
  SINCE DEC 1   3799                      3669    130     4027
  SINCE JUL 1   5914                      5662    252     5941

 COOLING
  TODAY            0                         0      0        0
  MONTH TO DATE    0                         0      0        0
  SINCE DEC 1      0                         0      0        0
  SINCE JAN 1      0                         0      0        0
..................................................................


WIND (MPH)
  HIGHEST WIND SPEED    21   HIGHEST WIND DIRECTION    SW (240)
  HIGHEST GUST SPEED    37   HIGHEST GUST DIRECTION     W (250)
  AVERAGE WIND SPEED    10.1


SKY COVER
  POSSIBLE SUNSHINE  MM
  AVERAGE SKY COVER 0.0


WEATHER CONDITIONS
 THE FOLLOWING WEATHER WAS RECORDED TODAY.
  NO SIGNIFICANT WEATHER WAS OBSERVED.


RELATIVE HUMIDITY (PERCENT)
 HIGHEST    92           600 AM
 LOWEST     47           200 PM
 AVERAGE    70

..........................................................


THE ROCK SPRINGS WY CLIMATE NORMALS FOR TOMORROW
                         NORMAL    RECORD    YEAR
 MAXIMUM TEMPERATURE (F)   36        55      1981
 MINIMUM TEMPERATURE (F)   17       -14      1960


SUNRISE AND SUNSET
FEBRUARY 23 2020......SUNRISE   701 AM MST   SUNSET   559 PM MST
FEBRUARY 24 2020......SUNRISE   659 AM MST   SUNSET   600 PM MST


-  INDICATES NEGATIVE NUMBERS.
R  INDICATES RECORD WAS SET OR TIED.
MM INDICATES DATA IS MISSING.
T  INDICATES TRACE AMOUNT.




$$
