000
CXUS52 KMLB 092052 CCA
CF6VRB
PRELIMINARY LOCAL CLIMATOLOGICAL DATA (WS FORM: F-6)
STATION: VERO BEACH
MONTH: JANUARY
YEAR: 2023
LATITUDE: 27 39 N
LONGITUDE: 80 25 W
TEMPERATURE IN F: :PCPN: SNOW: WIND :SUNSHINE: SKY :PK WND
================================================================================
1 2 3 4 5 6A 6B 7 8 9 10 11 12 13 14 15 16 17 18
12Z AVG MX 2MIN
DY MAX MIN AVG DEP HDD CDD WTR SNW DPTH SPD SPD DIR MIN PSBL S-S WX SPD DR
================================================================================
1 84 63 74 11 0 9 0.00 0.0 0 3.6 15 40 M M 4 12 17 30
2 81 58 70 7 0 5 0.00 0.0 0 5.3 12 70 M M 5 12 15 30
3 82 67 75 12 0 10 0.00 0.0 0 10.2 17 140 M M 2 21 140
4 85 63 74 11 0 9 0.00 0.0 0 8.5 18 200 M M 2 12 23 160
5 84 65 75 12 0 10 T 0.0 0 8.1 17 310 M M 6 12 22 220
6 72 46 59 -4 6 0 0.00 0.0 0 7.8 20 340 M M 2 27 340
7 74 48 61 -2 4 0 0.00 0.0 0 6.4 16 350 M M 0 20 350
8 78 50 64 1 1 0 0.00 0.0 0 4.8 14 140 M M 4 19 110
9 78 53 66 3 0 1 0.00 0.0 0 4.4 13 310 M M 0 1 19 320
10 77 52 65 2 0 0 0.00 0.0 0 4.1 12 250 M M 1 1 14 240
11 73 46 60 -2 5 0 0.00 0.0 0 4.1 12 360 M M 0 14 340
12 78 47 63 1 2 0 0.00 0.0 0 5.6 18 130 M M 1 1 22 130
13 75 52 64 2 1 0 T 0.0 0 13.2 28 270 M M 4 35 280
14 56 40 48 -14 17 0 0.00 0.0 0 13.3 24 300 M M 0 32 300
15 62 35 49 -13 16 0 0.00 0.0 0 6.4 15 310 M M 0 19 310
16 69 33 51 -11 14 0 0.00 0.0 0 3.6 9 80 M M 0 1 13 230
17 77 38 58 -4 7 0 0.00 0.0 0 4.2 17 200 M M 0 24 200
18 78 46 62 0 3 0 0.00 0.0 0 4.9 17 130 M M 1 12 21 130
19 84 55 70 8 0 5 0.00 0.0 0 7.3 16 190 M M 0 1 21 190
20 83 63 73 11 0 8 0.00 0.0 0 5.1 16 270 M M 5 1 19 260
21 80 62 71 9 0 6 0.00 0.0 0 6.2 14 20 M M 6 1 16 20
22 86 65 76 14 0 11 0.00 0.0 0 10.1 22 230 M M 3 30 240
23 71 60 66 3 0 1 0.26 0.0 0 8.4 16 330 M M 4 1 20 340
24 75 52 64 1 1 0 0.00 0.0 0 10.5 17 110 M M 5 22 110
25 86 67 77 14 0 12 T 0.0 0 10.6 21 180 M M 5 1 25 210
26 72 60 66 3 0 1 0.04 0.0 0 7.6 15 340 M M 5 1 17 320
27 66 51 59 -4 6 0 0.00 0.0 0 11.8 22 340 M M 9 27 360
28 73 63 68 5 0 3 0.00 0.0 0 11.4 16 70 M M 10 23 80
29 80 64 72 9 0 7 0.00 0.0 0 10.5 18 120 M M 2 25 110
30 84 62 73 10 0 8 0.00 0.0 0 5.1 15 120 M M 3 12 18 140
31 83 60 72 9 0 7 0.00 0.0 0 4.5 14 130 M M 4 12 16 130
================================================================================
SM 2386 1686 83 113 0.30 0.0 227.6 M 93
================================================================================
AV 77.0 54.4 7.3 FASTST M M 3 MAX(MPH)
MISC ----> 28 270 35 280
================================================================================
NOTES:
# LAST OF SEVERAL OCCURRENCES
COLUMN 17 PEAK WIND IN M.P.H.
PRELIMINARY LOCAL CLIMATOLOGICAL DATA (WS FORM: F-6) , PAGE 2
STATION: VERO BEACH
MONTH: JANUARY
YEAR: 2023
LATITUDE: 27 39 N
LONGITUDE: 80 25 W
[TEMPERATURE DATA] [PRECIPITATION DATA] SYMBOLS USED IN COLUMN 16
AVERAGE MONTHLY: 65.7 TOTAL FOR MONTH: 0.30 1 = FOG OR MIST
DPTR FM NORMAL: 2.9 DPTR FM NORMAL: -2.44 2 = FOG REDUCING VISIBILITY
HIGHEST: 86 ON 25,22 GRTST 24HR 0.26 ON 23-23 TO 1/4 MILE OR LESS
LOWEST: 33 ON 16 3 = THUNDER
SNOW, ICE PELLETS, HAIL 4 = ICE PELLETS
TOTAL MONTH: 0.0 INCH 5 = HAIL
GRTST 24HR 0.0 6 = FREEZING RAIN OR DRIZZLE
GRTST DEPTH: 0 7 = DUSTSTORM OR SANDSTORM:
VSBY 1/2 MILE OR LESS
8 = SMOKE OR HAZE
[NO. OF DAYS WITH] [WEATHER - DAYS WITH] 9 = BLOWING SNOW
X = TORNADO
MAX 32 OR BELOW: 0 0.01 INCH OR MORE: 2
MAX 90 OR ABOVE: 0 0.10 INCH OR MORE: 1
MIN 32 OR BELOW: 0 0.50 INCH OR MORE: 0
MIN 0 OR BELOW: 0 1.00 INCH OR MORE: 0
[HDD (BASE 65) ]
TOTAL THIS MO. 83 CLEAR (SCALE 0-3) 16
DPTR FM NORMAL -54 PTCLDY (SCALE 4-7) 13
TOTAL FM JUL 1 156 CLOUDY (SCALE 8-10) 2
DPTR FM NORMAL -97
[CDD (BASE 65) ]
TOTAL THIS MO. 113
DPTR FM NORMAL 45 [PRESSURE DATA]
TOTAL FM JAN 1 113 HIGHEST SLP 30.34 ON 28
DPTR FM NORMAL 45 LOWEST SLP 29.80 ON 13
[REMARKS]
#FINAL-01-23#