000
CXUS55 KRIW 011010
CF6WRL
PRELIMINARY LOCAL CLIMATOLOGICAL DATA (WS FORM: F-6)
STATION: WORLAND WY
MONTH: SEPTEMBER
YEAR: 2023
LATITUDE: 43 58 N
LONGITUDE: 107 57 W
TEMPERATURE IN F: :PCPN: SNOW: WIND :SUNSHINE: SKY :PK WND
================================================================================
1 2 3 4 5 6A 6B 7 8 9 10 11 12 13 14 15 16 17 18
12Z AVG MX 2MIN
DY MAX MIN AVG DEP HDD CDD WTR SNW DPTH SPD SPD DIR MIN PSBL S-S WX SPD DR
================================================================================
1 91 47 69 4 0 4 0.00 M M 7.6 28 200 M M 1 37 210
2 89 54 72 7 0 7 0.00 M M 4.5 16 160 M M 1 19 150
3 91 54 73 9 0 8 0.00 M M 6.8 25 330 M M 2 3 34 40
4 65 54 60 -4 5 0 1.39 M M 6.2 20 310 M M 8 13 26 320
5 72 49 61 -3 4 0 0.00 M M 3.9 14 330 M M 2 18 18 330
6 82 49 66 3 0 1 0.00 M M 5.9 13 120 M M 0 17 310
7 82 52 67 4 0 2 0.01 M M 4.8 10 220 M M 2 15 110
8 84 48 66 4 0 1 0.00 M M 5.2 21 280 M M 1 37 270
9 78 51 65 3 0 0 T M M 4.6 14 330 M M 2 17 320
10 73 48 61 -1 4 0 0.00 M M 3.9 9 250 M M 3 13 20
11 77 45 61 0 4 0 0.00 M M 3.0 14 120 M M 1 17 120
12 85 43 64 3 1 0 0.00 M M 3.9 13 180 M M 1 15 180
13 82 47 65 4 0 0 0.01 M M 7.5 28 330 M M 4 8 39 330
14 74 51 63 3 2 0 0.00 M M 5.6 15 120 M M 2 23 100
15 76 45 61 1 4 0 0.00 M M 3.7 12 130 M M 0 16 130
16 81 43 62 3 3 0 0.00 M M 3.5 14 160 M M 0 8 15 160
17 83 42 63 4 2 0 0.00 M M 4.5 10 190 M M 0 14 30
18 83 41 62 4 3 0 0.00 M M 4.1 23 280 M M 0 31 280
19 82 45 64 6 1 0 0.00 M M 6.4 16 160 M M 0 20 160
20 79 43 61 3 4 0 T M M 6.0 20 240 M M 1 26 240
21 71 42 57 0 8 0 0.12 M M 7.5 26 340 M M 2 13 35 350
22 64 46 55 -2 10 0 0.09 M M 7.1 22 330 M M 7 13 30 340
23 63 41 52 -4 13 0 0.11 M M 4.2 10 150 M M 6 1 14 340
24 72 37 55 -1 10 0 0.00 M M 4.0 9 180 M M 0 13 340
25 80 36 58 3 7 0 0.00 M M 4.6 12 170 M M 0 13 150
26 85 39 62 7 3 0 0.00 M M 5.7 15 150 M M 0 19 140
27 86 39 63 9 2 0 0.00 M M 6.0 20 190 M M 0 29 190
28 68 40 54 0 11 0 0.00 M M 4.1 16 320 M M 1 24 320
29 78 36 57 4 8 0 0.00 M M 4.1 10 360 M M 0 14 350
30 78 37 58 5 7 0 0.00 M M 3.8 14 20 M M 0 19 20
================================================================================
SM 2354 1344 116 23 1.73 M 152.7 M 47
================================================================================
AV 78.5 44.8 5.1 FASTST M M 2 MAX(MPH)
MISC ----> # 28 200 39 330
================================================================================
NOTES:
# LAST OF SEVERAL OCCURRENCES
COLUMN 17 PEAK WIND IN M.P.H.
PRELIMINARY LOCAL CLIMATOLOGICAL DATA (WS FORM: F-6) , PAGE 2
STATION: WORLAND WY
MONTH: SEPTEMBER
YEAR: 2023
LATITUDE: 43 58 N
LONGITUDE: 107 57 W
[TEMPERATURE DATA] [PRECIPITATION DATA] SYMBOLS USED IN COLUMN 16
AVERAGE MONTHLY: 61.6 TOTAL FOR MONTH: 1.73 1 = FOG OR MIST
DPTR FM NORMAL: 2.3 DPTR FM NORMAL: 0.80 2 = FOG REDUCING VISIBILITY
HIGHEST: 91 ON 3, 1 GRTST 24HR 1.39 ON 4- 4 TO 1/4 MILE OR LESS
LOWEST: 36 ON 29,25 3 = THUNDER
SNOW, ICE PELLETS, HAIL 4 = ICE PELLETS
TOTAL MONTH: M 5 = HAIL
GRTST 24HR M ON M 6 = FREEZING RAIN OR DRIZZLE
GRTST DEPTH: M ON M 7 = DUSTSTORM OR SANDSTORM:
VSBY 1/2 MILE OR LESS
8 = SMOKE OR HAZE
[NO. OF DAYS WITH] [WEATHER - DAYS WITH] 9 = BLOWING SNOW
X = TORNADO
MAX 32 OR BELOW: 0 0.01 INCH OR MORE: 6
MAX 90 OR ABOVE: 2 0.10 INCH OR MORE: 3
MIN 32 OR BELOW: 0 0.50 INCH OR MORE: 1
MIN 0 OR BELOW: 0 1.00 INCH OR MORE: 1
[HDD (BASE 65) ]
TOTAL THIS MO. 116 CLEAR (SCALE 0-3) 26
DPTR FM NORMAL -86 PTCLDY (SCALE 4-7) 4
TOTAL FM JUL 1 131 CLOUDY (SCALE 8-10) 0
DPTR FM NORMAL -109
[CDD (BASE 65) ]
TOTAL THIS MO. 23
DPTR FM NORMAL -8 [PRESSURE DATA]
TOTAL FM JAN 1 440 HIGHEST SLP 30.23 ON 10
DPTR FM NORMAL -88 LOWEST SLP 29.63 ON 30
[REMARKS]
#FINAL-09-23#