000
CDUS45 KRIW 280731
CLIWRL


CLIMATE REPORT
NATIONAL WEATHER SERVICE RIVERTON WY
1230 AM MST FRI FEB 28 2020


...................................

...THE WORLAND WY CLIMATE SUMMARY FOR FEBRUARY 27 2020...

CLIMATE NORMAL PERIOD 1981 TO 2010
CLIMATE RECORD PERIOD 1947 TO 2020


WEATHER ITEM   OBSERVED TIME   RECORD YEAR NORMAL DEPARTURE LAST
                VALUE   (LST)  VALUE       VALUE  FROM      YEAR
                                                  NORMAL
..................................................................
TEMPERATURE (F)
 YESTERDAY
  MAXIMUM         41    241 PM  67    1972  43     -2       17
  MINIMUM         11    701 AM -20    1962  15     -4       -1
  AVERAGE         26                        29     -3        8

PRECIPITATION (IN)
  YESTERDAY        0.00          0.24 1995   0.01  -0.01     0.00
  MONTH TO DATE    0.40                      0.18   0.22     0.05
  SINCE DEC 1      0.55                      0.64  -0.09     0.12
  SINCE JAN 1      0.55                      0.41   0.14     0.12

DEGREE DAYS
 HEATING
  YESTERDAY       39                        36      3       57
  MONTH TO DATE 1259                      1119    140     1414
  SINCE DEC 1   3898                      4075   -177     4322
  SINCE JUL 1   6044                      5967     77     6320

 COOLING
  YESTERDAY        0                         0      0        0
  MONTH TO DATE    0                         0      0        0
  SINCE DEC 1      0                         0      0        0
  SINCE JAN 1      0                         0      0        0
..................................................................


WIND (MPH)
  HIGHEST WIND SPEED    12   HIGHEST WIND DIRECTION    SW (220)
  HIGHEST GUST SPEED    12   HIGHEST GUST DIRECTION    SW (220)
  AVERAGE WIND SPEED     4.3


SKY COVER
  POSSIBLE SUNSHINE  MM
  AVERAGE SKY COVER 0.2


WEATHER CONDITIONS
 THE FOLLOWING WEATHER WAS RECORDED YESTERDAY.
  NO SIGNIFICANT WEATHER WAS OBSERVED.


RELATIVE HUMIDITY (PERCENT)
 HIGHEST    96          1200 AM
 LOWEST     44           500 PM
 AVERAGE    70

..........................................................


THE WORLAND WY CLIMATE NORMALS FOR TODAY
                         NORMAL    RECORD    YEAR
 MAXIMUM TEMPERATURE (F)   44        67      1972
 MINIMUM TEMPERATURE (F)   16       -20      1996


SUNRISE AND SUNSET
FEBRUARY 28 2020......SUNRISE   651 AM MST   SUNSET   558 PM MST
FEBRUARY 29 2020......SUNRISE   649 AM MST   SUNSET   600 PM MST


-  INDICATES NEGATIVE NUMBERS.
R  INDICATES RECORD WAS SET OR TIED.
MM INDICATES DATA IS MISSING.
T  INDICATES TRACE AMOUNT.




$$
