000
CDUS45 KRIW 270033
CLIWRL

CLIMATE REPORT
NATIONAL WEATHER SERVICE RIVERTON WY
533 PM MST FRI FEB 26 2021

...................................

...THE WORLAND WY CLIMATE SUMMARY FOR FEBRUARY 26 2021...
VALID TODAY AS OF 0500 PM LOCAL TIME.

CLIMATE NORMAL PERIOD: 1981 TO 2010
CLIMATE RECORD PERIOD: 1947 TO 2021


WEATHER ITEM   OBSERVED TIME   RECORD YEAR NORMAL DEPARTURE LAST
                VALUE   (LST)  VALUE       VALUE  FROM      YEAR
                                                  NORMAL
...................................................................
TEMPERATURE (F)
 TODAY
  MAXIMUM         41        MM  63    1988  43     -2       33
  MINIMUM          9        MM -17    2014  15     -6       -1
  AVERAGE         25                        29     -4       16

PRECIPITATION (IN)
  TODAY            0.00          0.08 1974   0.00   0.00     0.00
  MONTH TO DATE    0.32                      0.17   0.15     0.40
  SINCE DEC 1      0.50                      0.63  -0.13     0.55
  SINCE JAN 1      0.41                      0.40   0.01     0.55

DEGREE DAYS
 HEATING
  TODAY           40                        36      4       49
  MONTH TO DATE 1334                      1083    251     1220
  SINCE DEC 1   3809                      4039   -230     3859
  SINCE JUL 1   5659                      5931   -272     6005

 COOLING
  TODAY            0                         0      0        0
  MONTH TO DATE    0                         0      0        0
  SINCE DEC 1      0                         0      0        0
  SINCE JAN 1      0                         0      0        0
...................................................................


WIND (MPH)
  HIGHEST WIND SPEED    13   HIGHEST WIND DIRECTION     S (190)
  HIGHEST GUST SPEED    MM   HIGHEST GUST DIRECTION    MM
  AVERAGE WIND SPEED     4.7


SKY COVER
  POSSIBLE SUNSHINE  MM
  AVERAGE SKY COVER 0.3


WEATHER CONDITIONS
THE FOLLOWING WEATHER WAS RECORDED TODAY.
  NO SIGNIFICANT WEATHER WAS OBSERVED.


RELATIVE HUMIDITY (PERCENT)
 HIGHEST    84
 LOWEST     24
 AVERAGE    54

..........................................................


THE WORLAND WY CLIMATE NORMALS FOR TOMORROW
                         NORMAL    RECORD    YEAR
 MAXIMUM TEMPERATURE (F)   43        67      1972
 MINIMUM TEMPERATURE (F)   15       -20      1962


SUNRISE AND SUNSET
FEBRUARY 26 2021......SUNRISE   6:53 AM MST   SUNSET   5:57 PM MST
FEBRUARY 27 2021......SUNRISE   6:51 AM MST   SUNSET   5:58 PM MST


-  INDICATES NEGATIVE NUMBERS.
R  INDICATES RECORD WAS SET OR TIED.
MM INDICATES DATA IS MISSING.
T  INDICATES TRACE AMOUNT.




$$
