000
CXUS51 KRNK 010626 CCA
CLALYH

CLIMATE REPORT...CORRECTED
NATIONAL WEATHER SERVICE BLACKSBURG VA
116 AM EST WED JAN 1 2020

...................................

...THE LYNCHBURG VA CLIMATE SUMMARY FOR THE YEAR OF 2019...

CLIMATE NORMAL PERIOD 1981 TO 2010
CLIMATE RECORD PERIOD 1893 TO 2019

WEATHER         OBSERVED          NORMAL  DEPART
                 VALUE   DATE(S)  VALUE   FROM
                                          NORMAL
................................................
TEMPERATURE (F)
RECORD
 HIGH             106   07/10/1936
 LOW              -10   02/05/1996
                        01/21/1985
HIGHEST            98   07/21
                        07/20
LOWEST             11   01/22
                        01/21
AVG. MAXIMUM     69.8              67.1     2.7
AVG. MINIMUM     46.8              44.1     2.7
MEAN             58.3              55.6     2.7
DAYS MAX >= 90     59              21.7    37.3
DAYS MAX <= 32      4               6.3    -2.3
DAYS MIN <= 32     86              99.0   -13.0
DAYS MIN <= 0       0               0.4    -0.4

PRECIPITATION (INCHES)
RECORD
 MAXIMUM        65.70   2018
                        2017
 MINIMUM        19.83   1930
TOTALS          39.02             41.57   -2.55
DAILY AVG.       0.11              0.11    0.00
DAYS >= .01       123             115.9     7.1
DAYS >= .10        70              72.5    -2.5
DAYS >= .50        29              28.3     0.7
DAYS >= 1.00        9              10.4    -1.4
GREATEST
 24 HR. TOTAL    2.10

SNOWFALL (INCHES)
TOTALS            9.3
DAYS >= TRACE      12
DAYS >= 1.0         3
GREATEST
 24 HR TOTAL      3.3

DEGREE_DAYS
HEATING TOTAL    3817              4459    -642
COOLING TOTAL    1575              1032     543
.................................................

WIND (MPH)
AVERAGE WIND SPEED              4.7
HIGHEST WIND SPEED/DIRECTION    28/040    DATE  11/16
HIGHEST GUST SPEED/DIRECTION    45/310    DATE  03/22

SKY COVER
AVERAGE SKY COVER           0.30

AVERAGE RH (PERCENT)     68

WEATHER CONDITIONS. NUMBER OF DAYS WITH:
THUNDERSTORM             44     MIXED PRECIP                 0
HEAVY RAIN               29     RAIN                        54
LIGHT RAIN              151     FREEZING RAIN                1
LIGHT FREEZING RAIN       7     HAIL                         0
HEAVY SNOW                0     SNOW                         2
LIGHT SNOW               10     SLEET                        6
FOG                     169     FOG W/VIS <= 1/4 MILE       30
HAZE                      4

-  INDICATES NEGATIVE NUMBERS.
R  INDICATES RECORD WAS SET OR TIED.
MM INDICATES DATA IS MISSING.
T  INDICATES TRACE AMOUNT.

REMARKS:
DUE TO MISSING TEMPERATURES FROM NOVEMBER 27-30, ALL TEMPERATURE AND
HEATING DEGREE DAY INFORMATION WILL BE CALCULATED WITHOUT DATA FROM
THIS DATE.

$$

RAB
