000
CDUS41 KRNK 080646
CLIBLF

CLIMATE REPORT
NATIONAL WEATHER SERVICE BLACKSBURG, VA
146 AM EST WED DEC 08 2021

...................................

...THE BLUEFIELD WV CLIMATE SUMMARY FOR DECEMBER 7 2021...

CLIMATE NORMAL PERIOD: 1991 TO 2020
CLIMATE RECORD PERIOD: 1909 TO 2021


WEATHER ITEM   OBSERVED TIME   RECORD YEAR NORMAL DEPARTURE LAST
                VALUE   (LST)  VALUE       VALUE  FROM      YEAR
                                                  NORMAL
...................................................................
TEMPERATURE (F)
 YESTERDAY
  MAXIMUM         39   4:26 PM  75    1951  45     -6       34
  MINIMUM         21   8:03 AM   0    1977  30     -9       23
  AVERAGE         30                        37     -7       29

PRECIPITATION (IN)
  YESTERDAY        0.00          1.85 1936   0.11  -0.11     0.04
  MONTH TO DATE    0.13                      0.72  -0.59     0.65
  SINCE DEC 1      0.13                      0.72  -0.59     0.65
  SINCE JAN 1     32.15                     38.95  -6.80    50.16

SNOWFALL (IN)
  YESTERDAY        0.0                       0.2   -0.2      0.8
  MONTH TO DATE    0.0                       1.2   -1.2      2.6
  SINCE DEC 1      0.0                       1.2   -1.2      2.6
  SINCE JUL 1      0.1                       3.1   -3.0      2.8
  SNOW DEPTH       0

DEGREE DAYS
 HEATING
  YESTERDAY       35                        28      7       36
  MONTH TO DATE  139                       188    -49      225
  SINCE DEC 1    139                       188    -49      225
  SINCE JUL 1   1193                      1314   -121     1161

 COOLING
  YESTERDAY        0                         0      0        0
  MONTH TO DATE    0                         0      0        0
  SINCE DEC 1      0                         0      0        0
  SINCE JAN 1    613                       537     76      573
...................................................................


WIND (MPH)
  RESULTANT WIND SPEED   1   RESULTANT WIND DIRECTION  NW (300)
  HIGHEST WIND SPEED    13   HIGHEST WIND DIRECTION     S (160)
  HIGHEST GUST SPEED    20   HIGHEST GUST DIRECTION    NW (300)
  AVERAGE WIND SPEED     4.4


SKY COVER
  AVERAGE SKY COVER 0.1


WEATHER CONDITIONS
THE FOLLOWING WEATHER WAS RECORDED YESTERDAY.
  NO SIGNIFICANT WEATHER WAS OBSERVED.


RELATIVE HUMIDITY (PERCENT)
 HIGHEST    81           6:00 AM
 LOWEST     34           4:00 PM
 AVERAGE    58

..........................................................


THE BLUEFIELD WV CLIMATE NORMALS FOR TODAY
                         NORMAL    RECORD    YEAR
 MAXIMUM TEMPERATURE (F)   45        78      1923
 MINIMUM TEMPERATURE (F)   29         4      1954


SUNRISE AND SUNSET
DECEMBER  8 2021......SUNRISE   7:27 AM EST   SUNSET   5:07 PM EST
DECEMBER  9 2021......SUNRISE   7:27 AM EST   SUNSET   5:07 PM EST


-  INDICATES NEGATIVE NUMBERS.
R  INDICATES RECORD WAS SET OR TIED.
MM INDICATES DATA IS MISSING.
T  INDICATES TRACE AMOUNT.




$$
