000
CDUS41 KRNK 210731
CLIBLF


CLIMATE REPORT
NATIONAL WEATHER SERVICE BLACKSBURG VA
324 AM EDT MON OCT 21 2019


...................................

...THE BLUEFIELD WV CLIMATE SUMMARY FOR OCTOBER 20 2019...

CLIMATE NORMAL PERIOD 1981 TO 2010
CLIMATE RECORD PERIOD 1909 TO 2019


WEATHER ITEM   OBSERVED TIME   RECORD YEAR NORMAL DEPARTURE LAST
                VALUE   (LST)  VALUE       VALUE  FROM      YEAR
                                                  NORMAL
..................................................................
TEMPERATURE (F)
 YESTERDAY
  MAXIMUM         56    226 PM  81    1924  65     -9       55
  MINIMUM         45    718 AM  20    1925  46     -1       35
  AVERAGE         51                        55     -4       45

PRECIPITATION (IN)
  YESTERDAY        0.98          2.13 1961   0.07   0.91     0.34
  MONTH TO DATE    3.90                      1.62   2.28     2.35
  SINCE SEP 1      4.97                      4.76   0.21    12.60
  SINCE JAN 1     32.43                     33.15  -0.72    41.41

SNOWFALL (IN)
  YESTERDAY        0.0                                        T
  MONTH TO DATE    0.0                                        T
  SINCE SEP 1      0.0                                        T
  SINCE JUL 1      0.0                                        T
  SNOW DEPTH       0

DEGREE DAYS
 HEATING
  YESTERDAY       14                        10      4       20
  MONTH TO DATE  171                       159     12      150
  SINCE SEP 1    178                       232    -54      165
  SINCE JUL 1    199                       238    -39      174

 COOLING
  YESTERDAY        0                         0      0        0
  MONTH TO DATE   32                        16     16       41
  SINCE SEP 1    214                       114    100      170
  SINCE JAN 1    748                       848   -100      749
..................................................................


WIND (MPH)
  HIGHEST WIND SPEED    10   HIGHEST WIND DIRECTION    NW (300)
  HIGHEST GUST SPEED    16   HIGHEST GUST DIRECTION    SE (150)
  AVERAGE WIND SPEED     3.8


SKY COVER
  AVERAGE SKY COVER 1.0


WEATHER CONDITIONS
 THE FOLLOWING WEATHER WAS RECORDED YESTERDAY.
  HEAVY RAIN
  RAIN
  LIGHT RAIN
  FOG
  FOG W/VISIBILITY <= 1/4 MILE


RELATIVE HUMIDITY (PERCENT)
 HIGHEST   100          1200 AM
 LOWEST     93           100 PM
 AVERAGE    97

..........................................................


THE BLUEFIELD WV CLIMATE NORMALS FOR TODAY
                         NORMAL    RECORD    YEAR
 MAXIMUM TEMPERATURE (F)   64        80      2007
                                             1949
                                             1920
 MINIMUM TEMPERATURE (F)   46        13      1952


SUNRISE AND SUNSET
OCTOBER 21 2019.......SUNRISE   738 AM EDT   SUNSET   640 PM EDT
OCTOBER 22 2019.......SUNRISE   739 AM EDT   SUNSET   639 PM EDT


-  INDICATES NEGATIVE NUMBERS.
R  INDICATES RECORD WAS SET OR TIED.
MM INDICATES DATA IS MISSING.
T  INDICATES TRACE AMOUNT.


REMARKS:
DUE TO MISSING TEMPERATURES ON MAY 10 AND JULY 11-12, ALL
TEMPERATURE AND COOLING DEGREE DAY INFORMATION WILL BE CALCULATED
WITHOUT DATA FROM THESE DATES.


$$

PW
