000
CDUS41 KRNK 040801
CLIBLF

CLIMATE REPORT
NATIONAL WEATHER SERVICE BLACKSBURG, VA
401 AM EDT THU JUN 04 2020

...................................

...THE BLUEFIELD WV CLIMATE SUMMARY FOR JUNE 3 2020...

CLIMATE NORMAL PERIOD: 1981 TO 2010
CLIMATE RECORD PERIOD: 1909 TO 2020


WEATHER ITEM   OBSERVED TIME   RECORD YEAR NORMAL DEPARTURE LAST
                VALUE   (LST)  VALUE       VALUE  FROM      YEAR
                                                  NORMAL
...................................................................
TEMPERATURE (F)
 YESTERDAY
  MAXIMUM         81   4:05 PM  92    1951  76      5       67
  MINIMUM         64   6:19 AM  41    1955  58      6       50
  AVERAGE         73                        67      6       59

PRECIPITATION (IN)
  YESTERDAY        0.00          1.31 1979   0.15  -0.15     0.00
  MONTH TO DATE    0.00                      0.45  -0.45      T
  SINCE JUN 1      0.00                      0.45  -0.45      T
  SINCE JAN 1     26.28                     17.27   9.01    19.50

SNOWFALL (IN)
  YESTERDAY        0.0                                       0.0
  MONTH TO DATE    0.0                                       0.0
  SINCE JUN 1      0.0                                       0.0
  SINCE JUL 1     15.7                                      30.8
  SNOW DEPTH       0

DEGREE DAYS
 HEATING
  YESTERDAY        0                         2     -2        6
  MONTH TO DATE    8                         6      2        8
  SINCE JUN 1      8                         6      2        8
  SINCE JUL 1   4808                      4572    236     4862

 COOLING
  YESTERDAY        8                         4      4        0
  MONTH TO DATE   11                        11      0        0
  SINCE JUN 1     11                        11      0        0
  SINCE JAN 1     50                       102    -52       79
...................................................................


WIND (MPH)
  RESULTANT WIND SPEED  10   RESULTANT WIND DIRECTION   W (270)
  HIGHEST WIND SPEED    20   HIGHEST WIND DIRECTION     W (250)
  HIGHEST GUST SPEED    29   HIGHEST GUST DIRECTION     W (290)
  AVERAGE WIND SPEED    10.4


SKY COVER
  AVERAGE SKY COVER 0.1


WEATHER CONDITIONS
THE FOLLOWING WEATHER WAS RECORDED YESTERDAY.
  NO SIGNIFICANT WEATHER WAS OBSERVED.


RELATIVE HUMIDITY (PERCENT)
 HIGHEST    93           4:00 AM
 LOWEST     42           2:00 PM
 AVERAGE    68

..........................................................


THE BLUEFIELD WV CLIMATE NORMALS FOR TODAY
                         NORMAL    RECORD    YEAR
 MAXIMUM TEMPERATURE (F)   76        91      1911
 MINIMUM TEMPERATURE (F)   58        35      1956


SUNRISE AND SUNSET
JUNE  4 2020..........SUNRISE   6:05 AM EDT   SUNSET   8:42 PM EDT
JUNE  5 2020..........SUNRISE   6:05 AM EDT   SUNSET   8:43 PM EDT


-  INDICATES NEGATIVE NUMBERS.
R  INDICATES RECORD WAS SET OR TIED.
MM INDICATES DATA IS MISSING.
T  INDICATES TRACE AMOUNT.

REMARKS:
DUE TO MISSING RAINFALL ON MAY 28, THE ANNUAL PRECIPITATION TOTAL
WILL BE CALCULATED WITHOUT DATA FROM THIS DAY.



$$
