000
CDUS41 KRNK 090526
CLIDAN

CLIMATE REPORT
NATIONAL WEATHER SERVICE BLACKSBURG, VA
126 AM EDT SUN AUG 09 2020

...................................

...THE DANVILLE VA CLIMATE SUMMARY FOR AUGUST 8 2020...

CLIMATE NORMAL PERIOD: 1981 TO 2010
CLIMATE RECORD PERIOD: 1916 TO 2020


WEATHER ITEM   OBSERVED TIME   RECORD YEAR NORMAL DEPARTURE LAST
                VALUE   (LST)  VALUE       VALUE  FROM      YEAR
                                                  NORMAL
...................................................................
TEMPERATURE (F)
 YESTERDAY
  MAXIMUM         90   4:30 PM 101    2007  87      3       90
  MINIMUM         72  11:59 PM  52    2002  69      3       66
  AVERAGE         81                        78      3       78

PRECIPITATION (IN)
  YESTERDAY        0.66          1.20 1996   0.11   0.55     0.00
  MONTH TO DATE    3.45                      1.00   2.45     1.06
  SINCE JUN 1     12.60                      9.44   3.16    10.58
  SINCE JAN 1     35.01                     27.32   7.69    28.24

SNOWFALL (IN)
  YESTERDAY        0.0                                       0.0
  MONTH TO DATE    0.0                                       0.0
  SINCE JUN 1      0.0                                       0.0
  SINCE JUL 1      0.0                                       0.0
  SNOW DEPTH       0

DEGREE DAYS
 HEATING
  YESTERDAY        0                         0      0        0
  MONTH TO DATE    0                         0      0        0
  SINCE JUN 1     12                         3      9        1
  SINCE JUL 1      0                         0      0        0

 COOLING
  YESTERDAY       16                        13      3       13
  MONTH TO DATE  114                       104     10      103
  SINCE JUN 1    900                       813     87      802
  SINCE JAN 1   1045                       957     88     1077
...................................................................


WIND (MPH)
  RESULTANT WIND SPEED   0   RESULTANT WIND DIRECTION  SE (130)
  HIGHEST WIND SPEED    12   HIGHEST WIND DIRECTION    SW (230)
  HIGHEST GUST SPEED    15   HIGHEST GUST DIRECTION    SW (240)
  AVERAGE WIND SPEED     1.8


SKY COVER
  AVERAGE SKY COVER 0.6


WEATHER CONDITIONS
THE FOLLOWING WEATHER WAS RECORDED YESTERDAY.
  THUNDERSTORM
  HEAVY RAIN
  RAIN
  LIGHT RAIN
  FOG
  FOG W/VISIBILITY <= 1/4 MILE


RELATIVE HUMIDITY (PERCENT)
 HIGHEST    97           5:00 AM
 LOWEST     57           3:00 PM
 AVERAGE    77

..........................................................


THE DANVILLE VA CLIMATE NORMALS FOR TODAY
                         NORMAL    RECORD    YEAR
 MAXIMUM TEMPERATURE (F)   87       102      2007
 MINIMUM TEMPERATURE (F)   69        53      2002


SUNRISE AND SUNSET
AUGUST  9 2020........SUNRISE   6:30 AM EDT   SUNSET   8:15 PM EDT
AUGUST 10 2020........SUNRISE   6:31 AM EDT   SUNSET   8:13 PM EDT


-  INDICATES NEGATIVE NUMBERS.
R  INDICATES RECORD WAS SET OR TIED.
MM INDICATES DATA IS MISSING.
T  INDICATES TRACE AMOUNT.




$$
