000
CDUS41 KRNK 080646
CLIDAN

CLIMATE REPORT
NATIONAL WEATHER SERVICE BLACKSBURG, VA
146 AM EST WED DEC 08 2021

...................................

...THE DANVILLE VA CLIMATE SUMMARY FOR DECEMBER 7 2021...

CLIMATE NORMAL PERIOD: 1991 TO 2020
CLIMATE RECORD PERIOD: 1916 TO 2021


WEATHER ITEM   OBSERVED TIME   RECORD YEAR NORMAL DEPARTURE LAST
                VALUE   (LST)  VALUE       VALUE  FROM      YEAR
                                                  NORMAL
...................................................................
TEMPERATURE (F)
 YESTERDAY
  MAXIMUM         50   3:52 PM  81    1998  54     -4       40
  MINIMUM         32   6:58 AM  11    1954  32      0       32
  AVERAGE         41                        42     -1       36

PRECIPITATION (IN)
  YESTERDAY        0.00          1.32 1976   0.10  -0.10      T
  MONTH TO DATE    0.00                      0.70  -0.70     1.38
  SINCE DEC 1      0.00                      0.70  -0.70     1.38
  SINCE JAN 1     26.32                     41.37 -15.05    54.26

SNOWFALL (IN)
  YESTERDAY        0.0                       0.0    0.0       T
  MONTH TO DATE    0.0                       0.2   -0.2       T
  SINCE DEC 1      0.0                       0.2   -0.2       T
  SINCE JUL 1      0.0                       0.2   -0.2       T
  SNOW DEPTH       0

DEGREE DAYS
 HEATING
  YESTERDAY       24                        22      2       29
  MONTH TO DATE   91                       152    -61      164
  SINCE DEC 1     91                       152    -61      164
  SINCE JUL 1    757                       914   -157      704

 COOLING
  YESTERDAY        0                         0      0        0
  MONTH TO DATE    0                         0      0        0
  SINCE DEC 1      0                         0      0        0
  SINCE JAN 1   1603                      1383    220     1531
...................................................................


WIND (MPH)
  RESULTANT WIND SPEED   3   RESULTANT WIND DIRECTION   N (0)
  HIGHEST WIND SPEED    15   HIGHEST WIND DIRECTION     N (340)
  HIGHEST GUST SPEED    20   HIGHEST GUST DIRECTION    NW (330)
  AVERAGE WIND SPEED     3.9


SKY COVER
  AVERAGE SKY COVER 0.3


WEATHER CONDITIONS
THE FOLLOWING WEATHER WAS RECORDED YESTERDAY.
  NO SIGNIFICANT WEATHER WAS OBSERVED.


RELATIVE HUMIDITY (PERCENT)
 HIGHEST    49           7:00 AM
 LOWEST     20           3:00 PM
 AVERAGE    35

..........................................................


THE DANVILLE VA CLIMATE NORMALS FOR TODAY
                         NORMAL    RECORD    YEAR
 MAXIMUM TEMPERATURE (F)   53        77      1956
                                             1998
 MINIMUM TEMPERATURE (F)   31        10      1954


SUNRISE AND SUNSET
DECEMBER  8 2021......SUNRISE   7:17 AM EST   SUNSET   5:02 PM EST
DECEMBER  9 2021......SUNRISE   7:18 AM EST   SUNSET   5:02 PM EST


-  INDICATES NEGATIVE NUMBERS.
R  INDICATES RECORD WAS SET OR TIED.
MM INDICATES DATA IS MISSING.
T  INDICATES TRACE AMOUNT.




$$
