031
CDUS41 KRNK 172118
CLIDAN


CLIMATE REPORT
NATIONAL WEATHER SERVICE BLACKSBURG VA
516 PM EDT THU OCT 17 2019


...................................

...THE DANVILLE VA CLIMATE SUMMARY FOR OCTOBER 17 2019...
VALID TODAY AS OF 0500 PM LOCAL TIME.

CLIMATE NORMAL PERIOD 1981 TO 2010
CLIMATE RECORD PERIOD 1916 TO 2019


WEATHER ITEM   OBSERVED TIME   RECORD YEAR NORMAL DEPARTURE LAST
                VALUE   (LST)  VALUE       VALUE  FROM      YEAR
                                                  NORMAL
..................................................................
TEMPERATURE (F)
 TODAY
  MAXIMUM         65    337 PM  88    1989  70     -5       71
  MINIMUM         46    604 AM  34    1937  49     -3       51
  AVERAGE         56                        59     -3       61

PRECIPITATION (IN)
  TODAY            0.00          3.55 1932   0.12  -0.12     0.08
  MONTH TO DATE    1.33                      1.95  -0.62     6.49
  SINCE SEP 1      1.37                      5.91  -4.54    16.13
  SINCE JAN 1     31.32                     36.20  -4.88    51.56

SNOWFALL (IN)
  TODAY            0.0                                       0.0
  MONTH TO DATE    0.0                                       0.0
  SINCE SEP 1      0.0                                       0.0
  SINCE JUL 1      0.0                                       0.0
  SNOW DEPTH       0

DEGREE DAYS
 HEATING
  TODAY            9                         7      2        4
  MONTH TO DATE   32                        82    -50       28
  SINCE SEP 1     36                       110    -74       29
  SINCE JUL 1     36                       110    -74       29

 COOLING
  TODAY            0                         1     -1        0
  MONTH TO DATE   73                        24     49       96
  SINCE SEP 1    411                       200    211      386
  SINCE JAN 1   1763                      1427    336     1715
..................................................................


WIND (MPH)
  HIGHEST WIND SPEED    18   HIGHEST WIND DIRECTION     W (260)
  HIGHEST GUST SPEED    24   HIGHEST GUST DIRECTION     W (280)
  AVERAGE WIND SPEED    11.0


SKY COVER
  AVERAGE SKY COVER 0.1


WEATHER CONDITIONS
 THE FOLLOWING WEATHER WAS RECORDED TODAY.
  NO SIGNIFICANT WEATHER WAS OBSERVED.


RELATIVE HUMIDITY (PERCENT)
 HIGHEST    65           600 AM
 LOWEST     28           300 PM
 AVERAGE    47

..........................................................


THE DANVILLE VA CLIMATE NORMALS FOR TOMORROW
                         NORMAL    RECORD    YEAR
 MAXIMUM TEMPERATURE (F)   69        90      1938
 MINIMUM TEMPERATURE (F)   48        30      2001
                                             1931


SUNRISE AND SUNSET
OCTOBER 17 2019.......SUNRISE   726 AM EDT   SUNSET   639 PM EDT
OCTOBER 18 2019.......SUNRISE   727 AM EDT   SUNSET   637 PM EDT


-  INDICATES NEGATIVE NUMBERS.
R  INDICATES RECORD WAS SET OR TIED.
MM INDICATES DATA IS MISSING.
T  INDICATES TRACE AMOUNT.




$$
