000
CDUS41 KRNK 212116
CLILYH


CLIMATE REPORT
NATIONAL WEATHER SERVICE BLACKSBURG VA
515 PM EDT MON OCT 21 2019


...................................

...THE LYNCHBURG VA CLIMATE SUMMARY FOR OCTOBER 21 2019...
VALID TODAY AS OF 0500 PM LOCAL TIME.

CLIMATE NORMAL PERIOD 1981 TO 2010
CLIMATE RECORD PERIOD 1893 TO 2019


WEATHER ITEM   OBSERVED TIME   RECORD YEAR NORMAL DEPARTURE LAST
                VALUE   (LST)  VALUE       VALUE  FROM      YEAR
                                                  NORMAL
..................................................................
TEMPERATURE (F)
 TODAY
  MAXIMUM         69    300 PM  85    1947  67      2       56
  MINIMUM         48    659 AM  23    1952  42      6       32
  AVERAGE         59                        55      4       44

PRECIPITATION (IN)
  TODAY            0.00          2.41 1893   0.11  -0.11     0.00
  MONTH TO DATE    3.37                      2.08   1.29     3.48
  SINCE SEP 1      3.54                      5.96  -2.42    10.25
  SINCE JAN 1     31.12                     33.89  -2.77    50.19

SNOWFALL (IN)
  TODAY            0.0                                       0.0
  MONTH TO DATE    0.0                                       0.0
  SINCE SEP 1      0.0                                       0.0
  SINCE JUL 1      0.0                                       0.0
  SNOW DEPTH       0

DEGREE DAYS
 HEATING
  TODAY            6                        11     -5       21
  MONTH TO DATE  101                       165    -64       97
  SINCE SEP 1    106                       223   -117      105
  SINCE JUL 1    106                       226   -120      105

 COOLING
  TODAY            0                         0      0        0
  MONTH TO DATE   60                        11     49       88
  SINCE SEP 1    359                       129    230      327
  SINCE JAN 1   1574                      1027    547     1515
..................................................................


WIND (MPH)
  HIGHEST WIND SPEED     8   HIGHEST WIND DIRECTION    SE (150)
  HIGHEST GUST SPEED    10   HIGHEST GUST DIRECTION    SW (220)
  AVERAGE WIND SPEED     2.4


SKY COVER
  AVERAGE SKY COVER 0.1


WEATHER CONDITIONS
 THE FOLLOWING WEATHER WAS RECORDED TODAY.
  FOG


RELATIVE HUMIDITY (PERCENT)
 HIGHEST   100           100 AM
 LOWEST     57           300 PM
 AVERAGE    79

..........................................................


THE LYNCHBURG VA CLIMATE NORMALS FOR TOMORROW
                         NORMAL    RECORD    YEAR
 MAXIMUM TEMPERATURE (F)   67        87      1935
 MINIMUM TEMPERATURE (F)   42        26      1974
                                             1930


SUNRISE AND SUNSET
OCTOBER 21 2019.......SUNRISE   730 AM EDT   SUNSET   632 PM EDT
OCTOBER 22 2019.......SUNRISE   731 AM EDT   SUNSET   631 PM EDT


-  INDICATES NEGATIVE NUMBERS.
R  INDICATES RECORD WAS SET OR TIED.
MM INDICATES DATA IS MISSING.
T  INDICATES TRACE AMOUNT.




$$
