000
CDUS41 KRNK 062214
CLILYH

CLIMATE REPORT
NATIONAL WEATHER SERVICE BLACKSBURG, VA
514 PM EST MON DEC 06 2021

...................................

...THE LYNCHBURG VA CLIMATE SUMMARY FOR DECEMBER 6 2021...
VALID TODAY AS OF 0500 PM LOCAL TIME.

CLIMATE NORMAL PERIOD: 1991 TO 2020
CLIMATE RECORD PERIOD: 1893 TO 2021


WEATHER ITEM   OBSERVED TIME   RECORD YEAR NORMAL DEPARTURE LAST
                VALUE   (LST)  VALUE       VALUE  FROM      YEAR
                                                  NORMAL
...................................................................
TEMPERATURE (F)
 TODAY
  MAXIMUM         70   2:59 PM  78    1998  51     19       52
  MINIMUM         47   3:35 AM  16    1992  30     17       27
                                      2002
  AVERAGE         59                        41     18       40

PRECIPITATION (IN)
  TODAY            0.00          1.57 1953   0.12  -0.12     0.00
  MONTH TO DATE    0.01                      0.73  -0.72     1.59
  SINCE DEC 1      0.01                      0.73  -0.72     1.59
  SINCE JAN 1     32.16                     39.99  -7.83    65.97

SNOWFALL (IN)
  TODAY            0.0                       0.1   -0.1      0.0
  MONTH TO DATE    0.0                       0.3   -0.3      0.0
  SINCE DEC 1      0.0                       0.3   -0.3      0.0
  SINCE JUL 1      0.0                       0.3   -0.3      0.0
  SNOW DEPTH       0

DEGREE DAYS
 HEATING
  TODAY            6                        24    -18       25
  MONTH TO DATE   84                       142    -58      139
  SINCE DEC 1     84                       142    -58      139
  SINCE JUL 1    746                      1013   -267      703

 COOLING
  TODAY            0                         0      0        0
  MONTH TO DATE    0                         0      0        0
  SINCE DEC 1      0                         0      0        0
  SINCE JAN 1   1548                      1115    433     1505
...................................................................


WIND (MPH)
  RESULTANT WIND SPEED   7   RESULTANT WIND DIRECTION  SW (210)
  HIGHEST WIND SPEED    23   HIGHEST WIND DIRECTION     S (200)
  HIGHEST GUST SPEED    31   HIGHEST GUST DIRECTION    SW (210)
  AVERAGE WIND SPEED     7.9


SKY COVER
  AVERAGE SKY COVER 0.6


WEATHER CONDITIONS
THE FOLLOWING WEATHER WAS RECORDED TODAY.
  NO SIGNIFICANT WEATHER WAS OBSERVED.


RELATIVE HUMIDITY (PERCENT)
 HIGHEST    64          10:00 AM
 LOWEST     49           3:00 PM
 AVERAGE    57

..........................................................


THE LYNCHBURG VA CLIMATE NORMALS FOR TOMORROW
                         NORMAL    RECORD    YEAR
 MAXIMUM TEMPERATURE (F)   51        79      1998
 MINIMUM TEMPERATURE (F)   30         8      2002


SUNRISE AND SUNSET
DECEMBER  6 2021......SUNRISE   7:17 AM EST   SUNSET   4:59 PM EST
DECEMBER  7 2021......SUNRISE   7:18 AM EST   SUNSET   4:59 PM EST


-  INDICATES NEGATIVE NUMBERS.
R  INDICATES RECORD WAS SET OR TIED.
MM INDICATES DATA IS MISSING.
T  INDICATES TRACE AMOUNT.

REMARKS:
DUE TO AN EQUIPMENT FAILURE ON NOVEMBER 4, 2021, ALL TEMPERATURE
AND HEATING DEGREE DAY INFORMATION WILL BE CALCULATED WITHOUT DATA
FROM THIS DATE.

$$
