000
CDUS41 KRNK 040801
CLILYH

CLIMATE REPORT
NATIONAL WEATHER SERVICE BLACKSBURG, VA
401 AM EDT THU JUN 04 2020

...................................

...THE LYNCHBURG VA CLIMATE SUMMARY FOR JUNE 3 2020...

CLIMATE NORMAL PERIOD: 1981 TO 2010
CLIMATE RECORD PERIOD: 1893 TO 2020


WEATHER ITEM   OBSERVED TIME   RECORD YEAR NORMAL DEPARTURE LAST
                VALUE   (LST)  VALUE       VALUE  FROM      YEAR
                                                  NORMAL
...................................................................
TEMPERATURE (F)
 YESTERDAY
  MAXIMUM         93   4:38 PM  97    1895  80     13       78
                                      1936
  MINIMUM         69   2:29 AM  42    1956  57     12       51
  AVERAGE         81                        68     13       65

PRECIPITATION (IN)
  YESTERDAY        0.00          2.65 1935   0.13  -0.13     0.00
  MONTH TO DATE    0.00                      0.40  -0.40     0.02
  SINCE JUN 1      0.00                      0.40  -0.40     0.02
  SINCE JAN 1     23.35                     17.09   6.26    17.33

SNOWFALL (IN)
  YESTERDAY        0.0                                       0.0
  MONTH TO DATE    0.0                                       0.0
  SINCE JUN 1      0.0                                       0.0
  SINCE JUL 1      T                                        21.0
  SNOW DEPTH       0

DEGREE DAYS
 HEATING
  YESTERDAY        0                         1     -1        0
  MONTH TO DATE    1                         4     -3        0
  SINCE JUN 1      1                         4     -3        0
  SINCE JUL 1   3550                      4449   -899     4074

 COOLING
  YESTERDAY       16                         5     11        0
  MONTH TO DATE   21                        13      8       13
  SINCE JUN 1     21                        13      8       13
  SINCE JAN 1    142                        95     47      225
...................................................................


WIND (MPH)
  RESULTANT WIND SPEED   5   RESULTANT WIND DIRECTION  SW (230)
  HIGHEST WIND SPEED    16   HIGHEST WIND DIRECTION    SW (210)
  HIGHEST GUST SPEED    24   HIGHEST GUST DIRECTION     W (290)
  AVERAGE WIND SPEED     6.4


SKY COVER
  AVERAGE SKY COVER 0.0


WEATHER CONDITIONS
THE FOLLOWING WEATHER WAS RECORDED YESTERDAY.
  NO SIGNIFICANT WEATHER WAS OBSERVED.


RELATIVE HUMIDITY (PERCENT)
 HIGHEST    78           2:00 AM
 LOWEST     31           4:00 PM
 AVERAGE    55

..........................................................


THE LYNCHBURG VA CLIMATE NORMALS FOR TODAY
                         NORMAL    RECORD    YEAR
 MAXIMUM TEMPERATURE (F)   80        97      1925
 MINIMUM TEMPERATURE (F)   57        43      1964


SUNRISE AND SUNSET
JUNE  4 2020..........SUNRISE   5:57 AM EDT   SUNSET   8:34 PM EDT
JUNE  5 2020..........SUNRISE   5:56 AM EDT   SUNSET   8:35 PM EDT


-  INDICATES NEGATIVE NUMBERS.
R  INDICATES RECORD WAS SET OR TIED.
MM INDICATES DATA IS MISSING.
T  INDICATES TRACE AMOUNT.

REMARKS:
DUE TO MISSING TEMPERATURES ON NOVEMBER 27-30, THE SEASONAL HEATING
DEGREE DAY TOTAL WILL BE CALCULATED WITHOUT DATA FROM THESE DATES.


$$
