000
CDUS41 KRNK 090526
CLIRNK

CLIMATE REPORT
NATIONAL WEATHER SERVICE BLACKSBURG, VA
126 AM EDT SUN AUG 09 2020

...................................

...THE BLACKSBURG VA CLIMATE SUMMARY FOR AUGUST 8 2020...

CLIMATE NORMAL PERIOD: 1981 TO 2010
CLIMATE RECORD PERIOD: 1893 TO 2020


WEATHER ITEM   OBSERVED RECORD YEAR NORMAL DEPARTURE LAST
                VALUE   VALUE       VALUE  FROM      YEAR
                                           NORMAL
............................................................
TEMPERATURE (F)
 YESTERDAY
  MAXIMUM         85     94    2007  82      3       85
  MINIMUM         62     45    1957  60      2       60
  AVERAGE         74                 71      3       73

PRECIPITATION (IN)
  YESTERDAY        T      1.18 1982   0.12  -0.12     0.00
  MONTH TO DATE    1.75               1.01   0.74     0.51
  SINCE JUN 1      9.61               9.27   0.34     8.74
  SINCE JAN 1     36.57              26.61   9.96    26.37

SNOWFALL (IN)
  YESTERDAY        0.0                                0.0
  MONTH TO DATE    0.0                                0.0
  SINCE JUN 1      0.0                                0.0
  SINCE JUL 1      0.0                                0.0
  SNOW DEPTH       0

DEGREE DAYS
 HEATING
  YESTERDAY        0                  0      0        0
  MONTH TO DATE    0                  0      0        0
  SINCE JUN 1     38                 44     -6       24
  SINCE JUL 1      0                  6     -6        0

 COOLING
  YESTERDAY        9                  6      3        8
  MONTH TO DATE   66                 48     18       63
  SINCE JUN 1    533                363    170      465
  SINCE JAN 1    569                392    177      578
............................................................


WIND (MPH)
  RESULTANT WIND SPEED   1   RESULTANT WIND DIRECTION  SE (120)
  HIGHEST WIND SPEED     6   HIGHEST WIND DIRECTION    SE (130)
  HIGHEST GUST SPEED    MM   HIGHEST GUST DIRECTION    MM
  AVERAGE WIND SPEED     0.9


SKY COVER
  AVERAGE SKY COVER 0.5


WEATHER CONDITIONS
THE FOLLOWING WEATHER WAS RECORDED YESTERDAY.
  FOG
  FOG W/VISIBILITY <= 1/4 MILE


RELATIVE HUMIDITY (PERCENT)
 HIGHEST   100          12:00 AM
 LOWEST     50           3:00 PM
 AVERAGE    75

..........................................................


THE BLACKSBURG VA CLIMATE NORMALS FOR TODAY
                         NORMAL    RECORD    YEAR
 MAXIMUM TEMPERATURE (F)   82        98      1930
 MINIMUM TEMPERATURE (F)   60        44      1989


SUNRISE AND SUNSET
AUGUST  9 2020........SUNRISE   6:34 AM EDT   SUNSET   8:20 PM EDT
AUGUST 10 2020........SUNRISE   6:34 AM EDT   SUNSET   8:19 PM EDT


-  INDICATES NEGATIVE NUMBERS.
R  INDICATES RECORD WAS SET OR TIED.
MM INDICATES DATA IS MISSING.
T  INDICATES TRACE AMOUNT.




$$
