000
CDUS41 KRNK 080646
CLIRNK

CLIMATE REPORT
NATIONAL WEATHER SERVICE BLACKSBURG, VA
146 AM EST WED DEC 08 2021

...................................

...THE BLACKSBURG VA CLIMATE SUMMARY FOR DECEMBER 7 2021...

CLIMATE NORMAL PERIOD: 1991 TO 2020
CLIMATE RECORD PERIOD: 1893 TO 2021


WEATHER ITEM   OBSERVED RECORD YEAR NORMAL DEPARTURE LAST
                VALUE   VALUE       VALUE  FROM      YEAR
                                           NORMAL
............................................................
TEMPERATURE (F)
 YESTERDAY
  MAXIMUM         43     71    1998  47     -4       36
  MINIMUM         25     -1    2002  27     -2       27
  AVERAGE         34                 37     -3       32

PRECIPITATION (IN)
  YESTERDAY        0.00   1.45 2011   0.12  -0.12     0.02
  MONTH TO DATE    0.03               0.82  -0.79     1.09
  SINCE DEC 1      0.03               0.82  -0.79     1.09
  SINCE JAN 1     42.12              40.16   1.96    57.25

SNOWFALL (IN)
  YESTERDAY        0.0                0.2   -0.2      0.6
  MONTH TO DATE    0.0                0.8   -0.8      0.6
  SINCE DEC 1      0.0                0.8   -0.8      0.6
  SINCE JUL 1      0.0                1.2   -1.2      0.6
  SNOW DEPTH       0

DEGREE DAYS
 HEATING
  YESTERDAY       31                 28      3       33
  MONTH TO DATE  142                193    -51      210
  SINCE DEC 1    142                193    -51      210
  SINCE JUL 1   1101               1335   -234     1147

 COOLING
  YESTERDAY        0                  0      0        0
  MONTH TO DATE    0                  0      0        0
  SINCE DEC 1      0                  0      0        0
  SINCE JAN 1    802                618    184      808
............................................................


WIND (MPH)
  RESULTANT WIND SPEED   1   RESULTANT WIND DIRECTION   W (260)
  HIGHEST WIND SPEED     9   HIGHEST WIND DIRECTION     W (280)
  HIGHEST GUST SPEED    18   HIGHEST GUST DIRECTION     W (280)
  AVERAGE WIND SPEED     2.3


SKY COVER
  AVERAGE SKY COVER 0.0


WEATHER CONDITIONS
THE FOLLOWING WEATHER WAS RECORDED YESTERDAY.
  NO SIGNIFICANT WEATHER WAS OBSERVED.


RELATIVE HUMIDITY (PERCENT)
 HIGHEST    79           7:00 AM
 LOWEST     26           4:00 PM
 AVERAGE    53

..........................................................


THE BLACKSBURG VA CLIMATE NORMALS FOR TODAY
                         NORMAL    RECORD    YEAR
 MAXIMUM TEMPERATURE (F)   47        72      1998
 MINIMUM TEMPERATURE (F)   26         2      1995


SUNRISE AND SUNSET
DECEMBER  8 2021......SUNRISE   7:23 AM EST   SUNSET   5:04 PM EST
DECEMBER  9 2021......SUNRISE   7:24 AM EST   SUNSET   5:04 PM EST


-  INDICATES NEGATIVE NUMBERS.
R  INDICATES RECORD WAS SET OR TIED.
MM INDICATES DATA IS MISSING.
T  INDICATES TRACE AMOUNT.

REMARKS:
DUE TO A TEMPERATURE SENSOR FAILURE ON OCTOBER 17, 2021, ALL
TEMPERATURE AND HEATING DEGREE DAY INFORMATION WILL BE CALCULATED
WITHOUT DATA FROM THIS DATE.

$$
