000
CDUS41 KRNK 172118
CLIRNK


CLIMATE REPORT
NATIONAL WEATHER SERVICE BLACKSBURG VA
516 PM EDT THU OCT 17 2019


...................................

...THE BLACKSBURG VA CLIMATE SUMMARY FOR OCTOBER 17 2019...
VALID TODAY AS OF 0500 PM LOCAL TIME.

CLIMATE NORMAL PERIOD 1981 TO 2010
CLIMATE RECORD PERIOD 1952 TO 2019


WEATHER ITEM   OBSERVED RECORD YEAR NORMAL DEPARTURE LAST
                VALUE   VALUE       VALUE  FROM      YEAR
                                           NORMAL
...........................................................
TEMPERATURE (F)
 TODAY
  MAXIMUM         57     80    1989  65     -8       62
  MINIMUM         41     26    1970  39      2       45
  AVERAGE         49                 52     -3       54

PRECIPITATION (IN)
  TODAY            T      1.18 2006   0.09  -0.09      T
  MONTH TO DATE    1.83               1.52   0.31     3.97
  SINCE SEP 1      2.91               4.62  -1.71    11.84
  SINCE JAN 1     31.61              33.81  -2.20    42.45

SNOWFALL (IN)
  TODAY            0.0                                0.0
  MONTH TO DATE    0.0                                0.0
  SINCE SEP 1      0.0                                0.0
  SINCE JUL 1      0.0                                 T
  SNOW DEPTH       0

DEGREE DAYS
 HEATING
  TODAY           16                 13      3       11
  MONTH TO DATE  101                185    -84       81
  SINCE SEP 1    111                298   -187      104
  SINCE JUL 1    120                316   -196      109

 COOLING
  TODAY            0                  0      0        0
  MONTH TO DATE   46                  1     45       52
  SINCE SEP 1    251                 58    193      208
  SINCE JAN 1   1003                570    433      883
...........................................................


WIND (MPH)
  HIGHEST WIND SPEED    22   HIGHEST WIND DIRECTION    NW (320)
  HIGHEST GUST SPEED    35   HIGHEST GUST DIRECTION    NW (300)
  AVERAGE WIND SPEED    13.5


SKY COVER
  AVERAGE SKY COVER 0.7


WEATHER CONDITIONS
 THE FOLLOWING WEATHER WAS RECORDED TODAY.
  LIGHT RAIN


RELATIVE HUMIDITY (PERCENT)
 HIGHEST    86          1200 AM
 LOWEST     45           400 PM
 AVERAGE    66

..........................................................


THE BLACKSBURG VA CLIMATE NORMALS FOR TOMORROW
                         NORMAL    RECORD    YEAR
 MAXIMUM TEMPERATURE (F)   65        80      1953
 MINIMUM TEMPERATURE (F)   38        22      1970


SUNRISE AND SUNSET
OCTOBER 17 2019.......SUNRISE   731 AM EDT   SUNSET   642 PM EDT
OCTOBER 18 2019.......SUNRISE   732 AM EDT   SUNSET   641 PM EDT


-  INDICATES NEGATIVE NUMBERS.
R  INDICATES RECORD WAS SET OR TIED.
MM INDICATES DATA IS MISSING.
T  INDICATES TRACE AMOUNT.




$$
