000
CDUS41 KRNK 112142
CLIROA

CLIMATE REPORT
NATIONAL WEATHER SERVICE BLACKSBURG, VA
542 PM EDT TUE AUG 11 2020

...................................

...THE ROANOKE VA CLIMATE SUMMARY FOR AUGUST 11 2020...
VALID TODAY AS OF 0500 PM LOCAL TIME.

CLIMATE NORMAL PERIOD: 1981 TO 2010
CLIMATE RECORD PERIOD: 1912 TO 2020


WEATHER ITEM   OBSERVED TIME   RECORD YEAR NORMAL DEPARTURE LAST
                VALUE   (LST)  VALUE       VALUE  FROM      YEAR
                                                  NORMAL
...................................................................
TEMPERATURE (F)
 TODAY
  MAXIMUM         91   1:28 PM  99    1926  87      4       85
  MINIMUM         70   5:58 AM  52    1962  66      4       60
  AVERAGE         81                        76      5       73

PRECIPITATION (IN)
  TODAY            0.00          3.16 1984   0.10  -0.10     0.00
  MONTH TO DATE    0.30                      1.27  -0.97     0.26
  SINCE JUN 1     11.55                      9.14   2.41    10.49
  SINCE JAN 1     39.41                     25.84  13.57    27.83

SNOWFALL (IN)
  TODAY            0.0
  MONTH TO DATE    0.0
  SINCE JUN 1      0.0
  SINCE JUL 1      0.0
  SNOW DEPTH       0

DEGREE DAYS
 HEATING
  TODAY            0                         0      0        0
  MONTH TO DATE    0                         0      0        0
  SINCE JUN 1     15                        11      4        0
  SINCE JUL 1      0                         0      0        0

 COOLING
  TODAY           16                        11      5        8
  MONTH TO DATE  146                       123     23      137
  SINCE JUN 1    954                       730    224      841
  SINCE JAN 1   1071                       846    225     1120
...................................................................


WIND (MPH)
  RESULTANT WIND SPEED   1   RESULTANT WIND DIRECTION  SE (140)
  HIGHEST WIND SPEED    20   HIGHEST WIND DIRECTION    SE (130)
  HIGHEST GUST SPEED    24   HIGHEST GUST DIRECTION    SE (120)
  AVERAGE WIND SPEED     2.6


SKY COVER
  AVERAGE SKY COVER 0.3


WEATHER CONDITIONS
THE FOLLOWING WEATHER WAS RECORDED TODAY.
  THUNDERSTORM


RELATIVE HUMIDITY (PERCENT)
 HIGHEST    93           5:00 AM
 LOWEST     51          12:00 PM
 AVERAGE    72

..........................................................


THE ROANOKE VA CLIMATE NORMALS FOR TOMORROW
                         NORMAL    RECORD    YEAR
 MAXIMUM TEMPERATURE (F)   86        96      1944
                                             1977
                                             2010
 MINIMUM TEMPERATURE (F)   66        51      1930


SUNRISE AND SUNSET
AUGUST 11 2020........SUNRISE   6:33 AM EDT   SUNSET   8:16 PM EDT
AUGUST 12 2020........SUNRISE   6:34 AM EDT   SUNSET   8:15 PM EDT


-  INDICATES NEGATIVE NUMBERS.
R  INDICATES RECORD WAS SET OR TIED.
MM INDICATES DATA IS MISSING.
T  INDICATES TRACE AMOUNT.




$$
