000
CDUS41 KRNK 162120
CLIROA


CLIMATE REPORT
NATIONAL WEATHER SERVICE BLACKSBURG VA
519 PM EDT WED OCT 16 2019


...................................

...THE ROANOKE VA CLIMATE SUMMARY FOR OCTOBER 16 2019...
VALID TODAY AS OF 0500 PM LOCAL TIME.

CLIMATE NORMAL PERIOD 1981 TO 2010
CLIMATE RECORD PERIOD 1912 TO 2019


WEATHER ITEM   OBSERVED TIME   RECORD YEAR NORMAL DEPARTURE LAST
                VALUE   (LST)  VALUE       VALUE  FROM      YEAR
                                                  NORMAL
..................................................................
TEMPERATURE (F)
 TODAY
  MAXIMUM         64    155 PM  85    1930  69     -5       68
  MINIMUM         51    930 AM  27    1939  46      5       58
  AVERAGE         58                        58      0       63

PRECIPITATION (IN)
  TODAY            0.97          5.13 1936   0.09   0.88     0.06
  MONTH TO DATE    1.60                      1.46   0.14     3.96
  SINCE SEP 1      2.96                      5.35  -2.39    13.88
  SINCE JAN 1     33.66                     33.48   0.18    50.18

SNOWFALL (IN)
  TODAY            0.0                                       0.0
  MONTH TO DATE    0.0                                       0.0
  SINCE SEP 1      0.0                                       0.0
  SINCE JUL 1      T                                         0.0
  SNOW DEPTH       0

DEGREE DAYS
 HEATING
  TODAY            7                         8     -1        2
  MONTH TO DATE   36                        99    -63       35
  SINCE SEP 1     37                       147   -110       41
  SINCE JUL 1     37                       148   -111       41

 COOLING
  TODAY            0                         1     -1        0
  MONTH TO DATE   73                        18     55      100
  SINCE SEP 1    394                       157    237      367
  SINCE JAN 1   1757                      1204    553     1681
..................................................................


WIND (MPH)
  HIGHEST WIND SPEED    23   HIGHEST WIND DIRECTION     W (280)
  HIGHEST GUST SPEED    32   HIGHEST GUST DIRECTION     W (280)
  AVERAGE WIND SPEED     4.1


SKY COVER
  AVERAGE SKY COVER 0.9


WEATHER CONDITIONS
 THE FOLLOWING WEATHER WAS RECORDED TODAY.
  HEAVY RAIN
  RAIN
  LIGHT RAIN
  FOG


RELATIVE HUMIDITY (PERCENT)
 HIGHEST   100          1000 AM
 LOWEST     52           300 PM
 AVERAGE    76

..........................................................


THE ROANOKE VA CLIMATE NORMALS FOR TOMORROW
                         NORMAL    RECORD    YEAR
 MAXIMUM TEMPERATURE (F)   69        86      1938
 MINIMUM TEMPERATURE (F)   46        30      1937


SUNRISE AND SUNSET
OCTOBER 16 2019.......SUNRISE   729 AM EDT   SUNSET   642 PM EDT
OCTOBER 17 2019.......SUNRISE   729 AM EDT   SUNSET   640 PM EDT


-  INDICATES NEGATIVE NUMBERS.
R  INDICATES RECORD WAS SET OR TIED.
MM INDICATES DATA IS MISSING.
T  INDICATES TRACE AMOUNT.




$$
