000
CXUS51 KRNK 022347
CLMBLF


CLIMATE REPORT
NATIONAL WEATHER SERVICE BLACKSBURG VA
734 PM EDT WED OCT 2 2019

...................................

...THE BLUEFIELD WV CLIMATE SUMMARY FOR THE MONTH OF SEPTEMBER 2019...

CLIMATE NORMAL PERIOD 1981 TO 2010
CLIMATE RECORD PERIOD 1909 TO 2019

WEATHER         OBSERVED          NORMAL  DEPART  LAST YEAR`S
                 VALUE   DATE(S)  VALUE   FROM    VALUE
                                          NORMAL
.............................................................
TEMPERATURE (F)
RECORD
 HIGH              99   09/11/2019
 LOW               30   09/24/1989
HIGHEST            92   09/12                         84
LOWEST             49   09/20                         53
AVG. MAXIMUM     81.5              74.6     6.9     75.3
AVG. MINIMUM     59.6              57.1     2.5     61.7
MEAN             70.6              65.8     4.8     68.5
DAYS MAX >= 90      2               0.3     1.7        0
DAYS MAX <= 32      0               0.0     0.0        0
DAYS MIN <= 32      0               0.0     0.0        0
DAYS MIN <= 0       0               0.0     0.0        0

PRECIPITATION (INCHES)
RECORD
 MAXIMUM        10.25   2018
 MINIMUM         0.37   2005
TOTALS           1.07              3.14   -2.07    10.25
DAILY AVG.       0.04              0.10   -0.06     0.34
DAYS >= .01         5               9.4    -4.4       19
DAYS >= .10         2               5.5    -3.5       11
DAYS >= .50         1               2.1    -1.1        9
DAYS >= 1.00        0               0.7    -0.7        4
GREATEST
 24 HR. TOTAL    0.70                               1.95

SNOWFALL (INCHES)
TOTALS            0.0                                0.0
DAYS >= TRACE       0                                  0
DAYS >= 1.0         0                                  0
GREATEST
 24 HR TOTAL      0.0                                0.0

DEGREE_DAYS
HEATING TOTAL       7                73     -66       15
COOLING TOTAL     182                98      84      129
..............................................................

WIND (MPH)
AVERAGE WIND SPEED              4.6
HIGHEST WIND SPEED/DIRECTION    29/360    DATE  09/28
HIGHEST GUST SPEED/DIRECTION    41/010    DATE  09/28

SKY COVER
AVERAGE SKY COVER           0.30

AVERAGE RH (PERCENT)     66

WEATHER CONDITIONS. NUMBER OF DAYS WITH:
THUNDERSTORM              3     MIXED PRECIP                 0
HEAVY RAIN                2     RAIN                         2
LIGHT RAIN                7     FREEZING RAIN                0
LIGHT FREEZING RAIN       0     HAIL                         0
HEAVY SNOW                0     SNOW                         0
LIGHT SNOW                0     SLEET                        0
FOG                       6     FOG W/VIS <= 1/4 MILE        1
HAZE                      0

-  INDICATES NEGATIVE NUMBERS.
R  INDICATES RECORD WAS SET OR TIED.
MM INDICATES DATA IS MISSING.
T  INDICATES TRACE AMOUNT.

$$

PW
