000
CXUS51 KRNK 010722
CLMBLF

CLIMATE REPORT
NATIONAL WEATHER SERVICE BLACKSBURG, VA
322 AM EDT SAT AUG 01 2020

...................................

...THE BLUEFIELD WV CLIMATE SUMMARY FOR THE MONTH OF JULY 2020...

CLIMATE NORMAL PERIOD: 1981 TO 2010
CLIMATE RECORD PERIOD: 1909 TO 2020

WEATHER         OBSERVED          NORMAL  DEPART   LAST YEAR`S
                VALUE   DATE(S)   VALUE   FROM     VALUE
                                          NORMAL
..............................................................
TEMPERATURE (F)
RECORD
 HIGH             99   07/28/1952
 LOW              38   07/03/1918
HIGHEST           87   07/21                          87
LOWEST            57   07/13                          52
AVG. MAXIMUM    81.5               81.3     0.2     80.2
AVG. MINIMUM    63.7               64.6    -0.9     63.2
MEAN            72.6               73.0    -0.4     71.7
DAYS MAX >= 90     0                1.1    -1.1        0
DAYS MAX <= 32     0                0.0     0.0        0
DAYS MIN <= 32     0                0.0     0.0        0
DAYS MIN <= 0      0                0.0     0.0        0

PRECIPITATION (INCHES)
RECORD
 MAXIMUM       10.24   1980
 MINIMUM        0.97   1995
TOTALS          4.04               4.17   -0.13     3.01
DAYS >= .01        8               13.0    -5.0        8
DAYS >= .10        5                8.1    -3.1        6
DAYS >= .50        3                2.7     0.3        3
DAYS >= 1.00       1                1.0     0.0        0
GREATEST
 24 HR. TOTAL   2.18                                0.92

SNOWFALL (INCHES)
TOTALS           0.0                                 0.0
DAYS >= TRACE      0                                   0
DAYS >= 1.0        0                                   0
GREATEST
 24 HR TOTAL     0.0                                 0.0

DEGREE DAYS
HEATING TOTAL      0                  2      -2        5
COOLING TOTAL    245                248      -3      207
..............................................................

WIND (MPH)
AVERAGE WIND SPEED              4.6
RESULTANT WIND SPEED/DIRECTION   2/260
HIGHEST WIND SPEED/DIRECTION    21/300    DATE  07/23
HIGHEST GUST SPEED/DIRECTION    29/290    DATE  07/23

SKY COVER
AVERAGE SKY COVER           0.29

AVERAGE RH (PERCENT)     77

WEATHER CONDITIONS. NUMBER OF DAYS WITH
THUNDERSTORM             10     MIXED PRECIP               0
HEAVY RAIN                6     RAIN                       5
LIGHT RAIN               17     FREEZING RAIN              0
LT FREEZING RAIN          0     HAIL                       0
HEAVY SNOW                0     SNOW                       0
LIGHT SNOW                0     SLEET                      0
FOG                       9     FOG W/VIS <= 1/4 MILE      1
HAZE                      0

-  INDICATES NEGATIVE NUMBERS.
R  INDICATES RECORD WAS SET OR TIED.
MM INDICATES DATA IS MISSING.
T  INDICATES TRACE AMOUNT.

$$
