000
CXUS51 KRNK 010539
CLMBLF

CLIMATE REPORT
NATIONAL WEATHER SERVICE BLACKSBURG, VA
1239 AM EST WED DEC 01 2021

...................................

...THE BLUEFIELD WV CLIMATE SUMMARY FOR THE MONTH OF NOVEMBER 2021...

CLIMATE NORMAL PERIOD: 1991 TO 2020
CLIMATE RECORD PERIOD: 1909 TO 2021

WEATHER         OBSERVED          NORMAL  DEPART   LAST YEAR`S
                VALUE   DATE(S)   VALUE   FROM     VALUE
                                          NORMAL
..............................................................
TEMPERATURE (F)
RECORD
 HIGH             81   11/14/1993
 LOW               6   11/13/2019
HIGHEST           70   11/09                          71
LOWEST            19   11/23                          23
                       11/27
AVG. MAXIMUM    50.3               52.2    -1.9     57.4
AVG. MINIMUM    30.8               34.7    -3.9     38.5
MEAN            40.6               43.5    -2.9     48.0
DAYS MAX >= 90     0                0.0     0.0        0
DAYS MAX <= 32     0                1.0    -1.0        0
DAYS MIN <= 32    20               11.3     8.7       10
DAYS MIN <= 0      0                0.0     0.0        0

PRECIPITATION (INCHES)
RECORD
 MAXIMUM        5.63   1985
 MINIMUM        0.46   2001
TOTALS          1.14               2.55   -1.41     2.54
DAYS >= .01       11               10.5     0.5        7
DAYS >= .10        8                5.6     2.4        4
DAYS >= .50        0                1.5    -1.5        1
DAYS >= 1.00       0                0.4    -0.4        1
GREATEST
 24 HR. TOTAL   0.30                                1.60

SNOWFALL (INCHES)
TOTALS           0.1                1.4    -1.3      0.2
DAYS >= TRACE      4                                   4
DAYS >= 1.0        0                                   0
GREATEST
 24 HR TOTAL      MM                                  MM

DEGREE DAYS
HEATING TOTAL    727                647      80      502
COOLING TOTAL      0                  1      -1        0
..............................................................

WIND (MPH)
AVERAGE WIND SPEED              7.2
RESULTANT WIND SPEED/DIRECTION   5/270
HIGHEST WIND SPEED/DIRECTION    25/240    DATE  11/18
HIGHEST GUST SPEED/DIRECTION    39/170    DATE  11/11

SKY COVER
AVERAGE SKY COVER           0.31

AVERAGE RH (PERCENT)     61

WEATHER CONDITIONS. NUMBER OF DAYS WITH
THUNDERSTORM              0     MIXED PRECIP               0
HEAVY RAIN                0     RAIN                       3
LIGHT RAIN               10     FREEZING RAIN              0
LT FREEZING RAIN          0     HAIL                       0
HEAVY SNOW                0     SNOW                       0
LIGHT SNOW                4     SLEET                      0
FOG                      10     FOG W/VIS <= 1/4 MILE      2
HAZE                      0

-  INDICATES NEGATIVE NUMBERS.
R  INDICATES RECORD WAS SET OR TIED.
MM INDICATES DATA IS MISSING.
T  INDICATES TRACE AMOUNT.

$$
