000
CXUS51 KRNK 022347
CLMDAN


CLIMATE REPORT
NATIONAL WEATHER SERVICE BLACKSBURG VA
734 PM EDT WED OCT 2 2019

...................................

...THE DANVILLE VA CLIMATE SUMMARY FOR THE MONTH OF SEPTEMBER 2019...

CLIMATE NORMAL PERIOD 1981 TO 2010
CLIMATE RECORD PERIOD 1916 TO 2019

WEATHER         OBSERVED          NORMAL  DEPART  LAST YEAR`S
                 VALUE   DATE(S)  VALUE   FROM    VALUE
                                          NORMAL
.............................................................
TEMPERATURE (F)
RECORD
 HIGH             104   09/06/1954
 LOW               34   09/30/1951
HIGHEST            98   09/12                         92
LOWEST             45   09/20                         58
AVG. MAXIMUM     88.8              79.8     9.0     82.3
AVG. MINIMUM     63.0              60.1     2.9     66.5
MEAN             75.9              69.9     6.0     74.4
DAYS MAX >= 90     15               2.4    12.6        5
DAYS MAX <= 32      0               0.0     0.0        0
DAYS MIN <= 32      0               0.0     0.0        0
DAYS MIN <= 0       0               0.0     0.0        0

PRECIPITATION (INCHES)
RECORD
 MAXIMUM        14.64   1996
 MINIMUM         0.04   2019
TOTALS           0.04R             3.96   -3.92     9.64
DAILY AVG.       0.00              0.13   -0.13     0.32
DAYS >= .01         3               8.2    -5.2       12
DAYS >= .10         0               5.2    -5.2       10
DAYS >= .50         0               2.4    -2.4        6
DAYS >= 1.00        0               1.3    -1.3        4
GREATEST
 24 HR. TOTAL    0.02                               2.09

SNOWFALL (INCHES)
TOTALS            0.0                                0.0
DAYS >= TRACE       0                                  0
DAYS >= 1.0         0                                  0
GREATEST
 24 HR TOTAL      0.0                                0.0

DEGREE_DAYS
HEATING TOTAL       4                28     -24        1
COOLING TOTAL     338               176     162      290
..............................................................

WIND (MPH)
AVERAGE WIND SPEED              3.9
HIGHEST WIND SPEED/DIRECTION    23/030    DATE  09/05
HIGHEST GUST SPEED/DIRECTION    31/030    DATE  09/05

SKY COVER
AVERAGE SKY COVER           0.30

AVERAGE RH (PERCENT)     68

WEATHER CONDITIONS. NUMBER OF DAYS WITH:
THUNDERSTORM              1     MIXED PRECIP                 0
HEAVY RAIN                0     RAIN                         0
LIGHT RAIN                4     FREEZING RAIN                0
LIGHT FREEZING RAIN       0     HAIL                         0
HEAVY SNOW                0     SNOW                         0
LIGHT SNOW                0     SLEET                        0
FOG                       9     FOG W/VIS <= 1/4 MILE        1
HAZE                      0

-  INDICATES NEGATIVE NUMBERS.
R  INDICATES RECORD WAS SET OR TIED.
MM INDICATES DATA IS MISSING.
T  INDICATES TRACE AMOUNT.

$$

PW
