000
CXUS51 KRNK 010539
CLMDAN

CLIMATE REPORT
NATIONAL WEATHER SERVICE BLACKSBURG, VA
1239 AM EST WED DEC 01 2021

...................................

...THE DANVILLE VA CLIMATE SUMMARY FOR THE MONTH OF NOVEMBER 2021...

CLIMATE NORMAL PERIOD: 1991 TO 2020
CLIMATE RECORD PERIOD: 1916 TO 2021

WEATHER         OBSERVED          NORMAL  DEPART   LAST YEAR`S
                VALUE   DATE(S)   VALUE   FROM     VALUE
                                          NORMAL
..............................................................
TEMPERATURE (F)
RECORD
 HIGH             87   11/01/1950
 LOW              15   11/19/2014
                       11/25/2013
                       11/25/1970
HIGHEST           79   11/09                          78
LOWEST            19   11/24                          26
AVG. MAXIMUM    60.6               60.7    -0.1     66.2
AVG. MINIMUM    31.3               35.5    -4.2     40.3
MEAN            45.9               48.1    -2.2     53.2
DAYS MAX >= 90     0                0.0     0.0        0
DAYS MAX <= 32     0                0.0     0.0        0
DAYS MIN <= 32    18               11.7     6.3        7
DAYS MIN <= 0      0                0.0     0.0        0

PRECIPITATION (INCHES)
RECORD
 MAXIMUM        8.80   2020
 MINIMUM        0.28   2001
TOTALS          0.15R              3.46   -3.31     8.80
DAYS >= .01        5                8.5    -3.5        8
DAYS >= .10        0                5.2    -5.2        6
DAYS >= .50        0                2.6    -2.6        4
DAYS >= 1.00       0                1.3    -1.3        3
GREATEST
 24 HR. TOTAL   0.06                                4.89

SNOWFALL (INCHES)
TOTALS           0.0                0.0     0.0      0.0
DAYS >= TRACE      0                                   0
DAYS >= 1.0        0                                   0
GREATEST
 24 HR TOTAL      MM                                  MM

DEGREE DAYS
HEATING TOTAL    566                508      58      354
COOLING TOTAL      0                  2      -2        8
..............................................................

WIND (MPH)
AVERAGE WIND SPEED              4.9
RESULTANT WIND SPEED/DIRECTION   2/300
HIGHEST WIND SPEED/DIRECTION    23/330    DATE  11/18
HIGHEST GUST SPEED/DIRECTION    31/320    DATE  11/18

SKY COVER
AVERAGE SKY COVER           0.19

AVERAGE RH (PERCENT)     57

WEATHER CONDITIONS. NUMBER OF DAYS WITH
THUNDERSTORM              0     MIXED PRECIP               0
HEAVY RAIN                0     RAIN                       0
LIGHT RAIN                9     FREEZING RAIN              0
LT FREEZING RAIN          0     HAIL                       0
HEAVY SNOW                0     SNOW                       0
LIGHT SNOW                0     SLEET                      0
FOG                       1     FOG W/VIS <= 1/4 MILE      0
HAZE                      0

-  INDICATES NEGATIVE NUMBERS.
R  INDICATES RECORD WAS SET OR TIED.
MM INDICATES DATA IS MISSING.
T  INDICATES TRACE AMOUNT.

$$
