000
CXUS51 KRNK 010722
CLMDAN

CLIMATE REPORT
NATIONAL WEATHER SERVICE BLACKSBURG, VA
322 AM EDT SAT AUG 01 2020

...................................

...THE DANVILLE VA CLIMATE SUMMARY FOR THE MONTH OF JULY 2020...

CLIMATE NORMAL PERIOD: 1981 TO 2010
CLIMATE RECORD PERIOD: 1916 TO 2020

WEATHER         OBSERVED          NORMAL  DEPART   LAST YEAR`S
                VALUE   DATE(S)   VALUE   FROM     VALUE
                                          NORMAL
..............................................................
TEMPERATURE (F)
RECORD
 HIGH            105   07/10/1990
                       07/14/1954
 LOW              50   07/22/1974
                       07/11/1963
                       07/27/1962
HIGHEST           95   07/20                          98
                       07/21
                       07/27
LOWEST            63   07/12                          60
AVG. MAXIMUM    91.7               88.0     3.7     90.3
AVG. MINIMUM    69.9               68.6     1.3     67.9
MEAN            80.8               78.3     2.5     79.1
DAYS MAX >= 90    25               11.5    13.5       22
DAYS MAX <= 32     0                0.0     0.0        0
DAYS MIN <= 32     0                0.0     0.0        0
DAYS MIN <= 0      0                0.0     0.0        0

PRECIPITATION (INCHES)
RECORD
 MAXIMUM       11.50   2013
 MINIMUM        0.70   1957
TOTALS          5.74               4.59    1.15     4.78
DAYS >= .01       10               10.8    -0.8        9
DAYS >= .10        9                7.4     1.6        7
DAYS >= .50        4                3.4     0.6        2
DAYS >= 1.00       2                1.2     0.8        2
GREATEST
 24 HR. TOTAL   1.34                                1.74

SNOWFALL (INCHES)
TOTALS           0.0                                 0.0
DAYS >= TRACE      0                                   0
DAYS >= 1.0        0                                   0
GREATEST
 24 HR TOTAL     0.0                                 0.0

DEGREE DAYS
HEATING TOTAL      0                  0       0        0
COOLING TOTAL    498                412      86      442
..............................................................

WIND (MPH)
AVERAGE WIND SPEED              3.5
RESULTANT WIND SPEED/DIRECTION   1/210
HIGHEST WIND SPEED/DIRECTION    28/330    DATE  07/28
HIGHEST GUST SPEED/DIRECTION    39/020    DATE  07/17

SKY COVER
AVERAGE SKY COVER           0.17

AVERAGE RH (PERCENT)     71

WEATHER CONDITIONS. NUMBER OF DAYS WITH
THUNDERSTORM             13     MIXED PRECIP               0
HEAVY RAIN                7     RAIN                       8
LIGHT RAIN               13     FREEZING RAIN              0
LT FREEZING RAIN          0     HAIL                       0
HEAVY SNOW                0     SNOW                       0
LIGHT SNOW                0     SLEET                      0
FOG                      14     FOG W/VIS <= 1/4 MILE      0
HAZE                      0

-  INDICATES NEGATIVE NUMBERS.
R  INDICATES RECORD WAS SET OR TIED.
MM INDICATES DATA IS MISSING.
T  INDICATES TRACE AMOUNT.

$$
