000
CXUS51 KRNK 010539
CLMLYH

CLIMATE REPORT
NATIONAL WEATHER SERVICE BLACKSBURG, VA
1239 AM EST WED DEC 01 2021

...................................

...THE LYNCHBURG VA CLIMATE SUMMARY FOR THE MONTH OF NOVEMBER 2021...

CLIMATE NORMAL PERIOD: 1991 TO 2020
CLIMATE RECORD PERIOD: 1893 TO 2021

WEATHER         OBSERVED          NORMAL  DEPART   LAST YEAR`S
                VALUE   DATE(S)   VALUE   FROM     VALUE
                                          NORMAL
..............................................................
TEMPERATURE (F)
RECORD
 HIGH             83   11/02/2016
                       11/02/1974
                       11/01/1974
 LOW               8   11/25/1970
HIGHEST           79   11/09                          78
LOWEST            20   11/24                          25
AVG. MAXIMUM    59.2               58.2     1.0     65.7
AVG. MINIMUM    32.1               34.8    -2.7     40.9
MEAN            45.7               46.5    -0.8     53.3
DAYS MAX >= 90     0                0.0     0.0        0
DAYS MAX <= 32     0                0.0     0.0        0
DAYS MIN <= 32    16               13.0     3.0        3
DAYS MIN <= 0      0                0.0     0.0        0

PRECIPITATION (INCHES)
RECORD
 MAXIMUM        8.77   1985
 MINIMUM        0.19   1922
TOTALS          0.95               3.39   -2.44     8.51
DAYS >= .01        7                8.1    -1.1        8
DAYS >= .10        2                5.1    -3.1        5
DAYS >= .50        1                2.4    -1.4        5
DAYS >= 1.00       0                1.2    -1.2        3
GREATEST
 24 HR. TOTAL   0.73                                3.74

SNOWFALL (INCHES)
TOTALS           0.0                0.0     0.0      0.0
DAYS >= TRACE      0                                   0
DAYS >= 1.0        0                                   0
GREATEST
 24 HR TOTAL      MM                                  MM

DEGREE DAYS
HEATING TOTAL    555                556      -1      353
COOLING TOTAL      0                  1      -1       10
..............................................................

WIND (MPH)
AVERAGE WIND SPEED              4.1
RESULTANT WIND SPEED/DIRECTION   1/230
HIGHEST WIND SPEED/DIRECTION    23/200    DATE  11/18
HIGHEST GUST SPEED/DIRECTION    31/260    DATE  11/15
                                31/200          11/18

SKY COVER
AVERAGE SKY COVER           0.17

AVERAGE RH (PERCENT)     57

WEATHER CONDITIONS. NUMBER OF DAYS WITH
THUNDERSTORM              0     MIXED PRECIP               0
HEAVY RAIN                1     RAIN                       2
LIGHT RAIN                8     FREEZING RAIN              0
LT FREEZING RAIN          0     HAIL                       0
HEAVY SNOW                0     SNOW                       0
LIGHT SNOW                0     SLEET                      0
FOG                       4     FOG W/VIS <= 1/4 MILE      0
HAZE                      0

-  INDICATES NEGATIVE NUMBERS.
R  INDICATES RECORD WAS SET OR TIED.
MM INDICATES DATA IS MISSING.
T  INDICATES TRACE AMOUNT.

REMARKS:
DUE TO AN EQUIPMENT FAILURE ON NOVEMBER 4, 2021, ALL TEMPERATURE
AND HEATING DEGREE DAY INFORMATION WILL BE CALCULATED WITHOUT DATA
FROM THIS DATE.


$$
