000
CXUS51 KRNK 022347
CLMLYH


CLIMATE REPORT
NATIONAL WEATHER SERVICE BLACKSBURG VA
734 PM EDT WED OCT 2 2019

...................................

...THE LYNCHBURG VA CLIMATE SUMMARY FOR THE MONTH OF SEPTEMBER 2019...

CLIMATE NORMAL PERIOD 1981 TO 2010
CLIMATE RECORD PERIOD 1893 TO 2019

WEATHER         OBSERVED          NORMAL  DEPART  LAST YEAR`S
                 VALUE   DATE(S)  VALUE   FROM    VALUE
                                          NORMAL
.............................................................
TEMPERATURE (F)
RECORD
 HIGH             102   09/01/1932
 LOW               35   09/26/2001
                        09/29/1942
HIGHEST            97   09/11                         92
LOWEST             45   09/20                         54
AVG. MAXIMUM     87.2              78.3     8.9     80.8
AVG. MINIMUM     62.1              55.7     6.4     64.1
MEAN             74.6              67.0     7.6     72.4
DAYS MAX >= 90     11               1.9     9.1        5
DAYS MAX <= 32      0               0.0     0.0        0
DAYS MIN <= 32      0               0.0     0.0        0
DAYS MIN <= 0       0               0.0     0.0        0

PRECIPITATION (INCHES)
RECORD
 MAXIMUM        12.57   1996
 MINIMUM         0.02   1978
TOTALS           0.17              3.88   -3.71     6.77
DAILY AVG.       0.01              0.13   -0.12     0.23
DAYS >= .01         3               8.3    -5.3       16
DAYS >= .10         0               5.2    -5.2       12
DAYS >= .50         0               2.4    -2.4        6
DAYS >= 1.00        0               1.1    -1.1        2
GREATEST
 24 HR. TOTAL    0.09                               1.37

SNOWFALL (INCHES)
TOTALS            0.0                                0.0
DAYS >= TRACE       0                                  0
DAYS >= 1.0         0                                  0
GREATEST
 24 HR TOTAL      0.0                                0.0

DEGREE_DAYS
HEATING TOTAL       5                58     -53        8
COOLING TOTAL     299               118     181      239
..............................................................

WIND (MPH)
AVERAGE WIND SPEED              4.0
HIGHEST WIND SPEED/DIRECTION    20/020    DATE  09/29
HIGHEST GUST SPEED/DIRECTION    31/020    DATE  09/29

SKY COVER
AVERAGE SKY COVER           0.30

AVERAGE RH (PERCENT)     69

WEATHER CONDITIONS. NUMBER OF DAYS WITH:
THUNDERSTORM              5     MIXED PRECIP                 0
HEAVY RAIN                1     RAIN                         1
LIGHT RAIN                6     FREEZING RAIN                0
LIGHT FREEZING RAIN       0     HAIL                         0
HEAVY SNOW                0     SNOW                         0
LIGHT SNOW                0     SLEET                        0
FOG                      14     FOG W/VIS <= 1/4 MILE        2
HAZE                      0

-  INDICATES NEGATIVE NUMBERS.
R  INDICATES RECORD WAS SET OR TIED.
MM INDICATES DATA IS MISSING.
T  INDICATES TRACE AMOUNT.

$$

PW
