000
CXUS51 KRNK 010722
CLMLYH

CLIMATE REPORT
NATIONAL WEATHER SERVICE BLACKSBURG, VA
322 AM EDT SAT AUG 01 2020

...................................

...THE LYNCHBURG VA CLIMATE SUMMARY FOR THE MONTH OF JULY 2020...

CLIMATE NORMAL PERIOD: 1981 TO 2010
CLIMATE RECORD PERIOD: 1893 TO 2020

WEATHER         OBSERVED          NORMAL  DEPART   LAST YEAR`S
                VALUE   DATE(S)   VALUE   FROM     VALUE
                                          NORMAL
..............................................................
TEMPERATURE (F)
RECORD
 HIGH            106   07/10/1936
 LOW              49   07/31/1997
                       07/02/1988
HIGHEST           99   07/19                          98
                       07/20
LOWEST            62   07/12                          58
AVG. MAXIMUM    93.1               86.5     6.6     90.5
AVG. MINIMUM    69.3               64.0     5.3     66.5
MEAN            81.2               75.3     5.9     78.5
DAYS MAX >= 90    29                8.4    20.6       19
DAYS MAX <= 32     0                0.0     0.0        0
DAYS MIN <= 32     0                0.0     0.0        0
DAYS MIN <= 0      0                0.0     0.0        0

PRECIPITATION (INCHES)
RECORD
 MAXIMUM       10.30   1984
 MINIMUM        0.75   1932
TOTALS          3.74               4.36   -0.62     3.24
DAYS >= .01       10               11.7    -1.7       10
DAYS >= .10        8                7.2     0.8        5
DAYS >= .50        2                2.9    -0.9        2
DAYS >= 1.00       1                1.3    -0.3        2
GREATEST
 24 HR. TOTAL   1.33                                1.13

SNOWFALL (INCHES)
TOTALS           0.0                                 0.0
DAYS >= TRACE      0                                   0
DAYS >= 1.0        0                                   0
GREATEST
 24 HR TOTAL     0.0                                 0.0

DEGREE DAYS
HEATING TOTAL      0                  1      -1        0
COOLING TOTAL    510                318     192      425
..............................................................

WIND (MPH)
AVERAGE WIND SPEED              3.5
RESULTANT WIND SPEED/DIRECTION   1/170
HIGHEST WIND SPEED/DIRECTION    35/290    DATE  07/28
HIGHEST GUST SPEED/DIRECTION    44/290    DATE  07/28

SKY COVER
AVERAGE SKY COVER           0.23

AVERAGE RH (PERCENT)     68

WEATHER CONDITIONS. NUMBER OF DAYS WITH
THUNDERSTORM             12     MIXED PRECIP               0
HEAVY RAIN                5     RAIN                       6
LIGHT RAIN               14     FREEZING RAIN              0
LT FREEZING RAIN          0     HAIL                       0
HEAVY SNOW                0     SNOW                       0
LIGHT SNOW                0     SLEET                      0
FOG                      15     FOG W/VIS <= 1/4 MILE      2
HAZE                      0

-  INDICATES NEGATIVE NUMBERS.
R  INDICATES RECORD WAS SET OR TIED.
MM INDICATES DATA IS MISSING.
T  INDICATES TRACE AMOUNT.

$$
