000
CXUS51 KRNK 010539
CLMRNK

CLIMATE REPORT
NATIONAL WEATHER SERVICE BLACKSBURG, VA
1239 AM EST WED DEC 01 2021

...................................

...THE BLACKSBURG VA CLIMATE SUMMARY FOR THE MONTH OF NOVEMBER 2021...

CLIMATE NORMAL PERIOD: 1991 TO 2020
CLIMATE RECORD PERIOD: 1893 TO 2021

WEATHER         OBSERVED          NORMAL  DEPART   LAST YEAR`S
                VALUE   DATE(S)   VALUE   FROM     VALUE
                                          NORMAL
..............................................................
TEMPERATURE (F)
RECORD
 HIGH             82   11/01/2004
 LOW                   11/16/1908
HIGHEST           74   11/09                          73
LOWEST            18   11/24                          23
AVG. MAXIMUM    53.3               54.8    -1.5     59.7
AVG. MINIMUM    28.3               30.7    -2.4     34.8
MEAN            40.8               42.7    -1.9     47.3
DAYS MAX >= 90     0                0.0     0.0        0
DAYS MAX <= 32     0                0.4    -0.4        0
DAYS MIN <= 32    23               19.0     4.0       16
DAYS MIN <= 0      0                0.0     0.0        0

PRECIPITATION (INCHES)
RECORD
 MAXIMUM        7.84   1920
 MINIMUM        0.41   2001
TOTALS          0.96               2.85   -1.89     5.81
DAYS >= .01        6                9.0    -3.0        9
DAYS >= .10        1                5.6    -4.6        6
DAYS >= .50        1                2.1    -1.1        3
DAYS >= 1.00       0                0.5    -0.5        2
GREATEST
 24 HR. TOTAL   0.75                                3.03

SNOWFALL (INCHES)
TOTALS           0.0                0.4    -0.4        T
DAYS >= TRACE      0                                   3
DAYS >= 1.0        0                                   0
GREATEST
 24 HR TOTAL      MM                                  MM

DEGREE DAYS
HEATING TOTAL    719                668      51      530
COOLING TOTAL      0                  0       0        1
..............................................................

WIND (MPH)
AVERAGE WIND SPEED              3.4
RESULTANT WIND SPEED/DIRECTION   2/290
HIGHEST WIND SPEED/DIRECTION    24/310    DATE  11/15
HIGHEST GUST SPEED/DIRECTION    41/300    DATE  11/15

SKY COVER
AVERAGE SKY COVER           0.27

AVERAGE RH (PERCENT)     67

WEATHER CONDITIONS. NUMBER OF DAYS WITH
THUNDERSTORM              0     MIXED PRECIP               0
HEAVY RAIN                1     RAIN                       2
LIGHT RAIN               11     FREEZING RAIN              0
LT FREEZING RAIN          0     HAIL                       0
HEAVY SNOW                0     SNOW                       0
LIGHT SNOW                0     SLEET                      0
FOG                       4     FOG W/VIS <= 1/4 MILE      0
HAZE                      0

-  INDICATES NEGATIVE NUMBERS.
R  INDICATES RECORD WAS SET OR TIED.
MM INDICATES DATA IS MISSING.
T  INDICATES TRACE AMOUNT.


REMARKS:
DUE TO A TEMPERATURE SENSOR FAILURE ON OCTOBER 17, 2021, ALL
TEMPERATURE AND HEATING DEGREE DAY INFORMATION WILL BE CALCULATED
WITHOUT DATA FROM THIS DATE.

$$
