000
CXUS51 KRNK 022347
CLMRNK


CLIMATE REPORT
NATIONAL WEATHER SERVICE BLACKSBURG VA
734 PM EDT WED OCT 2 2019

...................................

...THE BLACKSBURG VA CLIMATE SUMMARY FOR THE MONTH OF SEPTEMBER 2019...

CLIMATE NORMAL PERIOD 1981 TO 2010
CLIMATE RECORD PERIOD 1952 TO 2019

WEATHER         OBSERVED          NORMAL  DEPART  LAST YEAR`S
                 VALUE   DATE(S)  VALUE   FROM    VALUE
                                          NORMAL
.............................................................
TEMPERATURE (F)
RECORD
 HIGH              96   09/02/1953
 LOW               22   09/24/1983
HIGHEST            94   09/11                         87
LOWEST             44   09/20                         53
AVG. MAXIMUM     84.8              75.3     9.5     77.1
AVG. MINIMUM     57.9              51.0     6.9     61.3
MEAN             71.3              63.1     8.2     69.2
DAYS MAX >= 90      5               0.3     4.7        0
DAYS MAX <= 32      0               0.0     0.0        0
DAYS MIN <= 32      0               0.3    -0.3        0
DAYS MIN <= 0       0               0.0     0.0        0

PRECIPITATION (INCHES)
RECORD
 MAXIMUM        10.29   1957
 MINIMUM         0.25   2005
TOTALS           1.08              3.10   -2.02     7.87
DAILY AVG.       0.04              0.10   -0.06     0.26
DAYS >= .01         6               8.9    -2.9       18
DAYS >= .10         1               5.2    -4.2       12
DAYS >= .50         1               2.3    -1.3        6
DAYS >= 1.00        0               0.9    -0.9        3
GREATEST
 24 HR. TOTAL    0.92                               1.86

SNOWFALL (INCHES)
TOTALS            0.0                                0.0
DAYS >= TRACE       0                                  0
DAYS >= 1.0         0                                  0
GREATEST
 24 HR TOTAL      0.0                                0.0

DEGREE_DAYS
HEATING TOTAL      10               113    -103       23
COOLING TOTAL     205                57     148      156
..............................................................

WIND (MPH)
AVERAGE WIND SPEED              2.7
HIGHEST WIND SPEED/DIRECTION    16/320    DATE  09/26
HIGHEST GUST SPEED/DIRECTION    24/320    DATE  09/07

SKY COVER
AVERAGE SKY COVER           0.30

AVERAGE RH (PERCENT)     72

WEATHER CONDITIONS. NUMBER OF DAYS WITH:
THUNDERSTORM              5     MIXED PRECIP                 0
HEAVY RAIN                1     RAIN                         1
LIGHT RAIN                9     FREEZING RAIN                0
LIGHT FREEZING RAIN       0     HAIL                         0
HEAVY SNOW                0     SNOW                         0
LIGHT SNOW                0     SLEET                        0
FOG                      15     FOG W/VIS <= 1/4 MILE        2
HAZE                      0

-  INDICATES NEGATIVE NUMBERS.
R  INDICATES RECORD WAS SET OR TIED.
MM INDICATES DATA IS MISSING.
T  INDICATES TRACE AMOUNT.

$$

PW
