000
CXUS51 KPHI 010915
CF6ABE
PRELIMINARY LOCAL CLIMATOLOGICAL DATA (WS FORM: F-6)
STATION: ALLENTOWN PA
MONTH: FEBRUARY
YEAR: 2022
LATITUDE: 40 39 N
LONGITUDE: 75 26 W
TEMPERATURE IN F: :PCPN: SNOW: WIND :SUNSHINE: SKY :PK WND
================================================================================
1 2 3 4 5 6A 6B 7 8 9 10 11 12 13 14 15 16 17 18
12Z AVG MX 2MIN
DY MAX MIN AVG DEP HDD CDD WTR SNW DPTH SPD SPD DIR MIN PSBL S-S WX SPD DR
================================================================================
1 38 9 24 -6 41 0 0.00 0.0 0 4.5 13 150 M M 0 17 150
2 40 18 29 -1 36 0 0.00 0.0 0 2.9 8 50 M M 7 128 13 100
3 51 36 44 14 21 0 1.22 0.0 0 3.7 13 210 M M 10 1 18 210
4 54 23 39 9 26 0 1.01 T 0 9.1 20 330 M M 10 16 26 220
5 26 14 20 -10 45 0 0.00 0.0 0 12.5 23 320 M M 4 30 310
6 33 10 22 -9 43 0 0.00 0.0 0 4.9 13 180 M M 0 20 140
7 35 22 29 -2 36 0 0.01 T 0 2.2 9 50 M M 10 1 10 110
8 38 22 30 -1 35 0 0.00 0.0 0 7.6 18 310 M M 6 12 27 300
9 50 18 34 3 31 0 0.00 0.0 0 3.5 14 180 M M 0 19 160
10 51 26 39 8 26 0 T 0.0 0 6.2 26 250 M M 4 1 35 260
11 58 20 39 7 26 0 0.00 0.0 0 6.8 21 200 M M 1 29 230
12 53 36 45 13 20 0 0.00 0.0 0 9.9 22 250 M M 2 31 260
13 37 14 26 -6 39 0 0.20 5.1 5 6.8 16 340 M M 9 1 19 340
14 23 3 13 -19 52 0 0.00 0.0 5 7.6 20 290 M M 2 25 250
15 28 1 15 -17 50 0 0.00 0.0 2 4.4 13 220 M M 0 15 210
16 46 13 30 -2 35 0 0.00 0.0 1 6.1 16 180 M M 2 21 170
17 61 33 47 14 18 0 0.48 0.0 0 9.0 25 230 M M 8 1 33 230
18 63 23 43 10 22 0 0.14 0.0 0 15.7 33 260 M M 4 1 46 260
19 40 20 30 -3 35 0 0.02 0.6 0 13.1 32 290 M M 3 12 44 310
20 37 14 26 -8 39 0 0.00 0.0 0 8.1 18 230 M M 0 21 310
21 59 19 39 5 26 0 0.00 0.0 0 2.9 9 220 M M 0 15 180
22 60 31 46 12 19 0 0.31 0.0 0 9.6 25 210 M M 8 1 35 190
23 66 32 49 15 16 0 0.00 0.0 0 11.0 30 280 M M 4 43 260
24 33 26 30 -4 35 0 T T 0 8.7 18 340 M M 6 46 25 340
25 41 27 34 -1 31 0 0.59 0.2 T 10.5 25 290 M M 8 146 35 300
26 36 23 30 -5 35 0 0.00 0.0 0 7.7 17 360 M M 3 21 350
27 48 19 34 -1 31 0 0.00 0.0 0 13.7 26 260 M M 1 36 250
28 37 22 30 -6 35 0 0.00 0.0 0 7.7 20 330 M M 2 26 330
================================================================================
SM 1242 574 904 0 3.98 5.9 216.4 M 114
================================================================================
AV 44.4 20.5 7.7 FASTST M M 4 MAX(MPH)
MISC ----> 33 260 46 260
================================================================================
NOTES:
# LAST OF SEVERAL OCCURRENCES
COLUMN 17 PEAK WIND IN M.P.H.
PRELIMINARY LOCAL CLIMATOLOGICAL DATA (WS FORM: F-6) , PAGE 2
STATION: ALLENTOWN PA
MONTH: FEBRUARY
YEAR: 2022
LATITUDE: 40 39 N
LONGITUDE: 75 26 W
[TEMPERATURE DATA] [PRECIPITATION DATA] SYMBOLS USED IN COLUMN 16
AVERAGE MONTHLY: 32.4 TOTAL FOR MONTH: 3.98 1 = FOG OR MIST
DPTR FM NORMAL: 0.0 DPTR FM NORMAL: 1.21 2 = FOG REDUCING VISIBILITY
HIGHEST: 66 ON 23 GRTST 24HR 2.07 ON 3- 4 TO 1/4 MILE OR LESS
LOWEST: 1 ON 15 3 = THUNDER
SNOW, ICE PELLETS, HAIL 4 = ICE PELLETS
TOTAL MONTH: 5.9 INCHES 5 = HAIL
GRTST 24HR 5.1 ON 13-13 6 = FREEZING RAIN OR DRIZZLE
GRTST DEPTH: 5 ON 14,13 7 = DUSTSTORM OR SANDSTORM:
VSBY 1/2 MILE OR LESS
8 = SMOKE OR HAZE
[NO. OF DAYS WITH] [WEATHER - DAYS WITH] 9 = BLOWING SNOW
X = TORNADO
MAX 32 OR BELOW: 3 0.01 INCH OR MORE: 9
MAX 90 OR ABOVE: 0 0.10 INCH OR MORE: 7
MIN 32 OR BELOW: 25 0.50 INCH OR MORE: 3
MIN 0 OR BELOW: 0 1.00 INCH OR MORE: 2
[HDD (BASE 65) ]
TOTAL THIS MO. 904 CLEAR (SCALE 0-3) 13
DPTR FM NORMAL -9 PTCLDY (SCALE 4-7) 10
TOTAL FM JUL 1 3887 CLOUDY (SCALE 8-10) 5
DPTR FM NORMAL -78
[CDD (BASE 65) ]
TOTAL THIS MO. 0
DPTR FM NORMAL 0 [PRESSURE DATA]
TOTAL FM JAN 1 0 HIGHEST SLP 30.71 ON 16
DPTR FM NORMAL 0 LOWEST SLP 29.32 ON 18
[REMARKS]
#FINAL-02-22#